190.167.100.75 - - [29/Jul/2026:06:19:04 -0600] "POST /xmlrpc.php HTTP/1.1" 200 844 "-" "Jetpack by WordPress.com"
154.159.237.237 - - [29/Jul/2026:06:19:06 -0600] "POST /xmlrpc.php HTTP/1.1" 200 844 "-" "WordPress.com; https://wordpress.com"
114.119.157.17 - - [29/Jul/2026:06:19:14 -0600] "GET /wp-content/uploads/2024/08/GOBERNADORA-CRUZ-ROJA-3.jpg-350x250.webp HTTP/1.1" 200 15760 "https://www.nuestrasnoticias.info/category/news/colima/page/269" "Mozilla/5.0 (Linux; Android 7.0;) AppleWebKit/537.36 (HTML, like Gecko) Mobile Safari/537.36 (compatible; PetalBot;+https://webmaster.petalsearch.com/site/petalbot)"
190.167.100.75 - - [29/Jul/2026:06:19:15 -0600] "POST /xmlrpc.php HTTP/1.1" 200 844 "-" "Jetpack/12.0; WordPress/6.3; http://site92482142.com"
154.159.237.237 - - [29/Jul/2026:06:19:17 -0600] "POST /xmlrpc.php HTTP/1.1" 200 844 "-" "Jetpack/13.0; WordPress/6.3; http://site65707968.com"
190.167.100.75 - - [29/Jul/2026:06:19:25 -0600] "POST /xmlrpc.php HTTP/1.1" 200 844 "-" "Jetpack/13.0; WordPress/6.4; http://site94179545.com"
154.159.237.237 - - [29/Jul/2026:06:19:27 -0600] "POST /xmlrpc.php HTTP/1.1" 200 844 "-" "WordPress.com; https://wordpress.com"
57.141.0.23 - - [29/Jul/2026:06:19:28 -0600] "GET /wp-content/uploads/2026/07/753247559_1114314560923241_9171248275906155752_n-350x250.jpeg HTTP/1.1" 200 23177 "-" "Mozilla/5.0 (Windows NT 10.0; Win64; x64) AppleWebKit/537.36 (KHTML, like Gecko) Chrome/145.0.0.0 Safari/537.36 (compatible; meta-externalagent/1.1 (+https://developers.facebook.com/docs/sharing/webmasters/crawler))"
66.249.70.8 - - [29/Jul/2026:06:19:29 -0600] "GET /270181019 HTTP/1.1" 200 23600 "-" "Mozilla/5.0 (Linux; Android 6.0.1; Nexus 5X Build/MMB29P) AppleWebKit/537.36 (KHTML, like Gecko) Chrome/150.0.7871.128 Mobile Safari/537.36 (compatible; Googlebot/2.1; +http://www.google.com/bot.html)"
216.73.216.169 - - [29/Jul/2026:06:19:32 -0600] "GET /product/038021485 HTTP/1.1" 404 21810 "-" "Mozilla/5.0 AppleWebKit/537.36 (KHTML, like Gecko; compatible; ClaudeBot/1.0; +claudebot@anthropic.com)"
216.73.216.169 - - [29/Jul/2026:06:19:34 -0600] "GET /product/030046445 HTTP/1.1" 404 21814 "-" "Mozilla/5.0 AppleWebKit/537.36 (KHTML, like Gecko; compatible; ClaudeBot/1.0; +claudebot@anthropic.com)"
216.73.216.169 - - [29/Jul/2026:06:19:35 -0600] "GET /odr/order/shoppingCartView/ HTTP/1.1" 404 21819 "-" "Mozilla/5.0 AppleWebKit/537.36 (KHTML, like Gecko; compatible; ClaudeBot/1.0; +claudebot@anthropic.com)"
216.73.216.169 - - [29/Jul/2026:06:19:35 -0600] "GET /mbr/companyInfoView/ HTTP/1.1" 404 21809 "-" "Mozilla/5.0 AppleWebKit/537.36 (KHTML, like Gecko; compatible; ClaudeBot/1.0; +claudebot@anthropic.com)"
216.73.216.169 - - [29/Jul/2026:06:19:36 -0600] "GET /kaisya/ir/index.html HTTP/1.1" 404 21817 "-" "Mozilla/5.0 AppleWebKit/537.36 (KHTML, like Gecko; compatible; ClaudeBot/1.0; +claudebot@anthropic.com)"
190.167.100.75 - - [29/Jul/2026:06:19:36 -0600] "POST /xmlrpc.php HTTP/1.1" 200 844 "-" "WordPress.com; https://wordpress.com"
216.73.216.169 - - [29/Jul/2026:06:19:36 -0600] "GET /product/214025249 HTTP/1.1" 404 21811 "-" "Mozilla/5.0 AppleWebKit/537.36 (KHTML, like Gecko; compatible; ClaudeBot/1.0; +claudebot@anthropic.com)"
154.159.237.237 - - [29/Jul/2026:06:19:38 -0600] "POST /xmlrpc.php HTTP/1.1" 200 844 "-" "Jetpack by WordPress.com (Jetpack 12.0; WordPress 6.4)"
173.252.82.30 - - [29/Jul/2026:06:19:42 -0600] "GET /wp-content/uploads/2026/03/651304774_1358690146300676_3339060538425893958_n.jpg HTTP/1.1" 200 56535 "-" "meta-externalagent/1.1 (+https://developers.facebook.com/docs/sharing/webmasters/crawler)"
190.167.100.75 - - [29/Jul/2026:06:19:47 -0600] "POST /xmlrpc.php HTTP/1.1" 200 844 "-" "WordPress.com; https://wordpress.com"
154.159.237.237 - - [29/Jul/2026:06:19:48 -0600] "POST /xmlrpc.php HTTP/1.1" 200 844 "-" "WordPress.com; https://wordpress.com"
173.252.82.18 - - [29/Jul/2026:06:19:55 -0600] "GET /wp-content/uploads/2026/05/708289719_1319923076910465_878542696489251193_n-750x536.jpeg HTTP/1.1" 200 76452 "-" "meta-externalagent/1.1 (+https://developers.facebook.com/docs/sharing/webmasters/crawler)"
190.167.100.75 - - [29/Jul/2026:06:19:58 -0600] "POST /xmlrpc.php HTTP/1.1" 200 844 "-" "Jetpack/13.0; WordPress/6.2; http://site27816304.com"
154.159.237.237 - - [29/Jul/2026:06:19:59 -0600] "POST /xmlrpc.php HTTP/1.1" 200 844 "-" "WordPress.com; https://wordpress.com"
216.73.216.169 - - [29/Jul/2026:06:20:04 -0600] "GET /f/towel/towel00/ HTTP/1.1" 404 21815 "-" "Mozilla/5.0 AppleWebKit/537.36 (KHTML, like Gecko; compatible; ClaudeBot/1.0; +claudebot@anthropic.com)"
216.73.216.169 - - [29/Jul/2026:06:20:05 -0600] "GET /f/special/shuunou/ HTTP/1.1" 404 21814 "-" "Mozilla/5.0 AppleWebKit/537.36 (KHTML, like Gecko; compatible; ClaudeBot/1.0; +claudebot@anthropic.com)"
216.73.216.169 - - [29/Jul/2026:06:20:06 -0600] "GET /f/whiteboard/whiteboard00/ HTTP/1.1" 404 21814 "-" "Mozilla/5.0 AppleWebKit/537.36 (KHTML, like Gecko; compatible; ClaudeBot/1.0; +claudebot@anthropic.com)"
216.73.216.169 - - [29/Jul/2026:06:20:07 -0600] "GET /f/batteries/batteries00/ HTTP/1.1" 404 21814 "-" "Mozilla/5.0 AppleWebKit/537.36 (KHTML, like Gecko; compatible; ClaudeBot/1.0; +claudebot@anthropic.com)"
216.73.216.169 - - [29/Jul/2026:06:20:07 -0600] "GET /product/140018713 HTTP/1.1" 404 21809 "-" "Mozilla/5.0 AppleWebKit/537.36 (KHTML, like Gecko; compatible; ClaudeBot/1.0; +claudebot@anthropic.com)"
216.73.216.169 - - [29/Jul/2026:06:20:08 -0600] "GET /ctg/search/searchByCtgView/ HTTP/1.1" 404 21817 "-" "Mozilla/5.0 AppleWebKit/537.36 (KHTML, like Gecko; compatible; ClaudeBot/1.0; +claudebot@anthropic.com)"
204.12.208.18 - - [29/Jul/2026:06:19:49 -0600] "GET /wp-content/ad99c16a/index.php HTTP/1.1" 200 35 "https://mail.nuestrasnoticias.info/wp-content/ad99c16a/index.php" "Mozilla/5.0 (Macintosh; Intel Mac OS X 10.7; rv:7.0.1) Gecko/20100101 Firefox/7.0.1"
190.167.100.75 - - [29/Jul/2026:06:20:09 -0600] "POST /xmlrpc.php HTTP/1.1" 200 844 "-" "Jetpack by WordPress.com (Jetpack 12.5; WordPress 6.1)"
154.159.237.237 - - [29/Jul/2026:06:20:10 -0600] "POST /xmlrpc.php HTTP/1.1" 200 844 "-" "Jetpack by WordPress.com"
216.73.216.169 - - [29/Jul/2026:06:20:12 -0600] "GET /iqr/inquiryInputView/?inquiryId=IQR0015 HTTP/1.1" 404 21815 "-" "Mozilla/5.0 AppleWebKit/537.36 (KHTML, like Gecko; compatible; ClaudeBot/1.0; +claudebot@anthropic.com)"
216.73.216.169 - - [29/Jul/2026:06:20:12 -0600] "GET /iqr/inquiryInputView/?inquiryId=IQR0002 HTTP/1.1" 404 21815 "-" "Mozilla/5.0 AppleWebKit/537.36 (KHTML, like Gecko; compatible; ClaudeBot/1.0; +claudebot@anthropic.com)"
216.73.216.169 - - [29/Jul/2026:06:20:13 -0600] "GET /f/footwear/slipper00/ HTTP/1.1" 404 21818 "-" "Mozilla/5.0 AppleWebKit/537.36 (KHTML, like Gecko; compatible; ClaudeBot/1.0; +claudebot@anthropic.com)"
216.73.216.169 - - [29/Jul/2026:06:20:13 -0600] "GET /?sc_e=j_as_cl_ft_n HTTP/1.1" 200 15129 "-" "Mozilla/5.0 AppleWebKit/537.36 (KHTML, like Gecko; compatible; ClaudeBot/1.0; +claudebot@anthropic.com)"
216.73.216.169 - - [29/Jul/2026:06:20:14 -0600] "GET /f/cardboard/cardboard00/ HTTP/1.1" 404 21818 "-" "Mozilla/5.0 AppleWebKit/537.36 (KHTML, like Gecko; compatible; ClaudeBot/1.0; +claudebot@anthropic.com)"
216.73.216.169 - - [29/Jul/2026:06:20:14 -0600] "GET /f/special/hakui/ HTTP/1.1" 404 21814 "-" "Mozilla/5.0 AppleWebKit/537.36 (KHTML, like Gecko; compatible; ClaudeBot/1.0; +claudebot@anthropic.com)"
190.167.100.75 - - [29/Jul/2026:06:20:20 -0600] "POST /xmlrpc.php HTTP/1.1" 200 844 "-" "WordPress.com; https://wordpress.com"
154.159.237.237 - - [29/Jul/2026:06:20:20 -0600] "POST /xmlrpc.php HTTP/1.1" 200 844 "-" "WordPress.com; https://wordpress.com"
216.73.216.169 - - [29/Jul/2026:06:20:30 -0600] "GET /products/neighbor/j038021496 HTTP/1.1" 404 21824 "-" "Mozilla/5.0 AppleWebKit/537.36 (KHTML, like Gecko; compatible; ClaudeBot/1.0; +claudebot@anthropic.com)"
190.167.100.75 - - [29/Jul/2026:06:20:30 -0600] "POST /xmlrpc.php HTTP/1.1" 200 844 "-" "WordPress.com; https://wordpress.com"
216.73.216.169 - - [29/Jul/2026:06:20:30 -0600] "GET /products/oven/t038020464 HTTP/1.1" 404 21827 "-" "Mozilla/5.0 AppleWebKit/537.36 (KHTML, like Gecko; compatible; ClaudeBot/1.0; +claudebot@anthropic.com)"
154.159.237.237 - - [29/Jul/2026:06:20:31 -0600] "POST /xmlrpc.php HTTP/1.1" 200 844 "-" "Jetpack/12.1; WordPress/6.3; http://site36232704.com"
216.73.216.169 - - [29/Jul/2026:06:20:31 -0600] "GET /products/patient/b052040748 HTTP/1.1" 404 21822 "-" "Mozilla/5.0 AppleWebKit/537.36 (KHTML, like Gecko; compatible; ClaudeBot/1.0; +claudebot@anthropic.com)"
216.73.216.169 - - [29/Jul/2026:06:20:31 -0600] "GET /shopping/?sc_e=shp_askul HTTP/1.1" 404 21803 "-" "Mozilla/5.0 AppleWebKit/537.36 (KHTML, like Gecko; compatible; ClaudeBot/1.0; +claudebot@anthropic.com)"
216.73.216.169 - - [29/Jul/2026:06:20:32 -0600] "GET /sf/new_products/00/0/ HTTP/1.1" 404 21816 "-" "Mozilla/5.0 AppleWebKit/537.36 (KHTML, like Gecko; compatible; ClaudeBot/1.0; +claudebot@anthropic.com)"
216.73.216.169 - - [29/Jul/2026:06:20:32 -0600] "GET /odr/coupon/couponListView?target=2 HTTP/1.1" 404 21819 "-" "Mozilla/5.0 AppleWebKit/537.36 (KHTML, like Gecko; compatible; ClaudeBot/1.0; +claudebot@anthropic.com)"
114.119.154.161 - - [29/Jul/2026:06:20:37 -0600] "GET /wp-content/uploads/2024/08/6cf0dca1-8f72-4426-b9bf-df33fe4a4299.jpg-350x250.webp HTTP/1.1" 200 10782 "https://www.nuestrasnoticias.info/category/news/colima/page/267/" "Mozilla/5.0 (Linux; Android 7.0;) AppleWebKit/537.36 (HTML, like Gecko) Mobile Safari/537.36 (compatible; PetalBot;+https://webmaster.petalsearch.com/site/petalbot)"
190.167.100.75 - - [29/Jul/2026:06:20:41 -0600] "POST /xmlrpc.php HTTP/1.1" 200 844 "-" "WordPress.com; https://wordpress.com"
154.159.237.237 - - [29/Jul/2026:06:20:42 -0600] "POST /xmlrpc.php HTTP/1.1" 200 844 "-" "Jetpack/12.0; WordPress/6.2; http://site85244609.com"
216.73.216.169 - - [29/Jul/2026:06:20:48 -0600] "GET /sf/bigsale/00/0/?sc_i=cp_ta_b_head_seasonicon_earlysummer HTTP/1.1" 404 21814 "-" "Mozilla/5.0 AppleWebKit/537.36 (KHTML, like Gecko; compatible; ClaudeBot/1.0; +claudebot@anthropic.com)"
216.73.216.169 - - [29/Jul/2026:06:20:48 -0600] "GET /f/campaign/mailmagacp/?sc_i=cp_ft_b_mlcp_syoukai HTTP/1.1" 404 21814 "-" "Mozilla/5.0 AppleWebKit/537.36 (KHTML, like Gecko; compatible; ClaudeBot/1.0; +claudebot@anthropic.com)"
216.73.216.169 - - [29/Jul/2026:06:20:49 -0600] "GET /lksearch/?supplierCd=S109191&supplierSubCd=770 HTTP/1.1" 404 21802 "-" "Mozilla/5.0 AppleWebKit/537.36 (KHTML, like Gecko; compatible; ClaudeBot/1.0; +claudebot@anthropic.com)"
216.73.216.169 - - [29/Jul/2026:06:20:49 -0600] "GET /ctg/search/similarImageSearchResultView/?ctgItemCd=37834400 HTTP/1.1" 404 21821 "-" "Mozilla/5.0 AppleWebKit/537.36 (KHTML, like Gecko; compatible; ClaudeBot/1.0; +claudebot@anthropic.com)"
216.73.216.169 - - [29/Jul/2026:06:20:50 -0600] "GET /f/special/adult_diapers/ HTTP/1.1" 404 21820 "-" "Mozilla/5.0 AppleWebKit/537.36 (KHTML, like Gecko; compatible; ClaudeBot/1.0; +claudebot@anthropic.com)"
216.73.216.169 - - [29/Jul/2026:06:20:50 -0600] "GET /odr/coupon/couponListView?target=1 HTTP/1.1" 404 21819 "-" "Mozilla/5.0 AppleWebKit/537.36 (KHTML, like Gecko; compatible; ClaudeBot/1.0; +claudebot@anthropic.com)"
154.159.237.237 - - [29/Jul/2026:06:20:52 -0600] "POST /xmlrpc.php HTTP/1.1" 200 844 "-" "Jetpack by WordPress.com (Jetpack 12.0; WordPress 6.3)"
190.167.100.75 - - [29/Jul/2026:06:20:52 -0600] "POST /xmlrpc.php HTTP/1.1" 200 844 "-" "WordPress.com; https://wordpress.com"
204.12.208.18 - - [29/Jul/2026:06:19:29 -0600] "GET /wp-content/ad99c16a/index.php HTTP/1.1" 200 20 "https://mail.nuestrasnoticias.info/wp-content/ad99c16a/index.php" "Mozilla/4.0 (compatible; MSIE 7.0; Windows NT 5.1; SV1; .NET CLR 1.1.4322)"
154.159.237.237 - - [29/Jul/2026:06:21:03 -0600] "POST /xmlrpc.php HTTP/1.1" 200 844 "-" "WordPress.com; https://wordpress.com"
190.167.100.75 - - [29/Jul/2026:06:21:03 -0600] "POST /xmlrpc.php HTTP/1.1" 200 844 "-" "Jetpack/12.0; WordPress/6.4; http://site41467710.com"
154.159.237.237 - - [29/Jul/2026:06:21:13 -0600] "POST /xmlrpc.php HTTP/1.1" 200 844 "-" "Jetpack by WordPress.com"
190.167.100.75 - - [29/Jul/2026:06:21:14 -0600] "POST /xmlrpc.php HTTP/1.1" 200 844 "-" "WordPress.com; https://wordpress.com"
154.159.237.237 - - [29/Jul/2026:06:21:24 -0600] "POST /xmlrpc.php HTTP/1.1" 200 844 "-" "Jetpack/12.1; WordPress/6.3; http://site10114767.com"
190.167.100.75 - - [29/Jul/2026:06:21:25 -0600] "POST /xmlrpc.php HTTP/1.1" 200 844 "-" "WordPress.com; https://wordpress.com"
66.249.70.1 - - [29/Jul/2026:06:21:31 -0600] "GET /category/eventos/ HTTP/1.1" 200 23681 "-" "Mozilla/5.0 (Linux; Android 6.0.1; Nexus 5X Build/MMB29P) AppleWebKit/537.36 (KHTML, like Gecko) Chrome/150.0.7871.186 Mobile Safari/537.36 (compatible; Googlebot/2.1; +http://www.google.com/bot.html)"
154.159.237.237 - - [29/Jul/2026:06:21:34 -0600] "POST /xmlrpc.php HTTP/1.1" 200 844 "-" "WordPress.com; https://wordpress.com"
190.167.100.75 - - [29/Jul/2026:06:21:36 -0600] "POST /xmlrpc.php HTTP/1.1" 200 844 "-" "WordPress.com; https://wordpress.com"
154.159.237.237 - - [29/Jul/2026:06:21:45 -0600] "POST /xmlrpc.php HTTP/1.1" 200 844 "-" "Jetpack by WordPress.com (Jetpack 12.5; WordPress 6.2)"
190.167.100.75 - - [29/Jul/2026:06:21:47 -0600] "POST /xmlrpc.php HTTP/1.1" 200 844 "-" "Jetpack/12.1; WordPress/6.3; http://site69200484.com"
154.159.237.237 - - [29/Jul/2026:06:21:56 -0600] "POST /xmlrpc.php HTTP/1.1" 200 844 "-" "Jetpack by WordPress.com (Jetpack 12.1; WordPress 6.1)"
190.167.100.75 - - [29/Jul/2026:06:21:58 -0600] "POST /xmlrpc.php HTTP/1.1" 200 844 "-" "Jetpack/12.0; WordPress/6.4; http://site15229944.com"
114.119.135.224 - - [29/Jul/2026:06:22:01 -0600] "GET /wp-content/uploads/2024/06/c0654f59-5084-4cb3-bda9-1a81bea5a094.jpg-350x250.webp HTTP/1.1" 200 17566 "https://www.nuestrasnoticias.info/category/colima/page/310/" "Mozilla/5.0 (Linux; Android 7.0;) AppleWebKit/537.36 (HTML, like Gecko) Mobile Safari/537.36 (compatible; PetalBot;+https://webmaster.petalsearch.com/site/petalbot)"
154.159.237.237 - - [29/Jul/2026:06:22:06 -0600] "POST /xmlrpc.php HTTP/1.1" 200 844 "-" "Jetpack by WordPress.com"
190.167.100.75 - - [29/Jul/2026:06:22:08 -0600] "POST /xmlrpc.php HTTP/1.1" 200 844 "-" "WordPress.com; https://wordpress.com"
154.159.237.237 - - [29/Jul/2026:06:22:17 -0600] "POST /xmlrpc.php HTTP/1.1" 200 844 "-" "Jetpack by WordPress.com"
190.167.100.75 - - [29/Jul/2026:06:22:19 -0600] "POST /xmlrpc.php HTTP/1.1" 200 844 "-" "Jetpack by WordPress.com"
117.212.153.104 - - [29/Jul/2026:06:22:19 -0600] "POST /xmlrpc.php HTTP/1.1" 200 844 "-" "WordPress.com; https://wordpress.com"
69.197.149.50 - - [29/Jul/2026:06:20:59 -0600] "GET /wp-content/ad99c16a/index.php?id=335374$wd HTTP/1.1" 200 20 "https://mail.nuestrasnoticias.info/wp-content/ad99c16a/index.php?id=335374$wd" "Mozilla/5.0"
212.28.179.223 - - [29/Jul/2026:06:22:28 -0600] "POST /wp-cron.php?doing_wp_cron=1785327748.2001159191131591796875 HTTP/1.1" 200 20 "-" "WordPress/6.9.4; https://www.nuestrasnoticias.info"
154.159.237.237 - - [29/Jul/2026:06:22:27 -0600] "POST /xmlrpc.php HTTP/1.1" 200 844 "-" "Jetpack by WordPress.com (Jetpack 12.1; WordPress 6.1)"
117.212.153.104 - - [29/Jul/2026:06:22:30 -0600] "POST /xmlrpc.php HTTP/1.1" 200 844 "-" "Jetpack by WordPress.com (Jetpack 13.0; WordPress 6.1)"
190.167.100.75 - - [29/Jul/2026:06:22:30 -0600] "POST /xmlrpc.php HTTP/1.1" 200 844 "-" "WordPress.com; https://wordpress.com"
154.159.237.237 - - [29/Jul/2026:06:22:38 -0600] "POST /xmlrpc.php HTTP/1.1" 200 844 "-" "WordPress.com; https://wordpress.com"
117.212.153.104 - - [29/Jul/2026:06:22:40 -0600] "POST /xmlrpc.php HTTP/1.1" 200 844 "-" "Jetpack by WordPress.com"
190.167.100.75 - - [29/Jul/2026:06:22:41 -0600] "POST /xmlrpc.php HTTP/1.1" 200 844 "-" "Jetpack/12.5; WordPress/6.1; http://site10084889.com"
57.141.0.63 - - [29/Jul/2026:06:22:42 -0600] "GET /reiteran-invitacion-a-inscribir-propuestas-al-premio-estatal-ricardo-de-jesus-vazquez-lara-centeno-2025/ HTTP/1.1" 200 22078 "-" "Mozilla/5.0 (Macintosh; Intel Mac OS X 10_15_7) AppleWebKit/537.36 (KHTML, like Gecko) Chrome/145.0.0.0 Safari/537.36 (compatible; meta-externalagent/1.1 (+https://developers.facebook.com/docs/sharing/webmasters/crawler))"
66.249.70.8 - - [29/Jul/2026:06:22:44 -0600] "GET /programas-como-beca-rita-cetina-y-colibecas-evitan-que-estudiantes-abandonen-la-escuela-indira/feed/ HTTP/1.1" 200 23113 "-" "Mozilla/5.0 (Linux; Android 6.0.1; Nexus 5X Build/MMB29P) AppleWebKit/537.36 (KHTML, like Gecko) Chrome/150.0.7871.128 Mobile Safari/537.36 (compatible; Googlebot/2.1; +http://www.google.com/bot.html)"
154.159.237.237 - - [29/Jul/2026:06:22:49 -0600] "POST /xmlrpc.php HTTP/1.1" 200 844 "-" "WordPress.com; https://wordpress.com"
117.212.153.104 - - [29/Jul/2026:06:22:51 -0600] "POST /xmlrpc.php HTTP/1.1" 200 844 "-" "Jetpack/13.0; WordPress/6.4; http://site45058831.com"
190.167.100.75 - - [29/Jul/2026:06:22:56 -0600] "POST /xmlrpc.php HTTP/1.1" 200 844 "-" "Jetpack by WordPress.com (Jetpack 13.0; WordPress 6.3)"
154.159.237.237 - - [29/Jul/2026:06:22:59 -0600] "POST /xmlrpc.php HTTP/1.1" 200 844 "-" "WordPress.com; https://wordpress.com"
117.212.153.104 - - [29/Jul/2026:06:23:02 -0600] "POST /xmlrpc.php HTTP/1.1" 200 844 "-" "Jetpack by WordPress.com"
190.167.100.75 - - [29/Jul/2026:06:23:02 -0600] "POST /xmlrpc.php HTTP/1.1" 200 844 "-" "Jetpack/12.5; WordPress/6.4; http://site47838370.com"
154.159.237.237 - - [29/Jul/2026:06:23:10 -0600] "POST /xmlrpc.php HTTP/1.1" 200 844 "-" "Jetpack by WordPress.com (Jetpack 12.5; WordPress 6.1)"
117.212.153.104 - - [29/Jul/2026:06:23:12 -0600] "POST /xmlrpc.php HTTP/1.1" 200 844 "-" "WordPress.com; https://wordpress.com"
190.167.100.75 - - [29/Jul/2026:06:23:13 -0600] "POST /xmlrpc.php HTTP/1.1" 200 844 "-" "Jetpack by WordPress.com"
154.159.237.237 - - [29/Jul/2026:06:23:21 -0600] "POST /xmlrpc.php HTTP/1.1" 200 844 "-" "Jetpack by WordPress.com (Jetpack 13.0; WordPress 6.2)"
117.212.153.104 - - [29/Jul/2026:06:23:23 -0600] "POST /xmlrpc.php HTTP/1.1" 200 844 "-" "Jetpack by WordPress.com"
190.167.100.75 - - [29/Jul/2026:06:23:23 -0600] "POST /xmlrpc.php HTTP/1.1" 200 844 "-" "Jetpack by WordPress.com"
114.119.154.161 - - [29/Jul/2026:06:23:26 -0600] "GET /wp-content/uploads/2024/06/b913dc09-55bc-42be-88c8-3a4f6a6f98bb-1024x637.jpg HTTP/1.1" 404 21852 "https://www.nuestrasnoticias.info/subsecretaria-de-turismo-impartio-79-cursos-en-el-primer-semestre-de-2024/" "Mozilla/5.0 (Linux; Android 7.0;) AppleWebKit/537.36 (HTML, like Gecko) Mobile Safari/537.36 (compatible; PetalBot;+https://webmaster.petalsearch.com/site/petalbot)"
154.159.237.237 - - [29/Jul/2026:06:23:31 -0600] "POST /xmlrpc.php HTTP/1.1" 200 844 "-" "Jetpack by WordPress.com (Jetpack 12.1; WordPress 6.2)"
154.222.131.58 - - [29/Jul/2026:06:23:34 -0600] "GET /wp-content/uploads/2024/08/456417515_908961724606856_4469427922315708470_n-1.jpg-120x86.webp HTTP/1.1" 200 1956 "-" "Mozilla/5.0 (compatible; crawler)"
117.212.153.104 - - [29/Jul/2026:06:23:33 -0600] "POST /xmlrpc.php HTTP/1.1" 200 844 "-" "Jetpack by WordPress.com"
190.167.100.75 - - [29/Jul/2026:06:23:34 -0600] "POST /xmlrpc.php HTTP/1.1" 200 844 "-" "Jetpack by WordPress.com (Jetpack 12.5; WordPress 6.4)"
154.159.237.237 - - [29/Jul/2026:06:23:42 -0600] "POST /xmlrpc.php HTTP/1.1" 200 844 "-" "Jetpack/13.0; WordPress/6.2; http://site71281058.com"
117.212.153.104 - - [29/Jul/2026:06:23:44 -0600] "POST /xmlrpc.php HTTP/1.1" 200 844 "-" "WordPress.com; https://wordpress.com"
190.167.100.75 - - [29/Jul/2026:06:23:45 -0600] "POST /xmlrpc.php HTTP/1.1" 200 844 "-" "Jetpack by WordPress.com"
154.159.237.237 - - [29/Jul/2026:06:23:53 -0600] "POST /xmlrpc.php HTTP/1.1" 200 844 "-" "Jetpack by WordPress.com"
117.212.153.104 - - [29/Jul/2026:06:23:55 -0600] "POST /xmlrpc.php HTTP/1.1" 200 844 "-" "WordPress.com; https://wordpress.com"
190.167.100.75 - - [29/Jul/2026:06:23:56 -0600] "POST /xmlrpc.php HTTP/1.1" 200 844 "-" "Jetpack by WordPress.com (Jetpack 13.0; WordPress 6.4)"
98.80.130.239 - - [29/Jul/2026:06:23:58 -0600] "GET /wp-content/uploads/2026/07/759188606_1415430187300292_772346930154854232_n-120x86.jpeg HTTP/1.1" 200 4794 "-" "Mozilla/5.0 AppleWebKit/537.36 (KHTML, like Gecko; compatible; Amazonbot/0.1; +https://developer.amazon.com/support/amazonbot) Chrome/119.0.6045.214 Safari/537.36"
34.195.60.66 - - [29/Jul/2026:06:24:01 -0600] "GET /manzanillo-volvio-a-correr-por-una-gran-causa/ HTTP/1.1" 200 24937 "-" "Mozilla/5.0 AppleWebKit/537.36 (KHTML, like Gecko; compatible; Amazonbot/0.1; +https://developer.amazon.com/support/amazonbot) Chrome/119.0.6045.214 Safari/537.36"
154.159.237.237 - - [29/Jul/2026:06:24:03 -0600] "POST /xmlrpc.php HTTP/1.1" 200 844 "-" "Jetpack/13.0; WordPress/6.2; http://site16757248.com"
117.212.153.104 - - [29/Jul/2026:06:24:06 -0600] "POST /xmlrpc.php HTTP/1.1" 200 844 "-" "Jetpack by WordPress.com (Jetpack 13.0; WordPress 6.3)"
23.21.175.228 - - [29/Jul/2026:06:24:06 -0600] "GET /wp-content/uploads/2026/07/756344065_1117596607261703_3907293382795631075_n.jpg HTTP/1.1" 200 281986 "-" "Mozilla/5.0 AppleWebKit/537.36 (KHTML, like Gecko; compatible; Amazonbot/0.1; +https://developer.amazon.com/support/amazonbot) Chrome/119.0.6045.214 Safari/537.36"
52.70.209.13 - - [29/Jul/2026:06:24:06 -0600] "GET /wp-content/uploads/2025/09/b5acd35a-2392-4faa-b4d6-beeb05e3077b.jpg-360x180.webp HTTP/1.1" 200 16502 "-" "Mozilla/5.0 AppleWebKit/537.36 (KHTML, like Gecko; compatible; Amazonbot/0.1; +https://developer.amazon.com/support/amazonbot) Chrome/119.0.6045.214 Safari/537.36"
190.167.100.75 - - [29/Jul/2026:06:24:07 -0600] "POST /xmlrpc.php HTTP/1.1" 200 844 "-" "Jetpack by WordPress.com (Jetpack 13.0; WordPress 6.4)"
18.214.238.178 - - [29/Jul/2026:06:24:09 -0600] "GET /atencion-manzanillo-preven-lluvias-fuertes-tormentas-y-oleaje-elevado/ HTTP/1.1" 200 22678 "-" "Mozilla/5.0 AppleWebKit/537.36 (KHTML, like Gecko; compatible; Amazonbot/0.1; +https://developer.amazon.com/support/amazonbot) Chrome/119.0.6045.214 Safari/537.36"
34.225.24.180 - - [29/Jul/2026:06:24:10 -0600] "GET /wp-content/uploads/2026/07/758395891_1117596693928361_2163215150246450240_n.jpg HTTP/1.1" 200 193318 "-" "Mozilla/5.0 AppleWebKit/537.36 (KHTML, like Gecko; compatible; Amazonbot/0.1; +https://developer.amazon.com/support/amazonbot) Chrome/119.0.6045.214 Safari/537.36"
150.136.199.21 - - [29/Jul/2026:06:24:12 -0600] "GET / HTTP/1.1" 200 15136 "-" "Mozilla/5.0 (Macintosh; Intel Mac OS X 14_0) AppleWebKit/605.1.15 (KHTML, like Gecko) Version/17.5 Safari/605.1.15"
150.136.199.21 - - [29/Jul/2026:06:24:13 -0600] "GET /wp-json/wp/v2/posts/?page=1&per_page=100&after=2026-07-28T15:24:13&_embed HTTP/1.1" 200 314 "-" "Mozilla/5.0 (Windows NT 10.0; Win64; x64; rv:126.0) Gecko/20100101 Firefox/126.0"
154.159.237.237 - - [29/Jul/2026:06:24:14 -0600] "POST /xmlrpc.php HTTP/1.1" 200 844 "-" "Jetpack/12.5; WordPress/6.2; http://site78389491.com"
34.206.193.60 - - [29/Jul/2026:06:24:14 -0600] "GET /wp-content/uploads/2025/12/7ed0fd8d-c1c5-4c05-ad7b-9d86fe954762.jpg-150x150.webp HTTP/1.1" 200 5626 "-" "Mozilla/5.0 AppleWebKit/537.36 (KHTML, like Gecko; compatible; Amazonbot/0.1; +https://developer.amazon.com/support/amazonbot) Chrome/119.0.6045.214 Safari/537.36"
44.206.65.8 - - [29/Jul/2026:06:24:15 -0600] "GET /wp-content/uploads/2026/07/759188606_1415430187300292_772346930154854232_n.jpg HTTP/1.1" 200 69685 "-" "Mozilla/5.0 AppleWebKit/537.36 (KHTML, like Gecko; compatible; Amazonbot/0.1; +https://developer.amazon.com/support/amazonbot) Chrome/119.0.6045.214 Safari/537.36"
117.212.153.104 - - [29/Jul/2026:06:24:16 -0600] "POST /xmlrpc.php HTTP/1.1" 200 844 "-" "Jetpack/12.1; WordPress/6.3; http://site94457501.com"
150.136.199.21 - - [29/Jul/2026:06:24:13 -0600] "GET /wp-json/wp/v2/posts?order=desc&orderby=date&per_page=50&_embed HTTP/1.1" 200 78362 "-" "Mozilla/5.0 (iPad; CPU OS 17_5 like Mac OS X) AppleWebKit/605.1.15 (KHTML, like Gecko) Version/17.5 Mobile/15E148 Safari/604.1"
98.82.40.168 - - [29/Jul/2026:06:24:17 -0600] "GET /wp-content/uploads/2025/06/509305884_1030404962572949_5469203443835912804_n.jpg-150x150.webp HTTP/1.1" 200 5596 "-" "Mozilla/5.0 AppleWebKit/537.36 (KHTML, like Gecko; compatible; Amazonbot/0.1; +https://developer.amazon.com/support/amazonbot) Chrome/119.0.6045.214 Safari/537.36"
190.167.100.75 - - [29/Jul/2026:06:24:17 -0600] "POST /xmlrpc.php HTTP/1.1" 200 844 "-" "Jetpack by WordPress.com"
52.3.127.170 - - [29/Jul/2026:06:24:18 -0600] "GET /wp-content/uploads/2026/07/758841230_1117596647261699_6441703912085018673_n.jpg HTTP/1.1" 200 322428 "-" "Mozilla/5.0 AppleWebKit/537.36 (KHTML, like Gecko; compatible; Amazonbot/0.1; +https://developer.amazon.com/support/amazonbot) Chrome/119.0.6045.214 Safari/537.36"
44.195.145.102 - - [29/Jul/2026:06:24:22 -0600] "GET /wp-content/uploads/2026/07/756141205_1117596563928374_9138422303744346917_n.jpg HTTP/1.1" 200 256035 "-" "Mozilla/5.0 AppleWebKit/537.36 (KHTML, like Gecko; compatible; Amazonbot/0.1; +https://developer.amazon.com/support/amazonbot) Chrome/119.0.6045.214 Safari/537.36"
154.159.237.237 - - [29/Jul/2026:06:24:24 -0600] "POST /xmlrpc.php HTTP/1.1" 200 844 "-" "Jetpack by WordPress.com (Jetpack 12.1; WordPress 6.1)"
3.94.156.104 - - [29/Jul/2026:06:24:26 -0600] "GET /wp-content/uploads/2026/07/758426992_1117596573928373_5169425325243407217_n.jpg HTTP/1.1" 200 335321 "-" "Mozilla/5.0 AppleWebKit/537.36 (KHTML, like Gecko; compatible; Amazonbot/0.1; +https://developer.amazon.com/support/amazonbot) Chrome/119.0.6045.214 Safari/537.36"
117.212.153.104 - - [29/Jul/2026:06:24:27 -0600] "POST /xmlrpc.php HTTP/1.1" 200 844 "-" "WordPress.com; https://wordpress.com"
190.167.100.75 - - [29/Jul/2026:06:24:28 -0600] "POST /xmlrpc.php HTTP/1.1" 200 844 "-" "Jetpack by WordPress.com (Jetpack 13.0; WordPress 6.2)"
54.85.109.140 - - [29/Jul/2026:06:24:31 -0600] "GET /wp-content/uploads/2026/07/756440639_1117596730595024_8063710182804193352_n.jpg HTTP/1.1" 200 300159 "-" "Mozilla/5.0 AppleWebKit/537.36 (KHTML, like Gecko; compatible; Amazonbot/0.1; +https://developer.amazon.com/support/amazonbot) Chrome/119.0.6045.214 Safari/537.36"
35.174.141.243 - - [29/Jul/2026:06:24:34 -0600] "GET /wp-content/uploads/2026/07/756779537_1117596617261702_6328659385405903406_n.jpg HTTP/1.1" 200 280311 "-" "Mozilla/5.0 AppleWebKit/537.36 (KHTML, like Gecko; compatible; Amazonbot/0.1; +https://developer.amazon.com/support/amazonbot) Chrome/119.0.6045.214 Safari/537.36"
154.159.237.237 - - [29/Jul/2026:06:24:35 -0600] "POST /xmlrpc.php HTTP/1.1" 200 844 "-" "Jetpack/12.1; WordPress/6.1; http://site45584768.com"
117.212.153.104 - - [29/Jul/2026:06:24:38 -0600] "POST /xmlrpc.php HTTP/1.1" 200 844 "-" "Jetpack by WordPress.com"
190.167.100.75 - - [29/Jul/2026:06:24:39 -0600] "POST /xmlrpc.php HTTP/1.1" 200 844 "-" "Jetpack by WordPress.com (Jetpack 12.1; WordPress 6.4)"
154.159.237.237 - - [29/Jul/2026:06:24:45 -0600] "POST /xmlrpc.php HTTP/1.1" 200 844 "-" "WordPress.com; https://wordpress.com"
117.212.153.104 - - [29/Jul/2026:06:24:48 -0600] "POST /xmlrpc.php HTTP/1.1" 200 844 "-" "WordPress.com; https://wordpress.com"
190.167.100.75 - - [29/Jul/2026:06:24:49 -0600] "POST /xmlrpc.php HTTP/1.1" 200 844 "-" "Jetpack/12.1; WordPress/6.3; http://site19804940.com"
114.119.151.70 - - [29/Jul/2026:06:24:50 -0600] "GET /wp-content/uploads/2024/06/50177b43-e6d2-4aee-9f3d-3a87cecc6b5a-350x250.jpg HTTP/1.1" 404 21851 "https://www.nuestrasnoticias.info/author/admin/page/154/" "Mozilla/5.0 (Linux; Android 7.0;) AppleWebKit/537.36 (HTML, like Gecko) Mobile Safari/537.36 (compatible; PetalBot;+https://webmaster.petalsearch.com/site/petalbot)"
57.141.0.67 - - [29/Jul/2026:06:24:56 -0600] "GET /conectate-con-tu-ciudad-manzanillo-lanza-app-para-realizar-tramites-y-pagos-desde-tu-celular/ HTTP/1.1" 200 22493 "-" "Mozilla/5.0 (Windows NT 10.0; Win64; x64) AppleWebKit/537.36 (KHTML, like Gecko) Chrome/145.0.0.0 Safari/537.36 (compatible; meta-externalagent/1.1 (+https://developers.facebook.com/docs/sharing/webmasters/crawler))"
57.141.0.12 - - [29/Jul/2026:06:24:57 -0600] "GET /wp-content/uploads/2026/06/731137662_2075419069990661_7550075894663646246_n.jpg HTTP/1.1" 200 257235 "https://www.nuestrasnoticias.info/conectate-con-tu-ciudad-manzanillo-lanza-app-para-realizar-tramites-y-pagos-desde-tu-celular/" "Mozilla/5.0 (Windows NT 10.0; Win64; x64) AppleWebKit/537.36 (KHTML, like Gecko) Chrome/145.0.0.0 Safari/537.36 (compatible; meta-externalagent/1.1 (+https://developers.facebook.com/docs/sharing/webmasters/crawler))"
154.159.237.237 - - [29/Jul/2026:06:24:56 -0600] "POST /xmlrpc.php HTTP/1.1" 200 844 "-" "Jetpack by WordPress.com"
57.141.0.61 - - [29/Jul/2026:06:24:57 -0600] "GET /wp-content/uploads/2026/06/731137662_2075419069990661_7550075894663646246_n-750x375.jpeg HTTP/1.1" 200 39118 "https://www.nuestrasnoticias.info/conectate-con-tu-ciudad-manzanillo-lanza-app-para-realizar-tramites-y-pagos-desde-tu-celular/" "Mozilla/5.0 (Windows NT 10.0; Win64; x64) AppleWebKit/537.36 (KHTML, like Gecko) Chrome/145.0.0.0 Safari/537.36 (compatible; meta-externalagent/1.1 (+https://developers.facebook.com/docs/sharing/webmasters/crawler))"
117.212.153.104 - - [29/Jul/2026:06:24:59 -0600] "POST /xmlrpc.php HTTP/1.1" 200 844 "-" "WordPress.com; https://wordpress.com"
190.167.100.75 - - [29/Jul/2026:06:25:00 -0600] "POST /xmlrpc.php HTTP/1.1" 200 844 "-" "Jetpack by WordPress.com (Jetpack 12.5; WordPress 6.3)"
57.141.0.60 - - [29/Jul/2026:06:25:03 -0600] "GET /wp-content/uploads/2026/06/735810334_2051752578883836_2970354108583327701_n-75x75.jpeg HTTP/1.1" 200 3245 "https://www.nuestrasnoticias.info/conectate-con-tu-ciudad-manzanillo-lanza-app-para-realizar-tramites-y-pagos-desde-tu-celular/" "Mozilla/5.0 (Windows NT 10.0; Win64; x64) AppleWebKit/537.36 (KHTML, like Gecko) Chrome/145.0.0.0 Safari/537.36 (compatible; meta-externalagent/1.1 (+https://developers.facebook.com/docs/sharing/webmasters/crawler))"
57.141.0.4 - - [29/Jul/2026:06:25:03 -0600] "GET /conectate-con-tu-ciudad-manzanillo-lanza-app-para-realizar-tramites-y-pagos-desde-tu-celular/null HTTP/1.1" 404 21861 "https://www.nuestrasnoticias.info/conectate-con-tu-ciudad-manzanillo-lanza-app-para-realizar-tramites-y-pagos-desde-tu-celular/" "Mozilla/5.0 (Windows NT 10.0; Win64; x64) AppleWebKit/537.36 (KHTML, like Gecko) Chrome/145.0.0.0 Safari/537.36 (compatible; meta-externalagent/1.1 (+https://developers.facebook.com/docs/sharing/webmasters/crawler))"
154.159.237.237 - - [29/Jul/2026:06:25:07 -0600] "POST /xmlrpc.php HTTP/1.1" 200 844 "-" "WordPress.com; https://wordpress.com"
117.212.153.104 - - [29/Jul/2026:06:25:09 -0600] "POST /xmlrpc.php HTTP/1.1" 200 844 "-" "Jetpack by WordPress.com (Jetpack 12.0; WordPress 6.4)"
190.167.100.75 - - [29/Jul/2026:06:25:11 -0600] "POST /xmlrpc.php HTTP/1.1" 200 844 "-" "Jetpack by WordPress.com (Jetpack 13.0; WordPress 6.3)"
154.159.237.237 - - [29/Jul/2026:06:25:17 -0600] "POST /xmlrpc.php HTTP/1.1" 200 844 "-" "Jetpack/12.0; WordPress/6.2; http://site59285438.com"
117.212.153.104 - - [29/Jul/2026:06:25:20 -0600] "POST /xmlrpc.php HTTP/1.1" 200 844 "-" "Jetpack by WordPress.com (Jetpack 12.0; WordPress 6.1)"
190.167.100.75 - - [29/Jul/2026:06:25:21 -0600] "POST /xmlrpc.php HTTP/1.1" 200 844 "-" "Jetpack by WordPress.com"
154.159.237.237 - - [29/Jul/2026:06:25:28 -0600] "POST /xmlrpc.php HTTP/1.1" 200 844 "-" "WordPress.com; https://wordpress.com"
117.212.153.104 - - [29/Jul/2026:06:25:31 -0600] "POST /xmlrpc.php HTTP/1.1" 200 844 "-" "Jetpack by WordPress.com (Jetpack 13.0; WordPress 6.2)"
190.167.100.75 - - [29/Jul/2026:06:25:32 -0600] "POST /xmlrpc.php HTTP/1.1" 200 844 "-" "Jetpack by WordPress.com"
154.159.237.237 - - [29/Jul/2026:06:25:39 -0600] "POST /xmlrpc.php HTTP/1.1" 200 844 "-" "WordPress.com; https://wordpress.com"
117.212.153.104 - - [29/Jul/2026:06:25:41 -0600] "POST /xmlrpc.php HTTP/1.1" 200 844 "-" "WordPress.com; https://wordpress.com"
190.167.100.75 - - [29/Jul/2026:06:25:43 -0600] "POST /xmlrpc.php HTTP/1.1" 200 844 "-" "WordPress.com; https://wordpress.com"
154.159.237.237 - - [29/Jul/2026:06:25:49 -0600] "POST /xmlrpc.php HTTP/1.1" 200 844 "-" "WordPress.com; https://wordpress.com"
117.212.153.104 - - [29/Jul/2026:06:25:52 -0600] "POST /xmlrpc.php HTTP/1.1" 200 844 "-" "WordPress.com; https://wordpress.com"
190.167.100.75 - - [29/Jul/2026:06:25:54 -0600] "POST /xmlrpc.php HTTP/1.1" 200 844 "-" "Jetpack/12.0; WordPress/6.2; http://site64648292.com"
154.159.237.237 - - [29/Jul/2026:06:26:00 -0600] "POST /xmlrpc.php HTTP/1.1" 200 844 "-" "Jetpack by WordPress.com"
66.249.70.7 - - [29/Jul/2026:06:26:00 -0600] "GET /salud-colima-comparte-actividades-que-ayudan-para-prevenir-la-depresion-navidena/ HTTP/1.1" 200 23169 "-" "Mozilla/5.0 (Linux; Android 6.0.1; Nexus 5X Build/MMB29P) AppleWebKit/537.36 (KHTML, like Gecko) Chrome/150.0.7871.128 Mobile Safari/537.36 (compatible; Googlebot/2.1; +http://www.google.com/bot.html)"
117.212.153.104 - - [29/Jul/2026:06:26:03 -0600] "POST /xmlrpc.php HTTP/1.1" 200 844 "-" "Jetpack/12.0; WordPress/6.1; http://site19965145.com"
190.167.100.75 - - [29/Jul/2026:06:26:04 -0600] "POST /xmlrpc.php HTTP/1.1" 200 844 "-" "WordPress.com; https://wordpress.com"
154.159.237.237 - - [29/Jul/2026:06:26:10 -0600] "POST /xmlrpc.php HTTP/1.1" 200 844 "-" "Jetpack by WordPress.com"
114.119.135.201 - - [29/Jul/2026:06:26:13 -0600] "GET /wp-content/uploads/2024/05/b6171fc9-d1aa-4121-a9a4-1fe211f05823.jpg.webp HTTP/1.1" 200 105114 "https://www.nuestrasnoticias.info/gobernadora-atestigua-entrega-de-reconocimientos-y-preseas-a-personal-de-la-udec" "Mozilla/5.0 (Linux; Android 7.0;) AppleWebKit/537.36 (HTML, like Gecko) Mobile Safari/537.36 (compatible; PetalBot;+https://webmaster.petalsearch.com/site/petalbot)"
117.212.153.104 - - [29/Jul/2026:06:26:13 -0600] "POST /xmlrpc.php HTTP/1.1" 200 844 "-" "Jetpack by WordPress.com (Jetpack 12.5; WordPress 6.2)"
190.167.100.75 - - [29/Jul/2026:06:26:15 -0600] "POST /xmlrpc.php HTTP/1.1" 200 844 "-" "WordPress.com; https://wordpress.com"
154.159.237.237 - - [29/Jul/2026:06:26:21 -0600] "POST /xmlrpc.php HTTP/1.1" 200 844 "-" "WordPress.com; https://wordpress.com"
117.212.153.104 - - [29/Jul/2026:06:26:24 -0600] "POST /xmlrpc.php HTTP/1.1" 200 844 "-" "Jetpack/12.1; WordPress/6.2; http://site43960155.com"
190.167.100.75 - - [29/Jul/2026:06:26:26 -0600] "POST /xmlrpc.php HTTP/1.1" 200 844 "-" "Jetpack/12.0; WordPress/6.1; http://site89509956.com"
154.159.237.237 - - [29/Jul/2026:06:26:32 -0600] "POST /xmlrpc.php HTTP/1.1" 200 844 "-" "Jetpack by WordPress.com"
117.212.153.104 - - [29/Jul/2026:06:26:35 -0600] "POST /xmlrpc.php HTTP/1.1" 200 844 "-" "Jetpack by WordPress.com"
190.167.100.75 - - [29/Jul/2026:06:26:36 -0600] "POST /xmlrpc.php HTTP/1.1" 200 844 "-" "Jetpack by WordPress.com (Jetpack 12.5; WordPress 6.4)"
154.159.237.237 - - [29/Jul/2026:06:26:42 -0600] "POST /xmlrpc.php HTTP/1.1" 200 844 "-" "Jetpack/12.1; WordPress/6.3; http://site62838466.com"
84.37.249.143 - - [29/Jul/2026:06:26:43 -0600] "GET /wp-content/uploads/2026/05/698844539_1411522991017391_3051374411636932961_n-120x86.jpeg HTTP/1.1" 200 3611 "-" "Mozilla/5.0 (compatible; crawler)"
117.212.153.104 - - [29/Jul/2026:06:26:45 -0600] "POST /xmlrpc.php HTTP/1.1" 200 844 "-" "Jetpack/12.0; WordPress/6.4; http://site93202540.com"
52.167.144.147 - - [29/Jul/2026:06:26:46 -0600] "GET /wp-content/uploads/2026/05/CONOCE-EL-NUEVO-PLAN-DE-VIGILANCIA3-350x350.jpg HTTP/1.1" 200 32384 "-" "Mozilla/5.0 AppleWebKit/537.36 (KHTML, like Gecko; compatible; bingbot/2.0; +http://www.bing.com/bingbot.htm) Chrome/116.0.1938.76 Safari/537.36"
190.167.100.75 - - [29/Jul/2026:06:26:47 -0600] "POST /xmlrpc.php HTTP/1.1" 200 844 "-" "WordPress.com; https://wordpress.com"
154.159.237.237 - - [29/Jul/2026:06:26:53 -0600] "POST /xmlrpc.php HTTP/1.1" 200 844 "-" "Jetpack by WordPress.com (Jetpack 13.0; WordPress 6.2)"
117.212.153.104 - - [29/Jul/2026:06:26:56 -0600] "POST /xmlrpc.php HTTP/1.1" 200 844 "-" "Jetpack/12.5; WordPress/6.3; http://site56985770.com"
190.167.100.75 - - [29/Jul/2026:06:26:58 -0600] "POST /xmlrpc.php HTTP/1.1" 200 844 "-" "Jetpack by WordPress.com"
154.159.237.237 - - [29/Jul/2026:06:27:03 -0600] "POST /xmlrpc.php HTTP/1.1" 200 844 "-" "Jetpack by WordPress.com"
117.212.153.104 - - [29/Jul/2026:06:27:06 -0600] "POST /xmlrpc.php HTTP/1.1" 200 844 "-" "Jetpack/12.0; WordPress/6.2; http://site74437555.com"
190.167.100.75 - - [29/Jul/2026:06:27:09 -0600] "POST /xmlrpc.php HTTP/1.1" 200 844 "-" "Jetpack/12.1; WordPress/6.2; http://site35079944.com"
154.159.237.237 - - [29/Jul/2026:06:27:14 -0600] "POST /xmlrpc.php HTTP/1.1" 200 844 "-" "WordPress.com; https://wordpress.com"
20.100.173.28 - - [29/Jul/2026:06:27:15 -0600] "GET /wp-content/plugins/hellopress/wp_filemanager.php HTTP/1.1" 404 5750 "-" "-"
117.212.153.104 - - [29/Jul/2026:06:27:17 -0600] "POST /xmlrpc.php HTTP/1.1" 200 844 "-" "Jetpack by WordPress.com"
20.100.173.28 - - [29/Jul/2026:06:27:18 -0600] "GET /this_is_a_new_hello_world.php HTTP/1.1" 404 5750 "-" "-"
20.100.173.28 - - [29/Jul/2026:06:27:19 -0600] "GET /xstelth.php HTTP/1.1" 404 5750 "-" "-"
20.100.173.28 - - [29/Jul/2026:06:27:19 -0600] "GET /584062352875874akp.php HTTP/1.1" 404 5750 "-" "-"
20.100.173.28 - - [29/Jul/2026:06:27:20 -0600] "GET /newfile.php HTTP/1.1" 404 5750 "-" "-"
190.167.100.75 - - [29/Jul/2026:06:27:19 -0600] "POST /xmlrpc.php HTTP/1.1" 200 844 "-" "Jetpack by WordPress.com (Jetpack 13.0; WordPress 6.1)"
20.100.173.28 - - [29/Jul/2026:06:27:20 -0600] "GET /tBEZGQz.php HTTP/1.1" 404 5750 "-" "-"
20.100.173.28 - - [29/Jul/2026:06:27:20 -0600] "GET /phpinfo?re@=vo@ HTTP/1.1" 404 5750 "-" "-"
20.100.173.28 - - [29/Jul/2026:06:27:21 -0600] "GET /drykl.php HTTP/1.1" 404 5750 "-" "-"
20.100.173.28 - - [29/Jul/2026:06:27:21 -0600] "GET /wp-admin/css/colors/blue/ HTTP/1.1" 404 5750 "-" "-"
20.100.173.28 - - [29/Jul/2026:06:27:22 -0600] "GET /ls.php HTTP/1.1" 404 5750 "-" "-"
20.100.173.28 - - [29/Jul/2026:06:27:22 -0600] "GET /dx.php HTTP/1.1" 404 5750 "-" "-"
20.100.173.28 - - [29/Jul/2026:06:27:23 -0600] "GET /mac.php HTTP/1.1" 404 5750 "-" "-"
20.100.173.28 - - [29/Jul/2026:06:27:24 -0600] "GET /485.php HTTP/1.1" 404 5750 "-" "-"
20.100.173.28 - - [29/Jul/2026:06:27:24 -0600] "GET /gelio1.php HTTP/1.1" 404 5750 "-" "-"
20.100.173.28 - - [29/Jul/2026:06:27:25 -0600] "GET /lp6.php HTTP/1.1" 404 5750 "-" "-"
154.159.237.237 - - [29/Jul/2026:06:27:24 -0600] "POST /xmlrpc.php HTTP/1.1" 200 844 "-" "Jetpack/13.0; WordPress/6.4; http://site12365661.com"
20.100.173.28 - - [29/Jul/2026:06:27:25 -0600] "GET /wp-admin/maint/admin.php HTTP/1.1" 404 5750 "-" "-"
20.100.173.28 - - [29/Jul/2026:06:27:25 -0600] "GET /wp-includes/sodium_compat/ HTTP/1.1" 404 5750 "-" "-"
20.100.173.28 - - [29/Jul/2026:06:27:26 -0600] "GET /w3llscc.php HTTP/1.1" 404 5750 "-" "-"
20.100.173.28 - - [29/Jul/2026:06:27:27 -0600] "GET /miru3.php?p= HTTP/1.1" 404 5750 "-" "-"
20.100.173.28 - - [29/Jul/2026:06:27:28 -0600] "GET /autoload_classmap.php HTTP/1.1" 404 5750 "-" "-"
117.212.153.104 - - [29/Jul/2026:06:27:28 -0600] "POST /xmlrpc.php HTTP/1.1" 200 844 "-" "Jetpack by WordPress.com"
20.100.173.28 - - [29/Jul/2026:06:27:28 -0600] "GET /wp-content/ HTTP/1.1" 404 5750 "-" "-"
20.100.173.28 - - [29/Jul/2026:06:27:29 -0600] "GET /wp-content/themes/index.php HTTP/1.1" 404 5750 "-" "-"
20.100.173.28 - - [29/Jul/2026:06:27:29 -0600] "GET /av.php HTTP/1.1" 404 5750 "-" "-"
20.100.173.28 - - [29/Jul/2026:06:27:30 -0600] "GET /wp-includes/l10n/ HTTP/1.1" 404 5750 "-" "-"
190.167.100.75 - - [29/Jul/2026:06:27:30 -0600] "POST /xmlrpc.php HTTP/1.1" 200 844 "-" "Jetpack by WordPress.com (Jetpack 12.5; WordPress 6.4)"
20.100.173.28 - - [29/Jul/2026:06:27:31 -0600] "GET /wordpress/wp-admin/maint/ HTTP/1.1" 404 5750 "-" "-"
20.100.173.28 - - [29/Jul/2026:06:27:31 -0600] "GET /tiny.php HTTP/1.1" 404 5750 "-" "-"
20.100.173.28 - - [29/Jul/2026:06:27:32 -0600] "GET /BsMPQ6Wavdefault.php HTTP/1.1" 404 5750 "-" "-"
20.100.173.28 - - [29/Jul/2026:06:27:32 -0600] "GET /zrrhj.php HTTP/1.1" 404 5750 "-" "-"
20.100.173.28 - - [29/Jul/2026:06:27:33 -0600] "GET /gwaih1gfzp5vuwr04Cdefault.php HTTP/1.1" 404 5750 "-" "-"
20.100.173.28 - - [29/Jul/2026:06:27:33 -0600] "GET /wpgum.php HTTP/1.1" 404 5750 "-" "-"
20.100.173.28 - - [29/Jul/2026:06:27:34 -0600] "GET /ywwbf.php HTTP/1.1" 404 5750 "-" "-"
20.100.173.28 - - [29/Jul/2026:06:27:34 -0600] "GET /xoldj.php HTTP/1.1" 404 5750 "-" "-"
20.100.173.28 - - [29/Jul/2026:06:27:34 -0600] "GET /f35.php HTTP/1.1" 404 5750 "-" "-"
20.100.173.28 - - [29/Jul/2026:06:27:35 -0600] "GET /gk.php HTTP/1.1" 404 5750 "-" "-"
20.100.173.28 - - [29/Jul/2026:06:27:35 -0600] "GET /584062352875874akp.php HTTP/1.1" 404 5750 "-" "-"
154.159.237.237 - - [29/Jul/2026:06:27:35 -0600] "POST /xmlrpc.php HTTP/1.1" 200 844 "-" "Jetpack by WordPress.com"
20.100.173.28 - - [29/Jul/2026:06:27:36 -0600] "GET /wper3.php HTTP/1.1" 404 5750 "-" "-"
114.119.154.161 - - [29/Jul/2026:06:27:36 -0600] "GET /wp-content/uploads/2024/04/434726429_737168551896593_5497491711962046107_n.jpg-350x250.webp HTTP/1.1" 200 13192 "https://www.nuestrasnoticias.info/category/colima/page/330/" "Mozilla/5.0 (Linux; Android 7.0;) AppleWebKit/537.36 (HTML, like Gecko) Mobile Safari/537.36 (compatible; PetalBot;+https://webmaster.petalsearch.com/site/petalbot)"
20.100.173.28 - - [29/Jul/2026:06:27:36 -0600] "GET /bthil.php HTTP/1.1" 404 5750 "-" "-"
20.100.173.28 - - [29/Jul/2026:06:27:37 -0600] "GET /wyzer1.php HTTP/1.1" 404 5750 "-" "-"
20.100.173.28 - - [29/Jul/2026:06:27:38 -0600] "GET /mh.php HTTP/1.1" 404 5750 "-" "-"
20.100.173.28 - - [29/Jul/2026:06:27:38 -0600] "GET /gvg1bvpsgtot1rpklCdefault.php HTTP/1.1" 404 5750 "-" "-"
20.100.173.28 - - [29/Jul/2026:06:27:38 -0600] "GET /1.php HTTP/1.1" 404 5750 "-" "-"
20.100.173.28 - - [29/Jul/2026:06:27:39 -0600] "GET /chosen.php HTTP/1.1" 404 5750 "-" "-"
117.212.153.104 - - [29/Jul/2026:06:27:38 -0600] "POST /xmlrpc.php HTTP/1.1" 200 844 "-" "Jetpack/12.5; WordPress/6.2; http://site31593410.com"
20.100.173.28 - - [29/Jul/2026:06:27:40 -0600] "GET /sd.php HTTP/1.1" 404 5750 "-" "-"
20.100.173.28 - - [29/Jul/2026:06:27:40 -0600] "GET /z60.php HTTP/1.1" 404 5750 "-" "-"
20.100.173.28 - - [29/Jul/2026:06:27:40 -0600] "GET /home.php HTTP/1.1" 404 5750 "-" "-"
20.100.173.28 - - [29/Jul/2026:06:27:41 -0600] "GET /ws58.php HTTP/1.1" 404 5750 "-" "-"
20.100.173.28 - - [29/Jul/2026:06:27:41 -0600] "GET /gulu.php HTTP/1.1" 404 5750 "-" "-"
20.100.173.28 - - [29/Jul/2026:06:27:41 -0600] "GET /6xBAm3vODE05BSzkJZRAws.php HTTP/1.1" 404 5750 "-" "-"
20.100.173.28 - - [29/Jul/2026:06:27:42 -0600] "GET /wpls.php HTTP/1.1" 404 5750 "-" "-"
20.100.173.28 - - [29/Jul/2026:06:27:42 -0600] "GET /php.php HTTP/1.1" 404 5750 "-" "-"
20.100.173.28 - - [29/Jul/2026:06:27:43 -0600] "GET /100.php HTTP/1.1" 404 5750 "-" "-"
20.100.173.28 - - [29/Jul/2026:06:27:43 -0600] "GET /BDKR28WP.php HTTP/1.1" 404 5750 "-" "-"
20.100.173.28 - - [29/Jul/2026:06:27:44 -0600] "GET /browse.php HTTP/1.1" 404 5750 "-" "-"
20.100.173.28 - - [29/Jul/2026:06:27:44 -0600] "GET /wp-good.php HTTP/1.1" 404 5750 "-" "-"
20.100.173.28 - - [29/Jul/2026:06:27:45 -0600] "GET /8573.php HTTP/1.1" 404 5750 "-" "-"
20.100.173.28 - - [29/Jul/2026:06:27:45 -0600] "GET /wp-admin/install.php HTTP/1.1" 404 5750 "-" "-"
20.100.173.28 - - [29/Jul/2026:06:27:46 -0600] "GET /classwithtostring.php HTTP/1.1" 404 5750 "-" "-"
154.159.237.237 - - [29/Jul/2026:06:27:46 -0600] "POST /xmlrpc.php HTTP/1.1" 200 844 "-" "Jetpack/12.0; WordPress/6.2; http://site65157741.com"
20.100.173.28 - - [29/Jul/2026:06:27:46 -0600] "GET /ohct.php HTTP/1.1" 404 5750 "-" "-"
20.100.173.28 - - [29/Jul/2026:06:27:47 -0600] "GET /bless.php HTTP/1.1" 404 5750 "-" "-"
20.100.173.28 - - [29/Jul/2026:06:27:47 -0600] "GET /about.php HTTP/1.1" 404 5750 "-" "-"
20.100.173.28 - - [29/Jul/2026:06:27:48 -0600] "GET /public/mI35rZhMg1zJ1vuXdefault.php HTTP/1.1" 404 5750 "-" "-"
20.100.173.28 - - [29/Jul/2026:06:27:48 -0600] "GET /ta0ol.php HTTP/1.1" 404 5750 "-" "-"
20.100.173.28 - - [29/Jul/2026:06:27:49 -0600] "GET /sa.php7 HTTP/1.1" 404 5750 "-" "-"
117.212.153.104 - - [29/Jul/2026:06:27:49 -0600] "POST /xmlrpc.php HTTP/1.1" 200 844 "-" "Jetpack by WordPress.com (Jetpack 12.1; WordPress 6.4)"
20.100.173.28 - - [29/Jul/2026:06:27:49 -0600] "GET /wp-class.php HTTP/1.1" 404 5750 "-" "-"
20.100.173.28 - - [29/Jul/2026:06:27:50 -0600] "GET /8.php HTTP/1.1" 404 5750 "-" "-"
20.100.173.28 - - [29/Jul/2026:06:27:50 -0600] "GET /bootstrap.php HTTP/1.1" 404 5750 "-" "-"
20.100.173.28 - - [29/Jul/2026:06:27:52 -0600] "GET /wp-blog-header.php HTTP/1.1" 404 5750 "-" "-"
20.100.173.28 - - [29/Jul/2026:06:27:53 -0600] "GET /aa.php HTTP/1.1" 404 5750 "-" "-"
20.100.173.28 - - [29/Jul/2026:06:27:53 -0600] "GET /tx79.php HTTP/1.1" 404 5750 "-" "-"
20.100.173.28 - - [29/Jul/2026:06:27:54 -0600] "GET /motu.php HTTP/1.1" 404 5750 "-" "-"
20.100.173.28 - - [29/Jul/2026:06:27:55 -0600] "GET /wp-head.php HTTP/1.1" 404 5750 "-" "-"
23.230.120.92 - - [29/Jul/2026:06:27:55 -0600] "GET /wp-content/uploads/2025/01/8098bda2-1286-4ee7-bb3b-a6eba738bb01.jpg-120x86.webp HTTP/1.1" 200 4072 "-" "Mozilla/5.0 (compatible; crawler)"
20.100.173.28 - - [29/Jul/2026:06:27:55 -0600] "GET /wp-admin/options-privacy.php HTTP/1.1" 404 5750 "-" "-"
20.100.173.28 - - [29/Jul/2026:06:27:56 -0600] "GET /60856e3a4findex.php HTTP/1.1" 404 5750 "-" "-"
154.159.237.237 - - [29/Jul/2026:06:27:56 -0600] "POST /xmlrpc.php HTTP/1.1" 200 844 "-" "Jetpack/12.0; WordPress/6.1; http://site73696667.com"
20.100.173.28 - - [29/Jul/2026:06:27:57 -0600] "GET /wp-the.php HTTP/1.1" 404 5750 "-" "-"
20.100.173.28 - - [29/Jul/2026:06:27:57 -0600] "GET /wp.php HTTP/1.1" 404 5750 "-" "-"
20.100.173.28 - - [29/Jul/2026:06:27:59 -0600] "GET /users.php HTTP/1.1" 404 5750 "-" "-"
117.212.153.104 - - [29/Jul/2026:06:28:00 -0600] "POST /xmlrpc.php HTTP/1.1" 200 844 "-" "Jetpack by WordPress.com (Jetpack 13.0; WordPress 6.1)"
20.100.173.28 - - [29/Jul/2026:06:28:00 -0600] "GET /tinysd.php HTTP/1.1" 404 5750 "-" "-"
20.100.173.28 - - [29/Jul/2026:06:28:01 -0600] "GET /ws78.php HTTP/1.1" 404 5750 "-" "-"
173.252.82.72 - - [29/Jul/2026:06:28:01 -0600] "GET /wp-content/uploads/2026/06/COLIMA-CRIT-TELETON-1140x760.jpg HTTP/1.1" 200 88482 "-" "meta-externalagent/1.1 (+https://developers.facebook.com/docs/sharing/webmasters/crawler)"
20.100.173.28 - - [29/Jul/2026:06:28:01 -0600] "GET /elp.php HTTP/1.1" 404 5750 "-" "-"
173.239.218.84 - - [29/Jul/2026:06:28:01 -0600] "GET / HTTP/1.1" 200 15138 "-" "Mozilla/5.0 (iPhone; CPU iPhone OS 17_5 like Mac OS X) Mobile/15E148 Safari/604.1"
20.100.173.28 - - [29/Jul/2026:06:28:03 -0600] "GET /atomlib.php HTTP/1.1" 404 5750 "-" "-"
20.100.173.28 - - [29/Jul/2026:06:28:04 -0600] "GET /wyzer3.php HTTP/1.1" 404 5750 "-" "-"
20.100.173.28 - - [29/Jul/2026:06:28:04 -0600] "GET /max.php HTTP/1.1" 404 5750 "-" "-"
20.100.173.28 - - [29/Jul/2026:06:28:04 -0600] "GET /ftde.php HTTP/1.1" 404 5750 "-" "-"
154.159.237.237 - - [29/Jul/2026:06:28:07 -0600] "POST /xmlrpc.php HTTP/1.1" 200 844 "-" "Jetpack by WordPress.com (Jetpack 12.0; WordPress 6.3)"
117.212.153.104 - - [29/Jul/2026:06:28:10 -0600] "POST /xmlrpc.php HTTP/1.1" 200 844 "-" "Jetpack/12.0; WordPress/6.1; http://site10178107.com"
154.159.237.237 - - [29/Jul/2026:06:28:18 -0600] "POST /xmlrpc.php HTTP/1.1" 200 844 "-" "Jetpack/12.1; WordPress/6.1; http://site86269965.com"
117.212.153.104 - - [29/Jul/2026:06:28:21 -0600] "POST /xmlrpc.php HTTP/1.1" 200 844 "-" "Jetpack by WordPress.com (Jetpack 12.0; WordPress 6.1)"
154.159.237.237 - - [29/Jul/2026:06:28:28 -0600] "POST /xmlrpc.php HTTP/1.1" 200 844 "-" "Jetpack by WordPress.com (Jetpack 13.0; WordPress 6.1)"
117.212.153.104 - - [29/Jul/2026:06:28:32 -0600] "POST /xmlrpc.php HTTP/1.1" 200 844 "-" "Jetpack by WordPress.com (Jetpack 12.5; WordPress 6.2)"
87.199.200.112 - - [29/Jul/2026:06:28:33 -0600] "GET /continuan-pruebas-de-ciclovia-en-manzanillo/ HTTP/1.0" 200 120218 "https://www.nuestrasnoticias.info/continuan-pruebas-de-ciclovia-en-manzanillo/" "Mozilla/5.0 (Windows NT 10.0; Win64; x64) AppleWebKit/537.36 (KHTML, like Gecko) Chrome/131.0.0.0 Safari/537.36 Avast/131.0.0.0"
87.199.200.112 - - [29/Jul/2026:06:28:34 -0600] "POST /wp-comments-post.php HTTP/1.0" 302 429 "https://www.nuestrasnoticias.info/continuan-pruebas-de-ciclovia-en-manzanillo/" "Mozilla/5.0 (Windows NT 10.0; Win64; x64) AppleWebKit/537.36 (KHTML, like Gecko) Chrome/131.0.0.0 Safari/537.36 Avast/131.0.0.0"
87.199.200.112 - - [29/Jul/2026:06:28:36 -0600] "GET /continuan-pruebas-de-ciclovia-en-manzanillo/ HTTP/1.0" 200 126439 "https://www.nuestrasnoticias.info/continuan-pruebas-de-ciclovia-en-manzanillo/#comment-808" "Mozilla/5.0 (Windows NT 10.0; Win64; x64) AppleWebKit/537.36 (KHTML, like Gecko) Chrome/131.0.0.0 Safari/537.36 Avast/131.0.0.0"
154.159.237.237 - - [29/Jul/2026:06:28:39 -0600] "POST /xmlrpc.php HTTP/1.1" 200 844 "-" "Jetpack by WordPress.com"
117.212.153.104 - - [29/Jul/2026:06:28:42 -0600] "POST /xmlrpc.php HTTP/1.1" 200 844 "-" "WordPress.com; https://wordpress.com"
154.159.237.237 - - [29/Jul/2026:06:28:49 -0600] "POST /xmlrpc.php HTTP/1.1" 200 844 "-" "Jetpack by WordPress.com"
117.212.153.104 - - [29/Jul/2026:06:28:53 -0600] "POST /xmlrpc.php HTTP/1.1" 200 844 "-" "Jetpack/12.1; WordPress/6.1; http://site67798103.com"
185.191.171.13 - - [29/Jul/2026:06:28:53 -0600] "GET /realiza-imss-colima-simulacro-en-guarderias-para-reforzar-medidas-de-proteccion-civil/ HTTP/1.1" 200 24736 "-" "Mozilla/5.0 (compatible; SemrushBot/7~bl; +http://www.semrush.com/bot.html)"
114.119.135.201 - - [29/Jul/2026:06:28:59 -0600] "GET /volcan-de-colima-registro-4-sismos-y-7-derrumbes-continua-en-semaforo-verde/ HTTP/1.1" 200 22619 "https://www.nuestrasnoticias.info/volcan-de-colima-registro-4-sismos-y-7-derrumbes-continua-en-semaforo-verde/" "Mozilla/5.0 (Linux; Android 7.0;) AppleWebKit/537.36 (HTML, like Gecko) Mobile Safari/537.36 (compatible; PetalBot;+https://webmaster.petalsearch.com/site/petalbot)"
