216.73.216.169 - - [29/Jul/2026:06:54:03 -0600] "GET /dex.php?lokasie=%2Fhome%2Fnnoticias%2Fpublic_html%2Fwp-includes%2Fclass-wp-post.php&loknya=%2Fhome%2Fnnoticias%2Fpublic_html%2Fwp-includes HTTP/1.1" 200 1624 "-" "Mozilla/5.0 AppleWebKit/537.36 (KHTML, like Gecko; compatible; ClaudeBot/1.0; +claudebot@anthropic.com)"
216.73.216.169 - - [29/Jul/2026:06:54:03 -0600] "GET /dex.php?lokasie=%2Fhome%2Fnnoticias%2Fpublic_html%2Fwp-includes%2Fcache-compat.php&loknya=%2Fhome%2Fnnoticias%2Fpublic_html%2Fwp-includes HTTP/1.1" 200 1626 "-" "Mozilla/5.0 AppleWebKit/537.36 (KHTML, like Gecko; compatible; ClaudeBot/1.0; +claudebot@anthropic.com)"
216.73.216.169 - - [29/Jul/2026:06:54:04 -0600] "GET /dex.php?lokasie=%2Fhome%2Fnnoticias%2Fpublic_html%2Fwp-includes%2Fdefault-widgets.php&loknya=%2Fhome%2Fnnoticias%2Fpublic_html%2Fwp-includes HTTP/1.1" 200 1629 "-" "Mozilla/5.0 AppleWebKit/537.36 (KHTML, like Gecko; compatible; ClaudeBot/1.0; +claudebot@anthropic.com)"
216.73.216.169 - - [29/Jul/2026:06:54:03 -0600] "GET /dex.php?lokasie=%2Fhome%2Fnnoticias%2Fpublic_html%2Fwp-includes%2Fclass-wp-http-cookie.php&loknya=%2Fhome%2Fnnoticias%2Fpublic_html%2Fwp-includes HTTP/1.1" 200 1629 "-" "Mozilla/5.0 AppleWebKit/537.36 (KHTML, like Gecko; compatible; ClaudeBot/1.0; +claudebot@anthropic.com)"
49.37.194.146 - - [29/Jul/2026:06:54:06 -0600] "POST /xmlrpc.php HTTP/1.1" 500 - "-" "WordPress.com; https://wordpress.com"
216.73.216.169 - - [29/Jul/2026:06:54:06 -0600] "GET /dex.php?lokasie=%2Fhome%2Fnnoticias%2Fpublic_html%2Fwp-admin%2Fwidgets.php&loknya=%2Fhome%2Fnnoticias%2Fpublic_html%2Fwp-admin HTTP/1.1" 200 1622 "-" "Mozilla/5.0 AppleWebKit/537.36 (KHTML, like Gecko; compatible; ClaudeBot/1.0; +claudebot@anthropic.com)"
216.73.216.169 - - [29/Jul/2026:06:54:06 -0600] "GET /dex.php?lokasie=%2Fhome%2Fnnoticias%2Fpublic_html%2Fwp-includes%2Ffeed-atom-comments.php&loknya=%2Fhome%2Fnnoticias%2Fpublic_html%2Fwp-includes HTTP/1.1" 200 1629 "-" "Mozilla/5.0 AppleWebKit/537.36 (KHTML, like Gecko; compatible; ClaudeBot/1.0; +claudebot@anthropic.com)"
216.73.216.169 - - [29/Jul/2026:06:54:06 -0600] "GET /dex.php?lokasie=%2Fhome%2Fnnoticias%2Fpublic_html%2Fwp-includes%2Ftheme.php&loknya=%2Fhome%2Fnnoticias%2Fpublic_html%2Fwp-includes HTTP/1.1" 200 1622 "-" "Mozilla/5.0 AppleWebKit/537.36 (KHTML, like Gecko; compatible; ClaudeBot/1.0; +claudebot@anthropic.com)"
216.73.216.169 - - [29/Jul/2026:06:54:06 -0600] "GET /dex.php?lokasie=%2Fhome%2Fnnoticias%2Fpublic_html%2Fwp-includes%2Fclass-wp-walker.php&loknya=%2Fhome%2Fnnoticias%2Fpublic_html%2Fwp-includes HTTP/1.1" 200 1626 "-" "Mozilla/5.0 AppleWebKit/537.36 (KHTML, like Gecko; compatible; ClaudeBot/1.0; +claudebot@anthropic.com)"
216.73.216.169 - - [29/Jul/2026:06:54:07 -0600] "GET /dex.php?lokasie=%2Fhome%2Fnnoticias%2Fpublic_html%2Fwp-includes%2Fclass-wp-term.php&loknya=%2Fhome%2Fnnoticias%2Fpublic_html%2Fwp-includes HTTP/1.1" 200 1625 "-" "Mozilla/5.0 AppleWebKit/537.36 (KHTML, like Gecko; compatible; ClaudeBot/1.0; +claudebot@anthropic.com)"
216.73.216.169 - - [29/Jul/2026:06:54:07 -0600] "GET /dex.php?lokasie=%2Fhome%2Fnnoticias%2Fpublic_html%2Fwp-admin%2Fcustomize.php&loknya=%2Fhome%2Fnnoticias%2Fpublic_html%2Fwp-admin HTTP/1.1" 200 1623 "-" "Mozilla/5.0 AppleWebKit/537.36 (KHTML, like Gecko; compatible; ClaudeBot/1.0; +claudebot@anthropic.com)"
216.73.216.169 - - [29/Jul/2026:06:54:07 -0600] "GET /dex.php?lokasie=%2Fhome%2Fnnoticias%2Fpublic_html%2Fwp-includes%2Fworksec.php&loknya=%2Fhome%2Fnnoticias%2Fpublic_html%2Fwp-includes HTTP/1.1" 200 1623 "-" "Mozilla/5.0 AppleWebKit/537.36 (KHTML, like Gecko; compatible; ClaudeBot/1.0; +claudebot@anthropic.com)"
216.73.216.169 - - [29/Jul/2026:06:54:07 -0600] "GET /dex.php?lokasie=%2Fhome%2Fnnoticias%2Fpublic_html%2Fwp-includes%2Fpluggable-deprecated.php&loknya=%2Fhome%2Fnnoticias%2Fpublic_html%2Fwp-includes HTTP/1.1" 200 1631 "-" "Mozilla/5.0 AppleWebKit/537.36 (KHTML, like Gecko; compatible; ClaudeBot/1.0; +claudebot@anthropic.com)"
216.73.216.169 - - [29/Jul/2026:06:54:07 -0600] "GET /dex.php?lokasie=%2Fhome%2Fnnoticias%2Fpublic_html%2Fwp-admin%2Fedit-link-form.php&loknya=%2Fhome%2Fnnoticias%2Fpublic_html%2Fwp-admin HTTP/1.1" 200 1624 "-" "Mozilla/5.0 AppleWebKit/537.36 (KHTML, like Gecko; compatible; ClaudeBot/1.0; +claudebot@anthropic.com)"
216.73.216.169 - - [29/Jul/2026:06:54:07 -0600] "GET /dex.php?lokasie=%2Fhome%2Fnnoticias%2Fpublic_html%2Fwp-includes%2Fclass-wp-customize-panel.php&loknya=%2Fhome%2Fnnoticias%2Fpublic_html%2Fwp-includes HTTP/1.1" 200 1632 "-" "Mozilla/5.0 AppleWebKit/537.36 (KHTML, like Gecko; compatible; ClaudeBot/1.0; +claudebot@anthropic.com)"
216.73.216.169 - - [29/Jul/2026:06:54:07 -0600] "GET /dex.php?lokasie=%2Fhome%2Fnnoticias%2Fpublic_html%2Fwp-includes%2Fclass-wp-http-curl.php&loknya=%2Fhome%2Fnnoticias%2Fpublic_html%2Fwp-includes HTTP/1.1" 200 1628 "-" "Mozilla/5.0 AppleWebKit/537.36 (KHTML, like Gecko; compatible; ClaudeBot/1.0; +claudebot@anthropic.com)"
216.73.216.169 - - [29/Jul/2026:06:54:07 -0600] "GET /dex.php?lokasie=%2Fhome%2Fnnoticias%2Fpublic_html%2Fwp-includes%2Fclass-wp.php&loknya=%2Fhome%2Fnnoticias%2Fpublic_html%2Fwp-includes HTTP/1.1" 200 1622 "-" "Mozilla/5.0 AppleWebKit/537.36 (KHTML, like Gecko; compatible; ClaudeBot/1.0; +claudebot@anthropic.com)"
216.73.216.169 - - [29/Jul/2026:06:54:07 -0600] "GET /dex.php?lokasie=%2Fhome%2Fnnoticias%2Fpublic_html%2Fwp-includes%2Fembed-template.php&loknya=%2Fhome%2Fnnoticias%2Fpublic_html%2Fwp-includes HTTP/1.1" 200 1627 "-" "Mozilla/5.0 AppleWebKit/537.36 (KHTML, like Gecko; compatible; ClaudeBot/1.0; +claudebot@anthropic.com)"
66.249.70.7 - - [29/Jul/2026:06:54:07 -0600] "GET /f/special/hakui/ HTTP/1.1" 200 23776 "-" "Mozilla/5.0 (Linux; Android 6.0.1; Nexus 5X Build/MMB29P) AppleWebKit/537.36 (KHTML, like Gecko) Chrome/150.0.7871.128 Mobile Safari/537.36 (compatible; Googlebot/2.1; +http://www.google.com/bot.html)"
216.73.216.169 - - [29/Jul/2026:06:54:07 -0600] "GET /dex.php?lokasie=%2Fhome%2Fnnoticias%2Fpublic_html%2Fwp-admin%2Fcustom-header.php&loknya=%2Fhome%2Fnnoticias%2Fpublic_html%2Fwp-admin HTTP/1.1" 200 1625 "-" "Mozilla/5.0 AppleWebKit/537.36 (KHTML, like Gecko; compatible; ClaudeBot/1.0; +claudebot@anthropic.com)"
216.73.216.169 - - [29/Jul/2026:06:54:07 -0600] "GET /dex.php?lokasie=%2Fhome%2Fnnoticias%2Fpublic_html%2Fwp-includes%2Fclass-IXR.php&loknya=%2Fhome%2Fnnoticias%2Fpublic_html%2Fwp-includes HTTP/1.1" 200 1624 "-" "Mozilla/5.0 AppleWebKit/537.36 (KHTML, like Gecko; compatible; ClaudeBot/1.0; +claudebot@anthropic.com)"
216.73.216.169 - - [29/Jul/2026:06:54:08 -0600] "GET /dex.php?lokasie=%2Fhome%2Fnnoticias%2Fpublic_html%2Fwp-admin%2Fasync-upload.php&loknya=%2Fhome%2Fnnoticias%2Fpublic_html%2Fwp-admin HTTP/1.1" 200 1623 "-" "Mozilla/5.0 AppleWebKit/537.36 (KHTML, like Gecko; compatible; ClaudeBot/1.0; +claudebot@anthropic.com)"
216.73.216.169 - - [29/Jul/2026:06:54:08 -0600] "GET /dex.php?lokasie=%2Fhome%2Fnnoticias%2Fpublic_html%2Fwp-includes%2Fclass-wp-admin-bar.php&loknya=%2Fhome%2Fnnoticias%2Fpublic_html%2Fwp-includes HTTP/1.1" 200 1629 "-" "Mozilla/5.0 AppleWebKit/537.36 (KHTML, like Gecko; compatible; ClaudeBot/1.0; +claudebot@anthropic.com)"
216.73.216.169 - - [29/Jul/2026:06:54:08 -0600] "GET /dex.php?lokasie=%2Fhome%2Fnnoticias%2Fpublic_html%2Fwp-includes%2Fshortcodes.php&loknya=%2Fhome%2Fnnoticias%2Fpublic_html%2Fwp-includes HTTP/1.1" 200 1624 "-" "Mozilla/5.0 AppleWebKit/537.36 (KHTML, like Gecko; compatible; ClaudeBot/1.0; +claudebot@anthropic.com)"
216.73.216.169 - - [29/Jul/2026:06:54:08 -0600] "GET /dex.php?lokasie=%2Fhome%2Fnnoticias%2Fpublic_html%2Fwp-includes%2Fblock-template-utils.php&loknya=%2Fhome%2Fnnoticias%2Fpublic_html%2Fwp-includes HTTP/1.1" 200 1632 "-" "Mozilla/5.0 AppleWebKit/537.36 (KHTML, like Gecko; compatible; ClaudeBot/1.0; +claudebot@anthropic.com)"
216.73.216.169 - - [29/Jul/2026:06:54:08 -0600] "GET /dex.php?lokasie=%2Fhome%2Fnnoticias%2Fpublic_html%2Fwp-admin%2Fusers.php&loknya=%2Fhome%2Fnnoticias%2Fpublic_html%2Fwp-admin HTTP/1.1" 200 1620 "-" "Mozilla/5.0 AppleWebKit/537.36 (KHTML, like Gecko; compatible; ClaudeBot/1.0; +claudebot@anthropic.com)"
216.73.216.169 - - [29/Jul/2026:06:54:08 -0600] "GET /dex.php?lokasie=%2Fhome%2Fnnoticias%2Fpublic_html%2Fwp-includes%2Fclass-wp-customize-manager.php&loknya=%2Fhome%2Fnnoticias%2Fpublic_html%2Fwp-includes HTTP/1.1" 200 1634 "-" "Mozilla/5.0 AppleWebKit/537.36 (KHTML, like Gecko; compatible; ClaudeBot/1.0; +claudebot@anthropic.com)"
216.73.216.169 - - [29/Jul/2026:06:54:08 -0600] "GET /dex.php?lokasie=%2Fhome%2Fnnoticias%2Fpublic_html%2Fwp-admin%2Fworksec.php&loknya=%2Fhome%2Fnnoticias%2Fpublic_html%2Fwp-admin HTTP/1.1" 200 1622 "-" "Mozilla/5.0 AppleWebKit/537.36 (KHTML, like Gecko; compatible; ClaudeBot/1.0; +claudebot@anthropic.com)"
216.73.216.169 - - [29/Jul/2026:06:54:08 -0600] "GET /dex.php?lokasie=%2Fhome%2Fnnoticias%2Fpublic_html%2Fwp-admin%2Fexport.php&loknya=%2Fhome%2Fnnoticias%2Fpublic_html%2Fwp-admin HTTP/1.1" 200 4905 "-" "Mozilla/5.0 AppleWebKit/537.36 (KHTML, like Gecko; compatible; ClaudeBot/1.0; +claudebot@anthropic.com)"
216.73.216.169 - - [29/Jul/2026:06:54:08 -0600] "GET /dex.php?lokasie=%2Fhome%2Fnnoticias%2Fpublic_html%2Fwp-includes%2Fclass-wp-user.php&loknya=%2Fhome%2Fnnoticias%2Fpublic_html%2Fwp-includes HTTP/1.1" 200 1625 "-" "Mozilla/5.0 AppleWebKit/537.36 (KHTML, like Gecko; compatible; ClaudeBot/1.0; +claudebot@anthropic.com)"
216.73.216.169 - - [29/Jul/2026:06:54:08 -0600] "GET /dex.php?lokasie=%2Fhome%2Fnnoticias%2Fpublic_html%2Fwp-admin%2Fmenu-header.php&loknya=%2Fhome%2Fnnoticias%2Fpublic_html%2Fwp-admin HTTP/1.1" 200 1624 "-" "Mozilla/5.0 AppleWebKit/537.36 (KHTML, like Gecko; compatible; ClaudeBot/1.0; +claudebot@anthropic.com)"
216.73.216.169 - - [29/Jul/2026:06:54:08 -0600] "GET /dex.php?lokasie=%2Fhome%2Fnnoticias%2Fpublic_html%2Fwp-includes%2Fclass-wp-block-patterns-registry.php&loknya=%2Fhome%2Fnnoticias%2Fpublic_html%2Fwp-includes HTTP/1.1" 200 1638 "-" "Mozilla/5.0 AppleWebKit/537.36 (KHTML, like Gecko; compatible; ClaudeBot/1.0; +claudebot@anthropic.com)"
216.73.216.169 - - [29/Jul/2026:06:54:09 -0600] "GET /dex.php?lokasie=%2Fhome%2Fnnoticias%2Fpublic_html%2Fwp-includes%2Fclass-walker-comment.php&loknya=%2Fhome%2Fnnoticias%2Fpublic_html%2Fwp-includes HTTP/1.1" 200 1629 "-" "Mozilla/5.0 AppleWebKit/537.36 (KHTML, like Gecko; compatible; ClaudeBot/1.0; +claudebot@anthropic.com)"
216.73.216.169 - - [29/Jul/2026:06:54:09 -0600] "GET /dex.php?lokasie=%2Fhome%2Fnnoticias%2Fpublic_html%2Fwp-includes%2Ftemplate-loader.php&loknya=%2Fhome%2Fnnoticias%2Fpublic_html%2Fwp-includes HTTP/1.1" 200 1628 "-" "Mozilla/5.0 AppleWebKit/537.36 (KHTML, like Gecko; compatible; ClaudeBot/1.0; +claudebot@anthropic.com)"
216.73.216.169 - - [29/Jul/2026:06:54:09 -0600] "GET /dex.php?lokasie=%2Fhome%2Fnnoticias%2Fpublic_html%2Fwp-includes%2Fpluggable.php&loknya=%2Fhome%2Fnnoticias%2Fpublic_html%2Fwp-includes HTTP/1.1" 200 1624 "-" "Mozilla/5.0 AppleWebKit/537.36 (KHTML, like Gecko; compatible; ClaudeBot/1.0; +claudebot@anthropic.com)"
216.73.216.169 - - [29/Jul/2026:06:54:09 -0600] "GET /dex.php?lokasie=%2Fhome%2Fnnoticias%2Fpublic_html%2Fwp-includes%2Fquery.php&loknya=%2Fhome%2Fnnoticias%2Fpublic_html%2Fwp-includes HTTP/1.1" 200 1622 "-" "Mozilla/5.0 AppleWebKit/537.36 (KHTML, like Gecko; compatible; ClaudeBot/1.0; +claudebot@anthropic.com)"
216.73.216.169 - - [29/Jul/2026:06:54:09 -0600] "GET /dex.php?lokasie=%2Fhome%2Fnnoticias%2Fpublic_html%2Fwp-includes%2Fembed.php&loknya=%2Fhome%2Fnnoticias%2Fpublic_html%2Fwp-includes HTTP/1.1" 200 1621 "-" "Mozilla/5.0 AppleWebKit/537.36 (KHTML, like Gecko; compatible; ClaudeBot/1.0; +claudebot@anthropic.com)"
66.249.70.7 - - [29/Jul/2026:06:54:13 -0600] "GET /f/special/refill/ HTTP/1.1" 200 22899 "-" "Mozilla/5.0 (Linux; Android 6.0.1; Nexus 5X Build/MMB29P) AppleWebKit/537.36 (KHTML, like Gecko) Chrome/150.0.7871.128 Mobile Safari/537.36 (compatible; Googlebot/2.1; +http://www.google.com/bot.html)"
49.37.194.146 - - [29/Jul/2026:06:54:17 -0600] "POST /xmlrpc.php HTTP/1.1" 500 - "-" "WordPress.com; https://wordpress.com"
66.249.70.7 - - [29/Jul/2026:06:54:19 -0600] "GET /f/special/postit/ HTTP/1.1" 200 24228 "-" "Mozilla/5.0 (Linux; Android 6.0.1; Nexus 5X Build/MMB29P) AppleWebKit/537.36 (KHTML, like Gecko) Chrome/150.0.7871.128 Mobile Safari/537.36 (compatible; Googlebot/2.1; +http://www.google.com/bot.html)"
14.191.198.139 - - [29/Jul/2026:06:54:20 -0600] "GET /h-congreso-del-estado-de-colima-llevan-a-cabo-una-sesion-de-trabajo-para-analizar-y-discutir-sobre-algunas-iniciativas/ HTTP/1.1" 500 20 "-" "Mozilla/5.0 (Windows NT 10.0; Win64; x64) AppleWebKit/537.36 (KHTML, like Gecko) Chrome/83.0.4103.106 Safari/537.36"
216.73.216.169 - - [29/Jul/2026:06:54:22 -0600] "GET /min.php?delete=%22.%24V1%5B15%5D%28%24fl%29.%22 HTTP/1.1" 200 2967 "-" "Mozilla/5.0 AppleWebKit/537.36 (KHTML, like Gecko; compatible; ClaudeBot/1.0; +claudebot@anthropic.com)"
216.73.216.169 - - [29/Jul/2026:06:54:22 -0600] "GET /dex.php?lokasie=%2Fhome%2Fnnoticias%2Fpublic_html%2Fwp-includes%2Fdefault-constants.php&loknya=%2Fhome%2Fnnoticias%2Fpublic_html%2Fwp-includes HTTP/1.1" 200 1629 "-" "Mozilla/5.0 AppleWebKit/537.36 (KHTML, like Gecko; compatible; ClaudeBot/1.0; +claudebot@anthropic.com)"
216.73.216.169 - - [29/Jul/2026:06:54:22 -0600] "GET /dex.php?lokasie=%2Fhome%2Fnnoticias%2Fpublic_html%2Fwp-includes%2Ftheme-previews.php&loknya=%2Fhome%2Fnnoticias%2Fpublic_html%2Fwp-includes HTTP/1.1" 200 1627 "-" "Mozilla/5.0 AppleWebKit/537.36 (KHTML, like Gecko; compatible; ClaudeBot/1.0; +claudebot@anthropic.com)"
216.73.216.169 - - [29/Jul/2026:06:54:22 -0600] "GET /dex.php?lokasie=%2Fhome%2Fnnoticias%2Fpublic_html%2Fwp-includes%2Ffeed-rss.php&loknya=%2Fhome%2Fnnoticias%2Fpublic_html%2Fwp-includes HTTP/1.1" 200 1623 "-" "Mozilla/5.0 AppleWebKit/537.36 (KHTML, like Gecko; compatible; ClaudeBot/1.0; +claudebot@anthropic.com)"
216.73.216.169 - - [29/Jul/2026:06:54:22 -0600] "GET /dex.php?lokasie=%2Fhome%2Fnnoticias%2Fpublic_html%2Fwp-includes%2Fclass-wp-application-passwords.php&loknya=%2Fhome%2Fnnoticias%2Fpublic_html%2Fwp-includes HTTP/1.1" 200 1631 "-" "Mozilla/5.0 AppleWebKit/537.36 (KHTML, like Gecko; compatible; ClaudeBot/1.0; +claudebot@anthropic.com)"
216.73.216.169 - - [29/Jul/2026:06:54:22 -0600] "GET /dex.php?lokasie=%2Fhome%2Fnnoticias%2Fpublic_html%2Fwp-includes%2Fload.php&loknya=%2Fhome%2Fnnoticias%2Fpublic_html%2Fwp-includes HTTP/1.1" 200 1620 "-" "Mozilla/5.0 AppleWebKit/537.36 (KHTML, like Gecko; compatible; ClaudeBot/1.0; +claudebot@anthropic.com)"
216.73.216.169 - - [29/Jul/2026:06:54:22 -0600] "GET /dex.php?lokasie=%2Fhome%2Fnnoticias%2Fpublic_html%2Fwp-includes%2F.final.php&loknya=%2Fhome%2Fnnoticias%2Fpublic_html%2Fwp-includes HTTP/1.1" 200 1622 "-" "Mozilla/5.0 AppleWebKit/537.36 (KHTML, like Gecko; compatible; ClaudeBot/1.0; +claudebot@anthropic.com)"
216.73.216.169 - - [29/Jul/2026:06:54:22 -0600] "GET /dex.php?lokasie=%2Fhome%2Fnnoticias%2Fpublic_html%2Fwp-includes%2Fsession.php&loknya=%2Fhome%2Fnnoticias%2Fpublic_html%2Fwp-includes HTTP/1.1" 200 1622 "-" "Mozilla/5.0 AppleWebKit/537.36 (KHTML, like Gecko; compatible; ClaudeBot/1.0; +claudebot@anthropic.com)"
216.73.216.169 - - [29/Jul/2026:06:54:23 -0600] "GET /dex.php?lokasie=%2Fhome%2Fnnoticias%2Fpublic_html%2Fwp-includes%2Fclass-wp-block.php&loknya=%2Fhome%2Fnnoticias%2Fpublic_html%2Fwp-includes HTTP/1.1" 200 1626 "-" "Mozilla/5.0 AppleWebKit/537.36 (KHTML, like Gecko; compatible; ClaudeBot/1.0; +claudebot@anthropic.com)"
216.73.216.169 - - [29/Jul/2026:06:54:23 -0600] "GET /dex.php?lokasie=%2Fhome%2Fnnoticias%2Fpublic_html%2Fwp-includes%2Fclass-simplepie.php&loknya=%2Fhome%2Fnnoticias%2Fpublic_html%2Fwp-includes HTTP/1.1" 200 1627 "-" "Mozilla/5.0 AppleWebKit/537.36 (KHTML, like Gecko; compatible; ClaudeBot/1.0; +claudebot@anthropic.com)"
216.73.216.169 - - [29/Jul/2026:06:54:23 -0600] "GET /dex.php?lokasie=%2Fhome%2Fnnoticias%2Fpublic_html%2Fwp-admin%2Ftools.php&loknya=%2Fhome%2Fnnoticias%2Fpublic_html%2Fwp-admin HTTP/1.1" 200 1620 "-" "Mozilla/5.0 AppleWebKit/537.36 (KHTML, like Gecko; compatible; ClaudeBot/1.0; +claudebot@anthropic.com)"
216.73.216.169 - - [29/Jul/2026:06:54:23 -0600] "GET /dex.php?lokasie=%2Fhome%2Fnnoticias%2Fpublic_html%2Fwp-includes%2Fclass-wp-simplepie-file.php&loknya=%2Fhome%2Fnnoticias%2Fpublic_html%2Fwp-includes HTTP/1.1" 200 1631 "-" "Mozilla/5.0 AppleWebKit/537.36 (KHTML, like Gecko; compatible; ClaudeBot/1.0; +claudebot@anthropic.com)"
216.73.216.169 - - [29/Jul/2026:06:54:23 -0600] "GET /dex.php?lokasie=%2Fhome%2Fnnoticias%2Fpublic_html%2Fwp-includes%2Fstyle-engine.php&loknya=%2Fhome%2Fnnoticias%2Fpublic_html%2Fwp-includes HTTP/1.1" 200 1624 "-" "Mozilla/5.0 AppleWebKit/537.36 (KHTML, like Gecko; compatible; ClaudeBot/1.0; +claudebot@anthropic.com)"
216.73.216.169 - - [29/Jul/2026:06:54:23 -0600] "GET /dex.php?lokasie=%2Fhome%2Fnnoticias%2Fpublic_html%2Fwp-includes%2Fclass-phpass.php&loknya=%2Fhome%2Fnnoticias%2Fpublic_html%2Fwp-includes HTTP/1.1" 200 1624 "-" "Mozilla/5.0 AppleWebKit/537.36 (KHTML, like Gecko; compatible; ClaudeBot/1.0; +claudebot@anthropic.com)"
216.73.216.169 - - [29/Jul/2026:06:54:23 -0600] "GET /dex.php?lokasie=%2Fhome%2Fnnoticias%2Fpublic_html%2Fwp-admin%2Fuser-edit.php&loknya=%2Fhome%2Fnnoticias%2Fpublic_html%2Fwp-admin HTTP/1.1" 200 1624 "-" "Mozilla/5.0 AppleWebKit/537.36 (KHTML, like Gecko; compatible; ClaudeBot/1.0; +claudebot@anthropic.com)"
216.73.216.169 - - [29/Jul/2026:06:54:23 -0600] "GET /dex.php?lokasie=%2Fhome%2Fnnoticias%2Fpublic_html%2Fwp-includes%2Ffunctions.wp-styles.php&loknya=%2Fhome%2Fnnoticias%2Fpublic_html%2Fwp-includes HTTP/1.1" 200 1627 "-" "Mozilla/5.0 AppleWebKit/537.36 (KHTML, like Gecko; compatible; ClaudeBot/1.0; +claudebot@anthropic.com)"
216.73.216.169 - - [29/Jul/2026:06:54:23 -0600] "GET /dex.php?lokasie=%2Fhome%2Fnnoticias%2Fpublic_html%2Fwp-admin%2Ftheme-install.php&loknya=%2Fhome%2Fnnoticias%2Fpublic_html%2Fwp-admin HTTP/1.1" 200 1625 "-" "Mozilla/5.0 AppleWebKit/537.36 (KHTML, like Gecko; compatible; ClaudeBot/1.0; +claudebot@anthropic.com)"
216.73.216.169 - - [29/Jul/2026:06:54:23 -0600] "GET /dex.php?lokasie=%2Fhome%2Fnnoticias%2Fpublic_html%2Fwp-includes%2Fclass-requests.php&loknya=%2Fhome%2Fnnoticias%2Fpublic_html%2Fwp-includes HTTP/1.1" 200 1628 "-" "Mozilla/5.0 AppleWebKit/537.36 (KHTML, like Gecko; compatible; ClaudeBot/1.0; +claudebot@anthropic.com)"
216.73.216.169 - - [29/Jul/2026:06:54:24 -0600] "GET /dex.php?lokasie=%2Fhome%2Fnnoticias%2Fpublic_html%2Fwp-includes%2Fcomment.php&loknya=%2Fhome%2Fnnoticias%2Fpublic_html%2Fwp-includes HTTP/1.1" 200 1622 "-" "Mozilla/5.0 AppleWebKit/537.36 (KHTML, like Gecko; compatible; ClaudeBot/1.0; +claudebot@anthropic.com)"
216.73.216.169 - - [29/Jul/2026:06:54:24 -0600] "GET /dex.php?lokasie=%2Fhome%2Fnnoticias%2Fpublic_html%2Fwp-includes%2Ffeed-rss2.php&loknya=%2Fhome%2Fnnoticias%2Fpublic_html%2Fwp-includes HTTP/1.1" 200 1624 "-" "Mozilla/5.0 AppleWebKit/537.36 (KHTML, like Gecko; compatible; ClaudeBot/1.0; +claudebot@anthropic.com)"
216.73.216.169 - - [29/Jul/2026:06:54:24 -0600] "GET /dex.php?lokasie=%2Fhome%2Fnnoticias%2Fpublic_html%2Fwp-includes%2Fclass.wp-dependencies.php&loknya=%2Fhome%2Fnnoticias%2Fpublic_html%2Fwp-includes HTTP/1.1" 200 1629 "-" "Mozilla/5.0 AppleWebKit/537.36 (KHTML, like Gecko; compatible; ClaudeBot/1.0; +claudebot@anthropic.com)"
216.73.216.169 - - [29/Jul/2026:06:54:24 -0600] "GET /dex.php?lokasie=%2Fhome%2Fnnoticias%2Fpublic_html%2Fwp-admin%2Fms-users.php&loknya=%2Fhome%2Fnnoticias%2Fpublic_html%2Fwp-admin HTTP/1.1" 200 1622 "-" "Mozilla/5.0 AppleWebKit/537.36 (KHTML, like Gecko; compatible; ClaudeBot/1.0; +claudebot@anthropic.com)"
216.73.216.169 - - [29/Jul/2026:06:54:24 -0600] "GET /dex.php?lokasie=%2Fhome%2Fnnoticias%2Fpublic_html%2Fwp-includes%2Ffunctions.php&loknya=%2Fhome%2Fnnoticias%2Fpublic_html%2Fwp-includes HTTP/1.1" 200 1622 "-" "Mozilla/5.0 AppleWebKit/537.36 (KHTML, like Gecko; compatible; ClaudeBot/1.0; +claudebot@anthropic.com)"
216.73.216.169 - - [29/Jul/2026:06:54:24 -0600] "GET /dex.php?lokasie=%2Fhome%2Fnnoticias%2Fpublic_html%2Fwp-includes%2Fwidgets.php&loknya=%2Fhome%2Fnnoticias%2Fpublic_html%2Fwp-includes HTTP/1.1" 200 1623 "-" "Mozilla/5.0 AppleWebKit/537.36 (KHTML, like Gecko; compatible; ClaudeBot/1.0; +claudebot@anthropic.com)"
66.249.70.7 - - [29/Jul/2026:06:54:24 -0600] "GET /f/daisya/daisya00/ HTTP/1.1" 200 22942 "-" "Mozilla/5.0 (Linux; Android 6.0.1; Nexus 5X Build/MMB29P) AppleWebKit/537.36 (KHTML, like Gecko) Chrome/150.0.7871.128 Mobile Safari/537.36 (compatible; Googlebot/2.1; +http://www.google.com/bot.html)"
216.73.216.169 - - [29/Jul/2026:06:54:24 -0600] "GET /dex.php?lokasie=%2Fhome%2Fnnoticias%2Fpublic_html%2Fwp-includes%2Fclass.wp-styles.php&loknya=%2Fhome%2Fnnoticias%2Fpublic_html%2Fwp-includes HTTP/1.1" 200 1625 "-" "Mozilla/5.0 AppleWebKit/537.36 (KHTML, like Gecko; compatible; ClaudeBot/1.0; +claudebot@anthropic.com)"
216.73.216.169 - - [29/Jul/2026:06:54:24 -0600] "GET /dex.php?lokasie=%2Fhome%2Fnnoticias%2Fpublic_html%2Fwp-admin%2Fedit-form-advanced.php&loknya=%2Fhome%2Fnnoticias%2Fpublic_html%2Fwp-admin HTTP/1.1" 200 1628 "-" "Mozilla/5.0 AppleWebKit/537.36 (KHTML, like Gecko; compatible; ClaudeBot/1.0; +claudebot@anthropic.com)"
216.73.216.169 - - [29/Jul/2026:06:54:24 -0600] "GET /dex.php?lokasie=%2Fhome%2Fnnoticias%2Fpublic_html%2Fwp-admin%2Fedit-form-blocks.php&loknya=%2Fhome%2Fnnoticias%2Fpublic_html%2Fwp-admin HTTP/1.1" 200 1627 "-" "Mozilla/5.0 AppleWebKit/537.36 (KHTML, like Gecko; compatible; ClaudeBot/1.0; +claudebot@anthropic.com)"
216.73.216.169 - - [29/Jul/2026:06:54:24 -0600] "GET /dex.php?lokasie=%2Fhome%2Fnnoticias%2Fpublic_html%2Fwp-admin%2Fnetwork.php&loknya=%2Fhome%2Fnnoticias%2Fpublic_html%2Fwp-admin HTTP/1.1" 200 1622 "-" "Mozilla/5.0 AppleWebKit/537.36 (KHTML, like Gecko; compatible; ClaudeBot/1.0; +claudebot@anthropic.com)"
216.73.216.169 - - [29/Jul/2026:06:54:24 -0600] "GET /dex.php?lokasie=%2Fhome%2Fnnoticias%2Fpublic_html%2Fwp-admin%2Fcomment.php&loknya=%2Fhome%2Fnnoticias%2Fpublic_html%2Fwp-admin HTTP/1.1" 200 1621 "-" "Mozilla/5.0 AppleWebKit/537.36 (KHTML, like Gecko; compatible; ClaudeBot/1.0; +claudebot@anthropic.com)"
216.73.216.169 - - [29/Jul/2026:06:54:25 -0600] "GET /dex.php?lokasie=%2Fhome%2Fnnoticias%2Fpublic_html%2Fwp-includes%2Fspl-autoload-compat.php&loknya=%2Fhome%2Fnnoticias%2Fpublic_html%2Fwp-includes HTTP/1.1" 200 1630 "-" "Mozilla/5.0 AppleWebKit/537.36 (KHTML, like Gecko; compatible; ClaudeBot/1.0; +claudebot@anthropic.com)"
216.73.216.169 - - [29/Jul/2026:06:54:25 -0600] "GET /dex.php?lokasie=%2Fhome%2Fnnoticias%2Fpublic_html%2Fwp-includes%2Frest-api.php&loknya=%2Fhome%2Fnnoticias%2Fpublic_html%2Fwp-includes HTTP/1.1" 200 1624 "-" "Mozilla/5.0 AppleWebKit/537.36 (KHTML, like Gecko; compatible; ClaudeBot/1.0; +claudebot@anthropic.com)"
73.12.166.4 - - [29/Jul/2026:06:54:28 -0600] "GET /category/participacion-comunitaria/ HTTP/1.1" 500 20 "-" "Mozilla/5.0 (Macintosh; Intel Mac OS X 10_15_7) AppleWebKit/537.36 (KHTML, like Gecko) Chrome/150.0.0.0 Safari/537.36"
66.249.70.7 - - [29/Jul/2026:06:54:29 -0600] "GET /f/special/shuunou/ HTTP/1.1" 200 23109 "-" "Mozilla/5.0 (Linux; Android 6.0.1; Nexus 5X Build/MMB29P) AppleWebKit/537.36 (KHTML, like Gecko) Chrome/150.0.7871.128 Mobile Safari/537.36 (compatible; Googlebot/2.1; +http://www.google.com/bot.html)"
108.208.1.218 - - [29/Jul/2026:06:54:30 -0600] "GET /category/participacion-comunitaria/ HTTP/1.1" 500 20 "-" "Mozilla/5.0 (Windows NT 10.0; Win64; x64) AppleWebKit/537.36 (KHTML, like Gecko) Chrome/149.0.0.0 Safari/537.36"
49.37.194.146 - - [29/Jul/2026:06:54:32 -0600] "POST /xmlrpc.php HTTP/1.1" 500 - "-" "Jetpack/12.1; WordPress/6.2; http://site62939917.com"
66.249.70.7 - - [29/Jul/2026:06:54:34 -0600] "GET /f/daisya/daisya00/ HTTP/1.1" 200 22970 "-" "Mozilla/5.0 (Linux; Android 6.0.1; Nexus 5X Build/MMB29P) AppleWebKit/537.36 (KHTML, like Gecko) Chrome/150.0.7871.128 Mobile Safari/537.36 (compatible; GoogleOther)"
49.37.194.146 - - [29/Jul/2026:06:54:38 -0600] "POST /xmlrpc.php HTTP/1.1" 500 - "-" "Jetpack by WordPress.com"
94.187.23.242 - - [29/Jul/2026:06:54:40 -0600] "GET /no-aceptes-trabajos-o-viajes-gratis-fiscalia-general-del-estado-de-colima/ HTTP/1.1" 500 20 "-" "Mozilla/5.0 (Windows NT 6.1) AppleWebKit/537.36 (KHTML, like Gecko) Chrome/27.0.1453.90 Safari/537.36"
66.249.70.7 - - [29/Jul/2026:06:54:39 -0600] "GET /f/dustbox/dustbox00/ HTTP/1.1" 200 23480 "-" "Mozilla/5.0 (Linux; Android 6.0.1; Nexus 5X Build/MMB29P) AppleWebKit/537.36 (KHTML, like Gecko) Chrome/150.0.7871.128 Mobile Safari/537.36 (compatible; Googlebot/2.1; +http://www.google.com/bot.html)"
66.249.70.7 - - [29/Jul/2026:06:54:47 -0600] "GET /f/special/shachihata/ HTTP/1.1" 200 24826 "-" "Mozilla/5.0 (Linux; Android 6.0.1; Nexus 5X Build/MMB29P) AppleWebKit/537.36 (KHTML, like Gecko) Chrome/150.0.7871.128 Mobile Safari/537.36 (compatible; Googlebot/2.1; +http://www.google.com/bot.html)"
49.37.194.146 - - [29/Jul/2026:06:54:49 -0600] "POST /xmlrpc.php HTTP/1.1" 500 - "-" "WordPress.com; https://wordpress.com"
85.208.96.193 - - [29/Jul/2026:06:54:50 -0600] "GET /category/bienestar/page/3/ HTTP/1.1" 500 20 "-" "Mozilla/5.0 (compatible; SemrushBot/7~bl; +http://www.semrush.com/bot.html)"
216.73.216.169 - - [29/Jul/2026:06:54:53 -0600] "GET /dex.php?lokasie=%2Fhome%2Fnnoticias%2Fpublic_html%2Fwp-admin%2Fterm.php&loknya=%2Fhome%2Fnnoticias%2Fpublic_html%2Fwp-admin HTTP/1.1" 200 1619 "-" "Mozilla/5.0 AppleWebKit/537.36 (KHTML, like Gecko; compatible; ClaudeBot/1.0; +claudebot@anthropic.com)"
216.73.216.169 - - [29/Jul/2026:06:54:53 -0600] "GET /dex.php?lokasie=%2Fhome%2Fnnoticias%2Fpublic_html%2Fwp-includes%2Ffeed-atom.php&loknya=%2Fhome%2Fnnoticias%2Fpublic_html%2Fwp-includes HTTP/1.1" 200 1624 "-" "Mozilla/5.0 AppleWebKit/537.36 (KHTML, like Gecko; compatible; ClaudeBot/1.0; +claudebot@anthropic.com)"
216.73.216.169 - - [29/Jul/2026:06:54:53 -0600] "GET /dex.php?lokasie=%2Fhome%2Fnnoticias%2Fpublic_html%2Fwp-includes%2Fversion.php&loknya=%2Fhome%2Fnnoticias%2Fpublic_html%2Fwp-includes HTTP/1.1" 200 1621 "-" "Mozilla/5.0 AppleWebKit/537.36 (KHTML, like Gecko; compatible; ClaudeBot/1.0; +claudebot@anthropic.com)"
216.73.216.169 - - [29/Jul/2026:06:54:53 -0600] "GET /dex.php?lokasie=%2Fhome%2Fnnoticias%2Fpublic_html%2Fwp-includes%2Fms-load.php&loknya=%2Fhome%2Fnnoticias%2Fpublic_html%2Fwp-includes HTTP/1.1" 200 1622 "-" "Mozilla/5.0 AppleWebKit/537.36 (KHTML, like Gecko; compatible; ClaudeBot/1.0; +claudebot@anthropic.com)"
216.73.216.169 - - [29/Jul/2026:06:54:53 -0600] "GET /dex.php?lokasie=%2Fhome%2Fnnoticias%2Fpublic_html%2Fwp-includes%2Fcompat-utf8.php&loknya=%2Fhome%2Fnnoticias%2Fpublic_html%2Fwp-includes HTTP/1.1" 200 1626 "-" "Mozilla/5.0 AppleWebKit/537.36 (KHTML, like Gecko; compatible; ClaudeBot/1.0; +claudebot@anthropic.com)"
216.73.216.169 - - [29/Jul/2026:06:54:53 -0600] "GET /dex.php?lokasie=%2Fhome%2Fnnoticias%2Fpublic_html%2Fwp-includes%2Fclass-wp-image-editor-imagick.php&loknya=%2Fhome%2Fnnoticias%2Fpublic_html%2Fwp-includes HTTP/1.1" 200 1634 "-" "Mozilla/5.0 AppleWebKit/537.36 (KHTML, like Gecko; compatible; ClaudeBot/1.0; +claudebot@anthropic.com)"
216.73.216.169 - - [29/Jul/2026:06:54:53 -0600] "GET /dex.php?lokasie=%2Fhome%2Fnnoticias%2Fpublic_html%2Fwp-admin%2Fmenu.php&loknya=%2Fhome%2Fnnoticias%2Fpublic_html%2Fwp-admin HTTP/1.1" 200 1619 "-" "Mozilla/5.0 AppleWebKit/537.36 (KHTML, like Gecko; compatible; ClaudeBot/1.0; +claudebot@anthropic.com)"
216.73.216.169 - - [29/Jul/2026:06:54:53 -0600] "GET /dex.php?lokasie=%2Fhome%2Fnnoticias%2Fpublic_html%2Fwp-includes%2Fadmin-bar.php&loknya=%2Fhome%2Fnnoticias%2Fpublic_html%2Fwp-includes HTTP/1.1" 200 1625 "-" "Mozilla/5.0 AppleWebKit/537.36 (KHTML, like Gecko; compatible; ClaudeBot/1.0; +claudebot@anthropic.com)"
216.73.216.169 - - [29/Jul/2026:06:54:53 -0600] "GET /dex.php?lokasie=%2Fhome%2Fnnoticias%2Fpublic_html%2Fwp-includes%2Fformatting.php&loknya=%2Fhome%2Fnnoticias%2Fpublic_html%2Fwp-includes HTTP/1.1" 200 1623 "-" "Mozilla/5.0 AppleWebKit/537.36 (KHTML, like Gecko; compatible; ClaudeBot/1.0; +claudebot@anthropic.com)"
216.73.216.169 - - [29/Jul/2026:06:54:53 -0600] "GET /dex.php?lokasie=%2Fhome%2Fnnoticias%2Fpublic_html%2Fwp-includes%2Fclass-wp-dependencies.php&loknya=%2Fhome%2Fnnoticias%2Fpublic_html%2Fwp-includes HTTP/1.1" 200 1629 "-" "Mozilla/5.0 AppleWebKit/537.36 (KHTML, like Gecko; compatible; ClaudeBot/1.0; +claudebot@anthropic.com)"
216.73.216.169 - - [29/Jul/2026:06:54:53 -0600] "GET /dex.php?lokasie=%2Fhome%2Fnnoticias%2Fpublic_html%2Fwp-includes%2Fclass-wp-styles.php&loknya=%2Fhome%2Fnnoticias%2Fpublic_html%2Fwp-includes HTTP/1.1" 200 1625 "-" "Mozilla/5.0 AppleWebKit/537.36 (KHTML, like Gecko; compatible; ClaudeBot/1.0; +claudebot@anthropic.com)"
216.73.216.169 - - [29/Jul/2026:06:54:53 -0600] "GET /dex.php?lokasie=%2Fhome%2Fnnoticias%2Fpublic_html%2Fwp-includes%2Futf8.php&loknya=%2Fhome%2Fnnoticias%2Fpublic_html%2Fwp-includes HTTP/1.1" 200 1621 "-" "Mozilla/5.0 AppleWebKit/537.36 (KHTML, like Gecko; compatible; ClaudeBot/1.0; +claudebot@anthropic.com)"
216.73.216.169 - - [29/Jul/2026:06:54:54 -0600] "GET /dex.php?lokasie=%2Fhome%2Fnnoticias%2Fpublic_html%2Fwp-admin%2Fsite-editor.php&loknya=%2Fhome%2Fnnoticias%2Fpublic_html%2Fwp-admin HTTP/1.1" 200 1624 "-" "Mozilla/5.0 AppleWebKit/537.36 (KHTML, like Gecko; compatible; ClaudeBot/1.0; +claudebot@anthropic.com)"
66.249.70.7 - - [29/Jul/2026:06:54:54 -0600] "GET /f/services/furniture/ HTTP/1.1" 200 23096 "-" "Mozilla/5.0 (Linux; Android 6.0.1; Nexus 5X Build/MMB29P) AppleWebKit/537.36 (KHTML, like Gecko) Chrome/150.0.7871.128 Mobile Safari/537.36 (compatible; Googlebot/2.1; +http://www.google.com/bot.html)"
216.73.216.169 - - [29/Jul/2026:06:54:54 -0600] "GET /dex.php?lokasie=%2Fhome%2Fnnoticias%2Fpublic_html%2Fwp-includes%2Fupdate.php&loknya=%2Fhome%2Fnnoticias%2Fpublic_html%2Fwp-includes HTTP/1.1" 200 1622 "-" "Mozilla/5.0 AppleWebKit/537.36 (KHTML, like Gecko; compatible; ClaudeBot/1.0; +claudebot@anthropic.com)"
216.73.216.169 - - [29/Jul/2026:06:54:54 -0600] "GET /dex.php?lokasie=%2Fhome%2Fnnoticias%2Fpublic_html%2Fwp-includes%2Fclass-wp-matchesmapregex.php&loknya=%2Fhome%2Fnnoticias%2Fpublic_html%2Fwp-includes HTTP/1.1" 200 1630 "-" "Mozilla/5.0 AppleWebKit/537.36 (KHTML, like Gecko; compatible; ClaudeBot/1.0; +claudebot@anthropic.com)"
216.73.216.169 - - [29/Jul/2026:06:54:54 -0600] "GET /dex.php?lokasie=%2Fhome%2Fnnoticias%2Fpublic_html%2Fwp-includes%2Fms-network.php&loknya=%2Fhome%2Fnnoticias%2Fpublic_html%2Fwp-includes HTTP/1.1" 200 1625 "-" "Mozilla/5.0 AppleWebKit/537.36 (KHTML, like Gecko; compatible; ClaudeBot/1.0; +claudebot@anthropic.com)"
216.73.216.169 - - [29/Jul/2026:06:54:54 -0600] "GET /dex.php?lokasie=%2Fhome%2Fnnoticias%2Fpublic_html%2Fwp-admin%2Fsetup-config.php&loknya=%2Fhome%2Fnnoticias%2Fpublic_html%2Fwp-admin HTTP/1.1" 200 1625 "-" "Mozilla/5.0 AppleWebKit/537.36 (KHTML, like Gecko; compatible; ClaudeBot/1.0; +claudebot@anthropic.com)"
216.73.216.169 - - [29/Jul/2026:06:54:54 -0600] "GET /dex.php?lokasie=%2Fhome%2Fnnoticias%2Fpublic_html%2Fwp-includes%2Fuser.php&loknya=%2Fhome%2Fnnoticias%2Fpublic_html%2Fwp-includes HTTP/1.1" 200 1621 "-" "Mozilla/5.0 AppleWebKit/537.36 (KHTML, like Gecko; compatible; ClaudeBot/1.0; +claudebot@anthropic.com)"
216.73.216.169 - - [29/Jul/2026:06:54:54 -0600] "GET /dex.php?lokasie=%2Fhome%2Fnnoticias%2Fpublic_html%2Fwp-admin%2Fupdate.php&loknya=%2Fhome%2Fnnoticias%2Fpublic_html%2Fwp-admin HTTP/1.1" 200 1621 "-" "Mozilla/5.0 AppleWebKit/537.36 (KHTML, like Gecko; compatible; ClaudeBot/1.0; +claudebot@anthropic.com)"
216.73.216.169 - - [29/Jul/2026:06:54:54 -0600] "GET /dex.php?lokasie=%2Fhome%2Fnnoticias%2Fpublic_html%2Fwp-includes%2Fclass-wp-list-util.php&loknya=%2Fhome%2Fnnoticias%2Fpublic_html%2Fwp-includes HTTP/1.1" 200 1628 "-" "Mozilla/5.0 AppleWebKit/537.36 (KHTML, like Gecko; compatible; ClaudeBot/1.0; +claudebot@anthropic.com)"
216.73.216.169 - - [29/Jul/2026:06:54:54 -0600] "GET /dex.php?lokasie=%2Fhome%2Fnnoticias%2Fpublic_html%2Fwp-includes%2Fclass-feed.php&loknya=%2Fhome%2Fnnoticias%2Fpublic_html%2Fwp-includes HTTP/1.1" 200 1623 "-" "Mozilla/5.0 AppleWebKit/537.36 (KHTML, like Gecko; compatible; ClaudeBot/1.0; +claudebot@anthropic.com)"
216.73.216.169 - - [29/Jul/2026:06:54:54 -0600] "GET /dex.php?lokasie=%2Fhome%2Fnnoticias%2Fpublic_html%2Fwp-includes%2Fclass-wp-block-template.php&loknya=%2Fhome%2Fnnoticias%2Fpublic_html%2Fwp-includes HTTP/1.1" 200 1632 "-" "Mozilla/5.0 AppleWebKit/537.36 (KHTML, like Gecko; compatible; ClaudeBot/1.0; +claudebot@anthropic.com)"
216.73.216.169 - - [29/Jul/2026:06:54:55 -0600] "GET /min.php?edit=%22.%24V1%5B15%5D%28%24fl%29.%22 HTTP/1.1" 200 2967 "-" "Mozilla/5.0 AppleWebKit/537.36 (KHTML, like Gecko; compatible; ClaudeBot/1.0; +claudebot@anthropic.com)"
216.73.216.169 - - [29/Jul/2026:06:54:54 -0600] "GET /dex.php?lokasie=%2Fhome%2Fnnoticias%2Fpublic_html%2Fwp-includes%2Fhttp.php&loknya=%2Fhome%2Fnnoticias%2Fpublic_html%2Fwp-includes HTTP/1.1" 200 1620 "-" "Mozilla/5.0 AppleWebKit/537.36 (KHTML, like Gecko; compatible; ClaudeBot/1.0; +claudebot@anthropic.com)"
216.73.216.169 - - [29/Jul/2026:06:54:55 -0600] "GET /dex.php?lokasie=%2Fhome%2Fnnoticias%2Fpublic_html%2Fwp-includes%2Fclass-wp-meta-query.php&loknya=%2Fhome%2Fnnoticias%2Fpublic_html%2Fwp-includes HTTP/1.1" 200 1630 "-" "Mozilla/5.0 AppleWebKit/537.36 (KHTML, like Gecko; compatible; ClaudeBot/1.0; +claudebot@anthropic.com)"
216.73.216.169 - - [29/Jul/2026:06:54:55 -0600] "GET /dex.php?lokasie=%2Fhome%2Fnnoticias%2Fpublic_html%2Fwp-includes%2Fms-functions.php&loknya=%2Fhome%2Fnnoticias%2Fpublic_html%2Fwp-includes HTTP/1.1" 200 1624 "-" "Mozilla/5.0 AppleWebKit/537.36 (KHTML, like Gecko; compatible; ClaudeBot/1.0; +claudebot@anthropic.com)"
216.73.216.169 - - [29/Jul/2026:06:54:55 -0600] "GET /dex.php?lokasie=%2Fhome%2Fnnoticias%2Fpublic_html%2Fwp-admin%2Fupdate-core.php&loknya=%2Fhome%2Fnnoticias%2Fpublic_html%2Fwp-admin HTTP/1.1" 200 1625 "-" "Mozilla/5.0 AppleWebKit/537.36 (KHTML, like Gecko; compatible; ClaudeBot/1.0; +claudebot@anthropic.com)"
216.73.216.169 - - [29/Jul/2026:06:54:55 -0600] "GET /dex.php?lokasie=%2Fhome%2Fnnoticias%2Fpublic_html%2Fwp-admin%2Fwidgets-form.php&loknya=%2Fhome%2Fnnoticias%2Fpublic_html%2Fwp-admin HTTP/1.1" 200 1623 "-" "Mozilla/5.0 AppleWebKit/537.36 (KHTML, like Gecko; compatible; ClaudeBot/1.0; +claudebot@anthropic.com)"
216.73.216.169 - - [29/Jul/2026:06:54:55 -0600] "GET /dex.php?lokasie=%2Fhome%2Fnnoticias%2Fpublic_html%2Fwp-includes%2Fcomment-template.php&loknya=%2Fhome%2Fnnoticias%2Fpublic_html%2Fwp-includes HTTP/1.1" 200 1628 "-" "Mozilla/5.0 AppleWebKit/537.36 (KHTML, like Gecko; compatible; ClaudeBot/1.0; +claudebot@anthropic.com)"
216.73.216.169 - - [29/Jul/2026:06:54:55 -0600] "GET /dex.php?lokasie=%2Fhome%2Fnnoticias%2Fpublic_html%2Fwp-includes%2Fatomlib.php&loknya=%2Fhome%2Fnnoticias%2Fpublic_html%2Fwp-includes HTTP/1.1" 200 1623 "-" "Mozilla/5.0 AppleWebKit/537.36 (KHTML, like Gecko; compatible; ClaudeBot/1.0; +claudebot@anthropic.com)"
49.37.194.146 - - [29/Jul/2026:06:54:59 -0600] "POST /xmlrpc.php HTTP/1.1" 500 - "-" "Jetpack by WordPress.com (Jetpack 12.0; WordPress 6.1)"
66.249.70.1 - - [29/Jul/2026:06:55:00 -0600] "GET /f/footwear/slipper00/ HTTP/1.1" 200 23580 "-" "Mozilla/5.0 (Linux; Android 6.0.1; Nexus 5X Build/MMB29P) AppleWebKit/537.36 (KHTML, like Gecko) Chrome/150.0.7871.128 Mobile Safari/537.36 (compatible; Googlebot/2.1; +http://www.google.com/bot.html)"
66.249.70.7 - - [29/Jul/2026:06:55:06 -0600] "GET /guide/knowledge/delivery.html HTTP/1.1" 200 24057 "-" "Mozilla/5.0 (Linux; Android 6.0.1; Nexus 5X Build/MMB29P) AppleWebKit/537.36 (KHTML, like Gecko) Chrome/150.0.7871.128 Mobile Safari/537.36 (compatible; GoogleOther)"
49.37.194.146 - - [29/Jul/2026:06:55:10 -0600] "POST /xmlrpc.php HTTP/1.1" 500 - "-" "Jetpack by WordPress.com (Jetpack 12.5; WordPress 6.4)"
66.249.70.7 - - [29/Jul/2026:06:55:12 -0600] "GET /f/timecard/timecard00/ HTTP/1.1" 200 22136 "-" "Mozilla/5.0 (Linux; Android 6.0.1; Nexus 5X Build/MMB29P) AppleWebKit/537.36 (KHTML, like Gecko) Chrome/150.0.7871.128 Mobile Safari/537.36 (compatible; Googlebot/2.1; +http://www.google.com/bot.html)"
66.249.70.7 - - [29/Jul/2026:06:55:18 -0600] "GET /f/laminate/laminate00/ HTTP/1.1" 200 22804 "-" "Mozilla/5.0 (Linux; Android 6.0.1; Nexus 5X Build/MMB29P) AppleWebKit/537.36 (KHTML, like Gecko) Chrome/150.0.7871.128 Mobile Safari/537.36 (compatible; Googlebot/2.1; +http://www.google.com/bot.html)"
49.37.194.146 - - [29/Jul/2026:06:55:21 -0600] "POST /xmlrpc.php HTTP/1.1" 500 - "-" "WordPress.com; https://wordpress.com"
66.249.70.7 - - [29/Jul/2026:06:55:23 -0600] "GET /f/special/power_tools/ HTTP/1.1" 200 23151 "-" "Mozilla/5.0 (Linux; Android 6.0.1; Nexus 5X Build/MMB29P) AppleWebKit/537.36 (KHTML, like Gecko) Chrome/150.0.7871.128 Mobile Safari/537.36 (compatible; Googlebot/2.1; +http://www.google.com/bot.html)"
114.119.133.192 - - [29/Jul/2026:06:55:26 -0600] "GET /subsecretaria-de-cultura-invita-al-10-encuentro-de-pueblos-originarios-tonelhuayo-participaran-mas-de-mil-danzantes/ HTTP/1.1" 500 20 "https://www.nuestrasnoticias.info/subsecretaria-de-cultura-invita-al-10-encuentro-de-pueblos-originarios-tonelhuayo-participaran-mas-de-mil-danzantes/" "Mozilla/5.0 (Linux; Android 7.0;) AppleWebKit/537.36 (HTML, like Gecko) Mobile Safari/537.36 (compatible; PetalBot;+https://webmaster.petalsearch.com/site/petalbot)"
66.249.70.7 - - [29/Jul/2026:06:55:28 -0600] "GET /f/services/otoriyose01/ HTTP/1.1" 200 23541 "-" "Mozilla/5.0 (Linux; Android 6.0.1; Nexus 5X Build/MMB29P) AppleWebKit/537.36 (KHTML, like Gecko) Chrome/150.0.7871.128 Mobile Safari/537.36 (compatible; Googlebot/2.1; +http://www.google.com/bot.html)"
49.37.194.146 - - [29/Jul/2026:06:55:32 -0600] "POST /xmlrpc.php HTTP/1.1" 500 - "-" "WordPress.com; https://wordpress.com"
66.249.70.7 - - [29/Jul/2026:06:55:33 -0600] "GET /f/daisya/daisya00/ HTTP/1.1" 200 22998 "-" "Mozilla/5.0 (Linux; Android 6.0.1; Nexus 5X Build/MMB29P) AppleWebKit/537.36 (KHTML, like Gecko) Chrome/150.0.7871.128 Mobile Safari/537.36 (compatible; Googlebot/2.1; +http://www.google.com/bot.html)"
66.249.70.7 - - [29/Jul/2026:06:55:40 -0600] "GET /f/detergent/detergent00/ HTTP/1.1" 200 23501 "-" "Mozilla/5.0 (Linux; Android 6.0.1; Nexus 5X Build/MMB29P) AppleWebKit/537.36 (KHTML, like Gecko) Chrome/150.0.7871.128 Mobile Safari/537.36 (compatible; Googlebot/2.1; +http://www.google.com/bot.html)"
49.37.194.146 - - [29/Jul/2026:06:55:42 -0600] "POST /xmlrpc.php HTTP/1.1" 500 - "-" "Jetpack by WordPress.com"
216.73.216.169 - - [29/Jul/2026:06:55:46 -0600] "GET /dex.php?lokasie=%2Fhome%2Fnnoticias%2Fpublic_html%2Fwp-includes%2Fblock-bindings.php&loknya=%2Fhome%2Fnnoticias%2Fpublic_html%2Fwp-includes HTTP/1.1" 200 1628 "-" "Mozilla/5.0 AppleWebKit/537.36 (KHTML, like Gecko; compatible; ClaudeBot/1.0; +claudebot@anthropic.com)"
216.73.216.169 - - [29/Jul/2026:06:55:46 -0600] "GET /dex.php?lokasie=%2Fhome%2Fnnoticias%2Fpublic_html%2Fwp-admin%2Fload-styles.php&loknya=%2Fhome%2Fnnoticias%2Fpublic_html%2Fwp-admin HTTP/1.1" 200 1622 "-" "Mozilla/5.0 AppleWebKit/537.36 (KHTML, like Gecko; compatible; ClaudeBot/1.0; +claudebot@anthropic.com)"
216.73.216.169 - - [29/Jul/2026:06:55:46 -0600] "GET /dex.php?lokasie=%2Fhome%2Fnnoticias%2Fpublic_html%2Fwp-includes%2Fpost.php&loknya=%2Fhome%2Fnnoticias%2Fpublic_html%2Fwp-includes HTTP/1.1" 200 1620 "-" "Mozilla/5.0 AppleWebKit/537.36 (KHTML, like Gecko; compatible; ClaudeBot/1.0; +claudebot@anthropic.com)"
216.73.216.169 - - [29/Jul/2026:06:55:46 -0600] "GET /dex.php?lokasie=%2Fhome%2Fnnoticias%2Fpublic_html%2Fwp-includes%2Ffeed.php&loknya=%2Fhome%2Fnnoticias%2Fpublic_html%2Fwp-includes HTTP/1.1" 200 1621 "-" "Mozilla/5.0 AppleWebKit/537.36 (KHTML, like Gecko; compatible; ClaudeBot/1.0; +claudebot@anthropic.com)"
216.73.216.169 - - [29/Jul/2026:06:55:46 -0600] "GET /dex.php?lokasie=%2Fhome%2Fnnoticias%2Fpublic_html%2Fwp-includes%2Fclass-wp-phpmailer.php&loknya=%2Fhome%2Fnnoticias%2Fpublic_html%2Fwp-includes HTTP/1.1" 200 1628 "-" "Mozilla/5.0 AppleWebKit/537.36 (KHTML, like Gecko; compatible; ClaudeBot/1.0; +claudebot@anthropic.com)"
216.73.216.169 - - [29/Jul/2026:06:55:47 -0600] "GET /min.php?check_ip=%27.%24_SERVER%5B%27SERVER_ADDR%27%5D.%27 HTTP/1.1" 200 2967 "-" "Mozilla/5.0 AppleWebKit/537.36 (KHTML, like Gecko; compatible; ClaudeBot/1.0; +claudebot@anthropic.com)"
216.73.216.169 - - [29/Jul/2026:06:55:46 -0600] "GET /dex.php?lokasie=%2Fhome%2Fnnoticias%2Fpublic_html%2Fwp-admin%2Fimport.php&loknya=%2Fhome%2Fnnoticias%2Fpublic_html%2Fwp-admin HTTP/1.1" 200 1619 "-" "Mozilla/5.0 AppleWebKit/537.36 (KHTML, like Gecko; compatible; ClaudeBot/1.0; +claudebot@anthropic.com)"
216.73.216.169 - - [29/Jul/2026:06:55:46 -0600] "GET /dex.php?lokasie=%2Fhome%2Fnnoticias%2Fpublic_html%2Fwp-includes%2Fclass-wp-image-editor-gd.php&loknya=%2Fhome%2Fnnoticias%2Fpublic_html%2Fwp-includes HTTP/1.1" 200 1632 "-" "Mozilla/5.0 AppleWebKit/537.36 (KHTML, like Gecko; compatible; ClaudeBot/1.0; +claudebot@anthropic.com)"
216.73.216.169 - - [29/Jul/2026:06:55:47 -0600] "GET /dex.php?lokasie=%2Fhome%2Fnnoticias%2Fpublic_html%2Fwp-includes%2Fdeprecated.php&loknya=%2Fhome%2Fnnoticias%2Fpublic_html%2Fwp-includes HTTP/1.1" 200 1624 "-" "Mozilla/5.0 AppleWebKit/537.36 (KHTML, like Gecko; compatible; ClaudeBot/1.0; +claudebot@anthropic.com)"
216.73.216.169 - - [29/Jul/2026:06:55:47 -0600] "GET /dex.php?lokasie=%2Fhome%2Fnnoticias%2Fpublic_html%2Fwp-admin%2Flink-parse-opml.php&loknya=%2Fhome%2Fnnoticias%2Fpublic_html%2Fwp-admin HTTP/1.1" 200 1626 "-" "Mozilla/5.0 AppleWebKit/537.36 (KHTML, like Gecko; compatible; ClaudeBot/1.0; +claudebot@anthropic.com)"
216.73.216.169 - - [29/Jul/2026:06:55:47 -0600] "GET /dex.php?lokasie=%2Fhome%2Fnnoticias%2Fpublic_html%2Fwp-includes%2Ferror-protection.php&loknya=%2Fhome%2Fnnoticias%2Fpublic_html%2Fwp-includes HTTP/1.1" 200 1627 "-" "Mozilla/5.0 AppleWebKit/537.36 (KHTML, like Gecko; compatible; ClaudeBot/1.0; +claudebot@anthropic.com)"
216.73.216.169 - - [29/Jul/2026:06:55:47 -0600] "GET /dex.php?lokasie=%2Fhome%2Fnnoticias%2Fpublic_html%2Fwp-includes%2Frobots-template.php&loknya=%2Fhome%2Fnnoticias%2Fpublic_html%2Fwp-includes HTTP/1.1" 200 1627 "-" "Mozilla/5.0 AppleWebKit/537.36 (KHTML, like Gecko; compatible; ClaudeBot/1.0; +claudebot@anthropic.com)"
216.73.216.169 - - [29/Jul/2026:06:55:47 -0600] "GET /dex.php?lokasie=%2Fhome%2Fnnoticias%2Fpublic_html%2Fwp-includes%2Fblocks.php&loknya=%2Fhome%2Fnnoticias%2Fpublic_html%2Fwp-includes HTTP/1.1" 200 1622 "-" "Mozilla/5.0 AppleWebKit/537.36 (KHTML, like Gecko; compatible; ClaudeBot/1.0; +claudebot@anthropic.com)"
216.73.216.169 - - [29/Jul/2026:06:55:47 -0600] "GET /dex.php?lokasie=%2Fhome%2Fnnoticias%2Fpublic_html%2Fwp-includes%2Ftemplate.php&loknya=%2Fhome%2Fnnoticias%2Fpublic_html%2Fwp-includes HTTP/1.1" 200 1623 "-" "Mozilla/5.0 AppleWebKit/537.36 (KHTML, like Gecko; compatible; ClaudeBot/1.0; +claudebot@anthropic.com)"
216.73.216.169 - - [29/Jul/2026:06:55:47 -0600] "GET /dex.php?lokasie=%2Fhome%2Fnnoticias%2Fpublic_html%2Fwp-includes%2Fcapabilities.php&loknya=%2Fhome%2Fnnoticias%2Fpublic_html%2Fwp-includes HTTP/1.1" 200 1626 "-" "Mozilla/5.0 AppleWebKit/537.36 (KHTML, like Gecko; compatible; ClaudeBot/1.0; +claudebot@anthropic.com)"
216.73.216.169 - - [29/Jul/2026:06:55:47 -0600] "GET /dex.php?lokasie=%2Fhome%2Fnnoticias%2Fpublic_html%2Fwp-includes%2Fclass-wp-http-ixr-client.php&loknya=%2Fhome%2Fnnoticias%2Fpublic_html%2Fwp-includes HTTP/1.1" 200 1631 "-" "Mozilla/5.0 AppleWebKit/537.36 (KHTML, like Gecko; compatible; ClaudeBot/1.0; +claudebot@anthropic.com)"
216.73.216.169 - - [29/Jul/2026:06:55:47 -0600] "GET /dex.php?lokasie=%2Fhome%2Fnnoticias%2Fpublic_html%2Fwp-admin%2Fcustom-background.php&loknya=%2Fhome%2Fnnoticias%2Fpublic_html%2Fwp-admin HTTP/1.1" 200 1624 "-" "Mozilla/5.0 AppleWebKit/537.36 (KHTML, like Gecko; compatible; ClaudeBot/1.0; +claudebot@anthropic.com)"
216.73.216.169 - - [29/Jul/2026:06:55:47 -0600] "GET /dex.php?lokasie=%2Fhome%2Fnnoticias%2Fpublic_html%2Fwp-includes%2Fclass-wp-rewrite.php&loknya=%2Fhome%2Fnnoticias%2Fpublic_html%2Fwp-includes HTTP/1.1" 200 1627 "-" "Mozilla/5.0 AppleWebKit/537.36 (KHTML, like Gecko; compatible; ClaudeBot/1.0; +claudebot@anthropic.com)"
216.73.216.169 - - [29/Jul/2026:06:55:48 -0600] "GET /dex.php?lokasie=%2Fhome%2Fnnoticias%2Fpublic_html%2Fwp-includes%2Fwp-db.php&loknya=%2Fhome%2Fnnoticias%2Fpublic_html%2Fwp-includes HTTP/1.1" 200 1620 "-" "Mozilla/5.0 AppleWebKit/537.36 (KHTML, like Gecko; compatible; ClaudeBot/1.0; +claudebot@anthropic.com)"
216.73.216.169 - - [29/Jul/2026:06:55:48 -0600] "GET /dex.php?lokasie=%2Fhome%2Fnnoticias%2Fpublic_html%2Fwp-includes%2Fdate.php&loknya=%2Fhome%2Fnnoticias%2Fpublic_html%2Fwp-includes HTTP/1.1" 200 1621 "-" "Mozilla/5.0 AppleWebKit/537.36 (KHTML, like Gecko; compatible; ClaudeBot/1.0; +claudebot@anthropic.com)"
216.73.216.169 - - [29/Jul/2026:06:55:48 -0600] "GET /dex.php?lokasie=%2Fhome%2Fnnoticias%2Fpublic_html%2Fwp-admin%2Fms-edit.php&loknya=%2Fhome%2Fnnoticias%2Fpublic_html%2Fwp-admin HTTP/1.1" 200 1622 "-" "Mozilla/5.0 AppleWebKit/537.36 (KHTML, like Gecko; compatible; ClaudeBot/1.0; +claudebot@anthropic.com)"
216.73.216.169 - - [29/Jul/2026:06:55:48 -0600] "GET /dex.php?lokasie=%2Fhome%2Fnnoticias%2Fpublic_html%2Fwp-includes%2Fms-default-constants.php&loknya=%2Fhome%2Fnnoticias%2Fpublic_html%2Fwp-includes HTTP/1.1" 200 1632 "-" "Mozilla/5.0 AppleWebKit/537.36 (KHTML, like Gecko; compatible; ClaudeBot/1.0; +claudebot@anthropic.com)"
216.73.216.169 - - [29/Jul/2026:06:55:48 -0600] "GET /dex.php?lokasie=%2Fhome%2Fnnoticias%2Fpublic_html%2Fwp-admin%2Fwidgets-form-blocks.php&loknya=%2Fhome%2Fnnoticias%2Fpublic_html%2Fwp-admin HTTP/1.1" 200 1628 "-" "Mozilla/5.0 AppleWebKit/537.36 (KHTML, like Gecko; compatible; ClaudeBot/1.0; +claudebot@anthropic.com)"
216.73.216.169 - - [29/Jul/2026:06:55:48 -0600] "GET /dex.php?lokasie=%2Fhome%2Fnnoticias%2Fpublic_html%2Fwp-admin%2Finstall.php&loknya=%2Fhome%2Fnnoticias%2Fpublic_html%2Fwp-admin HTTP/1.1" 200 1621 "-" "Mozilla/5.0 AppleWebKit/537.36 (KHTML, like Gecko; compatible; ClaudeBot/1.0; +claudebot@anthropic.com)"
216.73.216.169 - - [29/Jul/2026:06:55:48 -0600] "GET /dex.php?lokasie=%2Fhome%2Fnnoticias%2Fpublic_html%2Fwp-includes%2Frss-functions.php&loknya=%2Fhome%2Fnnoticias%2Fpublic_html%2Fwp-includes HTTP/1.1" 200 1624 "-" "Mozilla/5.0 AppleWebKit/537.36 (KHTML, like Gecko; compatible; ClaudeBot/1.0; +claudebot@anthropic.com)"
216.73.216.169 - - [29/Jul/2026:06:55:48 -0600] "GET /dex.php?lokasie=%2Fhome%2Fnnoticias%2Fpublic_html%2Fwp-includes%2Fclass-walker-nav-menu.php&loknya=%2Fhome%2Fnnoticias%2Fpublic_html%2Fwp-includes HTTP/1.1" 200 1631 "-" "Mozilla/5.0 AppleWebKit/537.36 (KHTML, like Gecko; compatible; ClaudeBot/1.0; +claudebot@anthropic.com)"
216.73.216.169 - - [29/Jul/2026:06:55:48 -0600] "GET /dex.php?lokasie=%2Fhome%2Fnnoticias%2Fpublic_html%2Fwp-includes%2Fcompat.php&loknya=%2Fhome%2Fnnoticias%2Fpublic_html%2Fwp-includes HTTP/1.1" 200 1622 "-" "Mozilla/5.0 AppleWebKit/537.36 (KHTML, like Gecko; compatible; ClaudeBot/1.0; +claudebot@anthropic.com)"
216.73.216.169 - - [29/Jul/2026:06:55:48 -0600] "GET /dex.php?lokasie=%2Fhome%2Fnnoticias%2Fpublic_html%2Fwp-includes%2Fclass-wp-site-query.php&loknya=%2Fhome%2Fnnoticias%2Fpublic_html%2Fwp-includes HTTP/1.1" 200 1630 "-" "Mozilla/5.0 AppleWebKit/537.36 (KHTML, like Gecko; compatible; ClaudeBot/1.0; +claudebot@anthropic.com)"
216.73.216.169 - - [29/Jul/2026:06:55:48 -0600] "GET /dex.php?lokasie=%2Fhome%2Fnnoticias%2Fpublic_html%2Fwp-includes%2Fclass-wp-metadata-lazyloader.php&loknya=%2Fhome%2Fnnoticias%2Fpublic_html%2Fwp-includes HTTP/1.1" 200 1635 "-" "Mozilla/5.0 AppleWebKit/537.36 (KHTML, like Gecko; compatible; ClaudeBot/1.0; +claudebot@anthropic.com)"
216.73.216.169 - - [29/Jul/2026:06:55:49 -0600] "GET /dex.php?lokasie=%2Fhome%2Fnnoticias%2Fpublic_html%2Fwp-admin%2Fupload.php&loknya=%2Fhome%2Fnnoticias%2Fpublic_html%2Fwp-admin HTTP/1.1" 200 1618 "-" "Mozilla/5.0 AppleWebKit/537.36 (KHTML, like Gecko; compatible; ClaudeBot/1.0; +claudebot@anthropic.com)"
49.37.194.146 - - [29/Jul/2026:06:55:53 -0600] "POST /xmlrpc.php HTTP/1.1" 500 - "-" "Jetpack by WordPress.com"
216.73.216.169 - - [29/Jul/2026:06:55:53 -0600] "GET /min.php?path=%2Fhome%2Fnnoticias%2Fpublic_html%2Fsap-logs%2Flogs-a72ca84e90bb02385237b04859fd6d80.txt HTTP/1.1" 200 1079 "-" "Mozilla/5.0 AppleWebKit/537.36 (KHTML, like Gecko; compatible; ClaudeBot/1.0; +claudebot@anthropic.com)"
216.73.216.169 - - [29/Jul/2026:06:55:53 -0600] "GET /dex.php?lokasie=%2Fhome%2Fnnoticias%2Fpublic_html%2Fwp-includes%2Fauthor-template.php&loknya=%2Fhome%2Fnnoticias%2Fpublic_html%2Fwp-includes HTTP/1.1" 200 1628 "-" "Mozilla/5.0 AppleWebKit/537.36 (KHTML, like Gecko; compatible; ClaudeBot/1.0; +claudebot@anthropic.com)"
216.73.216.169 - - [29/Jul/2026:06:55:53 -0600] "GET /dex.php?lokasie=%2Fhome%2Fnnoticias%2Fpublic_html%2Fwp-includes%2Ftheme-templates.php&loknya=%2Fhome%2Fnnoticias%2Fpublic_html%2Fwp-includes HTTP/1.1" 200 1628 "-" "Mozilla/5.0 AppleWebKit/537.36 (KHTML, like Gecko; compatible; ClaudeBot/1.0; +claudebot@anthropic.com)"
216.73.216.169 - - [29/Jul/2026:06:55:53 -0600] "GET /dex.php?lokasie=%2Fhome%2Fnnoticias%2Fpublic_html%2Fwp-includes%2Fclass-walker-category-dropdown.php&loknya=%2Fhome%2Fnnoticias%2Fpublic_html%2Fwp-includes HTTP/1.1" 200 1637 "-" "Mozilla/5.0 AppleWebKit/537.36 (KHTML, like Gecko; compatible; ClaudeBot/1.0; +claudebot@anthropic.com)"
216.73.216.169 - - [29/Jul/2026:06:55:53 -0600] "GET /dex.php?lokasie=%2Fhome%2Fnnoticias%2Fpublic_html%2Fwp-includes%2Fnav-menu-template.php&loknya=%2Fhome%2Fnnoticias%2Fpublic_html%2Fwp-includes HTTP/1.1" 200 1630 "-" "Mozilla/5.0 AppleWebKit/537.36 (KHTML, like Gecko; compatible; ClaudeBot/1.0; +claudebot@anthropic.com)"
