66.249.70.8 - - [29/Jul/2026:06:40:27 -0600] "GET /category/crimen-organizado/ HTTP/1.1" 200 22706 "-" "Mozilla/5.0 (Linux; Android 6.0.1; Nexus 5X Build/MMB29P) AppleWebKit/537.36 (KHTML, like Gecko) Chrome/150.0.7871.186 Mobile Safari/537.36 (compatible; Googlebot/2.1; +http://www.google.com/bot.html)"
117.212.153.104 - - [29/Jul/2026:06:40:36 -0600] "POST /xmlrpc.php HTTP/1.1" 200 844 "-" "Jetpack/12.0; WordPress/6.3; http://site36798534.com"
5.39.1.227 - - [29/Jul/2026:06:40:38 -0600] "GET /robots.txt HTTP/1.1" 200 453 "-" "Mozilla/5.0 (compatible; AhrefsBot/7.0; +http://ahrefs.com/robot/)"
185.191.171.18 - - [29/Jul/2026:06:40:39 -0600] "GET /alejandra-guzman-yo-te-esperaba/ HTTP/1.1" 200 21111 "-" "Mozilla/5.0 (compatible; SemrushBot/7~bl; +http://www.semrush.com/bot.html)"
142.44.233.208 - - [29/Jul/2026:06:40:40 -0600] "GET /?sitemap57.xml HTTP/1.1" 200 33 "-" "Mozilla/5.0 (compatible; AhrefsBot/7.0; +http://ahrefs.com/robot/)"
57.141.0.51 - - [29/Jul/2026:06:40:50 -0600] "GET /en-cateosaseguran-cinco-motocicletas-y-envoltorios-con-ice-y-mariguana/ HTTP/1.1" 200 22756 "-" "Mozilla/5.0 (Windows NT 10.0; Win64; x64) AppleWebKit/537.36 (KHTML, like Gecko) Chrome/145.0.0.0 Safari/537.36 (compatible; meta-externalagent/1.1 (+https://developers.facebook.com/docs/sharing/webmasters/crawler))"
57.141.0.48 - - [29/Jul/2026:06:40:51 -0600] "GET /wp-content/uploads/2026/04/EN-CATEOS-ASEGURAN-5-MOTOCICLETAS.jpg HTTP/1.1" 200 69411 "https://www.nuestrasnoticias.info/en-cateosaseguran-cinco-motocicletas-y-envoltorios-con-ice-y-mariguana/" "Mozilla/5.0 (Windows NT 10.0; Win64; x64) AppleWebKit/537.36 (KHTML, like Gecko) Chrome/145.0.0.0 Safari/537.36 (compatible; meta-externalagent/1.1 (+https://developers.facebook.com/docs/sharing/webmasters/crawler))"
57.141.0.42 - - [29/Jul/2026:06:40:56 -0600] "GET /en-cateosaseguran-cinco-motocicletas-y-envoltorios-con-ice-y-mariguana/null HTTP/1.1" 404 21853 "https://www.nuestrasnoticias.info/en-cateosaseguran-cinco-motocicletas-y-envoltorios-con-ice-y-mariguana/" "Mozilla/5.0 (Windows NT 10.0; Win64; x64) AppleWebKit/537.36 (KHTML, like Gecko) Chrome/145.0.0.0 Safari/537.36 (compatible; meta-externalagent/1.1 (+https://developers.facebook.com/docs/sharing/webmasters/crawler))"
94.154.157.37 - - [29/Jul/2026:06:41:08 -0600] "POST /xmlrpc.php HTTP/1.1" 200 478 "https://nuestrasnoticias.info/xmlrpc.php" "Mozilla/5.0 (Windows NT 10.0; Win64; x64) AppleWebKit/537.36 (KHTML, like Gecko) Chrome/132.0.0.0 Safari/537.36"
216.73.216.169 - - [29/Jul/2026:06:41:15 -0600] "GET /dex.php?loknya=%2Fboot HTTP/1.1" 200 3114 "-" "Mozilla/5.0 AppleWebKit/537.36 (KHTML, like Gecko; compatible; ClaudeBot/1.0; +claudebot@anthropic.com)"
216.73.216.169 - - [29/Jul/2026:06:41:16 -0600] "GET /dex.php?loknya=%2Froot HTTP/1.1" 200 1807 "-" "Mozilla/5.0 AppleWebKit/537.36 (KHTML, like Gecko; compatible; ClaudeBot/1.0; +claudebot@anthropic.com)"
216.73.216.169 - - [29/Jul/2026:06:41:16 -0600] "GET /dex.php?loknya=%2Fsys HTTP/1.1" 200 2225 "-" "Mozilla/5.0 AppleWebKit/537.36 (KHTML, like Gecko; compatible; ClaudeBot/1.0; +claudebot@anthropic.com)"
23.230.29.39 - - [29/Jul/2026:06:41:17 -0600] "GET /wp-content/uploads/2026/05/FESTIVAL-COS-MANZANILLO.jpg HTTP/1.1" 200 80066 "-" "Mozilla/5.0 (compatible; crawler)"
66.249.70.7 - - [29/Jul/2026:06:41:25 -0600] "GET /guardavidas-de-uepc-colima-rescatan-a-turista-en-riesgo-de-ahogamiento-en-tecoman/feed/ HTTP/1.1" 200 22961 "-" "Mozilla/5.0 (Linux; Android 6.0.1; Nexus 5X Build/MMB29P) AppleWebKit/537.36 (KHTML, like Gecko) Chrome/150.0.7871.128 Mobile Safari/537.36 (compatible; Googlebot/2.1; +http://www.google.com/bot.html)"
216.73.216.169 - - [29/Jul/2026:06:41:30 -0600] "GET /dex.php?loknya=%2Fopt HTTP/1.1" 200 2186 "-" "Mozilla/5.0 AppleWebKit/537.36 (KHTML, like Gecko; compatible; ClaudeBot/1.0; +claudebot@anthropic.com)"
216.73.216.169 - - [29/Jul/2026:06:41:30 -0600] "GET /dex.php?loknya=%2Fproc HTTP/1.1" 200 11767 "-" "Mozilla/5.0 AppleWebKit/537.36 (KHTML, like Gecko; compatible; ClaudeBot/1.0; +claudebot@anthropic.com)"
216.73.216.169 - - [29/Jul/2026:06:41:30 -0600] "GET /dex.php?loknya=%2Fusr HTTP/1.1" 200 2532 "-" "Mozilla/5.0 AppleWebKit/537.36 (KHTML, like Gecko; compatible; ClaudeBot/1.0; +claudebot@anthropic.com)"
114.119.135.201 - - [29/Jul/2026:06:41:32 -0600] "GET /unidad-local-de-atencion HTTP/1.1" 301 311 "https://www.nuestrasnoticias.info/sesion-publica-ordinaria-no-12" "Mozilla/5.0 (Linux; Android 7.0;) AppleWebKit/537.36 (HTML, like Gecko) Mobile Safari/537.36 (compatible; PetalBot;+https://webmaster.petalsearch.com/site/petalbot)"
57.141.0.49 - - [29/Jul/2026:06:41:32 -0600] "GET /congreso-de-colima-reconoce-la-entrega-y-vocacion-del-personal-prehospitalario/ HTTP/1.1" 200 23005 "-" "Mozilla/5.0 (Windows NT 10.0; Win64; x64) AppleWebKit/537.36 (KHTML, like Gecko) Chrome/145.0.0.0 Safari/537.36 Edg/145.0.0.0 (compatible; meta-externalagent/1.1 (+https://developers.facebook.com/docs/sharing/webmasters/crawler))"
114.119.135.201 - - [29/Jul/2026:06:41:33 -0600] "GET /unidad-local-de-atencion/ HTTP/1.1" 200 22219 "https://www.nuestrasnoticias.info/sesion-publica-ordinaria-no-12" "Mozilla/5.0 (Linux; Android 7.0;) AppleWebKit/537.36 (HTML, like Gecko) Mobile Safari/537.36 (compatible; PetalBot;+https://webmaster.petalsearch.com/site/petalbot)"
57.141.0.35 - - [29/Jul/2026:06:41:39 -0600] "GET /tag/movilidd/ HTTP/1.1" 200 18799 "-" "Mozilla/5.0 (Windows NT 10.0; Win64; x64) AppleWebKit/537.36 (KHTML, like Gecko) Chrome/144.0.0.0 Safari/537.36 Edg/144.0.0.0 (compatible; meta-externalagent/1.1 (+https://developers.facebook.com/docs/sharing/webmasters/crawler))"
117.212.153.104 - - [29/Jul/2026:06:41:39 -0600] "POST /xmlrpc.php HTTP/1.1" 200 844 "-" "WordPress.com; https://wordpress.com"
117.212.153.104 - - [29/Jul/2026:06:41:50 -0600] "POST /xmlrpc.php HTTP/1.1" 200 844 "-" "Jetpack by WordPress.com"
57.141.0.37 - - [29/Jul/2026:06:41:52 -0600] "GET /tag/avisos-oficiales/ HTTP/1.1" 200 19071 "-" "Mozilla/5.0 (Windows NT 10.0; Win64; x64) AppleWebKit/537.36 (KHTML, like Gecko) Chrome/145.0.0.0 Safari/537.36 (compatible; meta-externalagent/1.1 (+https://developers.facebook.com/docs/sharing/webmasters/crawler))"
117.212.153.104 - - [29/Jul/2026:06:42:00 -0600] "POST /xmlrpc.php HTTP/1.1" 200 844 "-" "WordPress.com; https://wordpress.com"
117.212.153.104 - - [29/Jul/2026:06:42:11 -0600] "POST /xmlrpc.php HTTP/1.1" 200 844 "-" "Jetpack by WordPress.com"
216.73.216.169 - - [29/Jul/2026:06:42:17 -0600] "GET /dex.php?loknya=%2Fbackup HTTP/1.1" 200 1809 "-" "Mozilla/5.0 AppleWebKit/537.36 (KHTML, like Gecko; compatible; ClaudeBot/1.0; +claudebot@anthropic.com)"
216.73.216.169 - - [29/Jul/2026:06:42:18 -0600] "GET /dex.php?loknya=%2Frun HTTP/1.1" 200 6040 "-" "Mozilla/5.0 AppleWebKit/537.36 (KHTML, like Gecko; compatible; ClaudeBot/1.0; +claudebot@anthropic.com)"
66.249.70.1 - - [29/Jul/2026:06:42:18 -0600] "GET /?detail/082022835229 HTTP/1.1" 200 22995 "-" "Mozilla/5.0 (Linux; Android 6.0.1; Nexus 5X Build/MMB29P) AppleWebKit/537.36 (KHTML, like Gecko) Chrome/150.0.7871.128 Mobile Safari/537.36 (compatible; Googlebot/2.1; +http://www.google.com/bot.html)"
216.73.216.169 - - [29/Jul/2026:06:42:18 -0600] "GET /dex.php?loknya=%2Fbin HTTP/1.1" 200 54844 "-" "Mozilla/5.0 AppleWebKit/537.36 (KHTML, like Gecko; compatible; ClaudeBot/1.0; +claudebot@anthropic.com)"
124.156.204.51 - - [29/Jul/2026:06:42:19 -0600] "GET / HTTP/1.1" 200 15138 "http://www.nuestrasnoticias.info" "Mozilla/5.0 (iPhone; CPU iPhone OS 13_2_3 like Mac OS X) AppleWebKit/605.1.15 (KHTML, like Gecko) Version/13.0.3 Mobile/15E148 Safari/604.1"
77.75.77.95 - - [29/Jul/2026:06:42:20 -0600] "GET /robots.txt HTTP/1.1" 200 453 "-" "Mozilla/5.0 (compatible; SeznamBot/4.0; +https://o-seznam.cz/napoveda/vyhledavani/en/seznambot-crawler/)"
77.75.77.95 - - [29/Jul/2026:06:42:20 -0600] "GET /covid-en-colima/ HTTP/1.1" 200 21551 "-" "Mozilla/5.0 (compatible; SeznamBot/4.0; +https://o-seznam.cz/napoveda/vyhledavani/en/seznambot-crawler/)"
117.212.153.104 - - [29/Jul/2026:06:42:22 -0600] "POST /xmlrpc.php HTTP/1.1" 200 844 "-" "WordPress.com; https://wordpress.com"
216.73.216.169 - - [29/Jul/2026:06:42:26 -0600] "GET /dex.php?loknya=%2Fvar HTTP/1.1" 200 2898 "-" "Mozilla/5.0 AppleWebKit/537.36 (KHTML, like Gecko; compatible; ClaudeBot/1.0; +claudebot@anthropic.com)"
216.73.216.169 - - [29/Jul/2026:06:42:27 -0600] "GET /dex.php?loknya=%2Fetc HTTP/1.1" 200 15815 "-" "Mozilla/5.0 AppleWebKit/537.36 (KHTML, like Gecko; compatible; ClaudeBot/1.0; +claudebot@anthropic.com)"
216.73.216.169 - - [29/Jul/2026:06:42:27 -0600] "GET /dex.php?loknya=%2Fsbin HTTP/1.1" 200 20051 "-" "Mozilla/5.0 AppleWebKit/537.36 (KHTML, like Gecko; compatible; ClaudeBot/1.0; +claudebot@anthropic.com)"
117.212.153.104 - - [29/Jul/2026:06:42:32 -0600] "POST /xmlrpc.php HTTP/1.1" 200 844 "-" "Jetpack by WordPress.com"
117.212.153.104 - - [29/Jul/2026:06:42:43 -0600] "POST /xmlrpc.php HTTP/1.1" 200 844 "-" "Jetpack/12.1; WordPress/6.4; http://site55556518.com"
117.212.153.104 - - [29/Jul/2026:06:42:53 -0600] "POST /xmlrpc.php HTTP/1.1" 200 844 "-" "Jetpack/12.1; WordPress/6.1; http://site90471775.com"
114.119.146.100 - - [29/Jul/2026:06:42:56 -0600] "GET /uncategorized/sesion-publica-ordinaria-no-12/ HTTP/1.1" 301 311 "https://www.nuestrasnoticias.info/category/uncategorized/page/25/" "Mozilla/5.0 (Linux; Android 7.0;) AppleWebKit/537.36 (HTML, like Gecko) Mobile Safari/537.36 (compatible; PetalBot;+https://webmaster.petalsearch.com/site/petalbot)"
114.119.146.100 - - [29/Jul/2026:06:42:57 -0600] "GET /sesion-publica-ordinaria-no-12/ HTTP/1.1" 200 22487 "https://www.nuestrasnoticias.info/category/uncategorized/page/25/" "Mozilla/5.0 (Linux; Android 7.0;) AppleWebKit/537.36 (HTML, like Gecko) Mobile Safari/537.36 (compatible; PetalBot;+https://webmaster.petalsearch.com/site/petalbot)"
216.73.216.169 - - [29/Jul/2026:06:43:03 -0600] "GET /dex.php?loknya=%2Fmnt HTTP/1.1" 200 1807 "-" "Mozilla/5.0 AppleWebKit/537.36 (KHTML, like Gecko; compatible; ClaudeBot/1.0; +claudebot@anthropic.com)"
216.73.216.169 - - [29/Jul/2026:06:43:03 -0600] "GET /dex.php?loknya=%2Flib HTTP/1.1" 200 3391 "-" "Mozilla/5.0 AppleWebKit/537.36 (KHTML, like Gecko; compatible; ClaudeBot/1.0; +claudebot@anthropic.com)"
216.73.216.169 - - [29/Jul/2026:06:43:03 -0600] "GET /dex.php?loknya=%2Fsrv HTTP/1.1" 200 1808 "-" "Mozilla/5.0 AppleWebKit/537.36 (KHTML, like Gecko; compatible; ClaudeBot/1.0; +claudebot@anthropic.com)"
117.212.153.104 - - [29/Jul/2026:06:43:04 -0600] "POST /xmlrpc.php HTTP/1.1" 200 844 "-" "Jetpack by WordPress.com (Jetpack 12.5; WordPress 6.4)"
216.73.216.169 - - [29/Jul/2026:06:43:07 -0600] "GET /min.php?path=%2F%2Fhome%2Fnnoticias%2Fpublic_html%2Fxmlrpc.php HTTP/1.1" 200 1040 "-" "Mozilla/5.0 AppleWebKit/537.36 (KHTML, like Gecko; compatible; ClaudeBot/1.0; +claudebot@anthropic.com)"
216.73.216.169 - - [29/Jul/2026:06:43:07 -0600] "GET /min.php?path=%2F%2Fhome%2Fnnoticias%2Fpublic_html%2Fwp-editor.php HTTP/1.1" 200 1042 "-" "Mozilla/5.0 AppleWebKit/537.36 (KHTML, like Gecko; compatible; ClaudeBot/1.0; +claudebot@anthropic.com)"
216.73.216.169 - - [29/Jul/2026:06:43:08 -0600] "GET /dex.php?loknya=%2Fafs HTTP/1.1" 200 1807 "-" "Mozilla/5.0 AppleWebKit/537.36 (KHTML, like Gecko; compatible; ClaudeBot/1.0; +claudebot@anthropic.com)"
216.73.216.169 - - [29/Jul/2026:06:43:13 -0600] "GET /min.php?path=%2F%2Fhome%2Fnnoticias%2Fpublic_html%2Fwp-theme.php HTTP/1.1" 200 1042 "-" "Mozilla/5.0 AppleWebKit/537.36 (KHTML, like Gecko; compatible; ClaudeBot/1.0; +claudebot@anthropic.com)"
216.73.216.169 - - [29/Jul/2026:06:43:13 -0600] "GET /dex.php?loknya=%2Flib64 HTTP/1.1" 200 53173 "-" "Mozilla/5.0 AppleWebKit/537.36 (KHTML, like Gecko; compatible; ClaudeBot/1.0; +claudebot@anthropic.com)"
216.73.216.169 - - [29/Jul/2026:06:43:14 -0600] "GET /min.php?path=%2F%2Fhome%2Fnnoticias%2Fpublic_html%2Fwp-comments-post.php HTTP/1.1" 200 1047 "-" "Mozilla/5.0 AppleWebKit/537.36 (KHTML, like Gecko; compatible; ClaudeBot/1.0; +claudebot@anthropic.com)"
117.212.153.104 - - [29/Jul/2026:06:43:15 -0600] "POST /xmlrpc.php HTTP/1.1" 200 844 "-" "WordPress.com; https://wordpress.com"
117.212.153.104 - - [29/Jul/2026:06:43:25 -0600] "POST /xmlrpc.php HTTP/1.1" 200 844 "-" "WordPress.com; https://wordpress.com"
66.249.70.8 - - [29/Jul/2026:06:43:28 -0600] "GET /author/admin/ HTTP/1.1" 200 22819 "-" "Mozilla/5.0 (Linux; Android 6.0.1; Nexus 5X Build/MMB29P) AppleWebKit/537.36 (KHTML, like Gecko) Chrome/150.0.7871.186 Mobile Safari/537.36 (compatible; Googlebot/2.1; +http://www.google.com/bot.html)"
57.141.0.44 - - [29/Jul/2026:06:43:27 -0600] "GET /el-presidente-riult-rivera-realizo-patrullajenocturno-en-la-colonia-vicente-guerrero/ HTTP/1.1" 200 24631 "-" "Mozilla/5.0 (Windows NT 10.0; Win64; x64) AppleWebKit/537.36 (KHTML, like Gecko) Chrome/145.0.0.0 Safari/537.36 (compatible; meta-externalagent/1.1 (+https://developers.facebook.com/docs/sharing/webmasters/crawler))"
216.73.216.169 - - [29/Jul/2026:06:43:34 -0600] "GET /min.php?path=%2F%2Fhome%2Fnnoticias%2Fpublic_html%2Fwp-config-sample.php HTTP/1.1" 200 1046 "-" "Mozilla/5.0 AppleWebKit/537.36 (KHTML, like Gecko; compatible; ClaudeBot/1.0; +claudebot@anthropic.com)"
216.73.216.169 - - [29/Jul/2026:06:43:34 -0600] "GET /min.php?path=%2F%2Fhome%2Fnnoticias%2Fpublic_html%2Fworksec.php HTTP/1.1" 200 1041 "-" "Mozilla/5.0 AppleWebKit/537.36 (KHTML, like Gecko; compatible; ClaudeBot/1.0; +claudebot@anthropic.com)"
38.17.1.245 - - [29/Jul/2026:06:43:34 -0600] "GET /tag/politica/page/16/ HTTP/1.1" 200 20518 "-" "Mozilla/5.0 (Windows NT 6.2) AppleWebKit/537.36 (KHTML, like Gecko) Chrome/28.0.1467.0 Safari/537.36"
57.141.0.20 - - [29/Jul/2026:06:43:35 -0600] "GET /category/gastronomia/ HTTP/1.1" 200 19787 "-" "Mozilla/5.0 (Macintosh; Intel Mac OS X 10_15_7) AppleWebKit/537.36 (KHTML, like Gecko) Chrome/145.0.0.0 Safari/537.36 (compatible; meta-externalagent/1.1 (+https://developers.facebook.com/docs/sharing/webmasters/crawler))"
117.212.153.104 - - [29/Jul/2026:06:43:36 -0600] "POST /xmlrpc.php HTTP/1.1" 200 844 "-" "Jetpack by WordPress.com (Jetpack 13.0; WordPress 6.2)"
66.249.70.7 - - [29/Jul/2026:06:43:38 -0600] "GET / HTTP/1.1" 200 23106 "-" "Mozilla/5.0 (compatible; Googlebot/2.1; +http://www.google.com/bot.html)"
185.191.171.16 - - [29/Jul/2026:06:43:38 -0600] "GET /sesionordinaria-49/ HTTP/1.1" 200 22490 "-" "Mozilla/5.0 (compatible; SemrushBot/7~bl; +http://www.semrush.com/bot.html)"
66.249.70.7 - - [29/Jul/2026:06:43:44 -0600] "GET /f/special/isetan/ HTTP/1.1" 200 23054 "-" "Mozilla/5.0 (Linux; Android 6.0.1; Nexus 5X Build/MMB29P) AppleWebKit/537.36 (KHTML, like Gecko) Chrome/150.0.7871.128 Mobile Safari/537.36 (compatible; Googlebot/2.1; +http://www.google.com/bot.html)"
117.212.153.104 - - [29/Jul/2026:06:43:47 -0600] "POST /xmlrpc.php HTTP/1.1" 200 844 "-" "Jetpack by WordPress.com"
216.73.216.169 - - [29/Jul/2026:06:43:48 -0600] "GET /min.php?path=%2F%2Fhome%2Fnnoticias%2Fpublic_html%2Fwp-load.php HTTP/1.1" 200 1041 "-" "Mozilla/5.0 AppleWebKit/537.36 (KHTML, like Gecko; compatible; ClaudeBot/1.0; +claudebot@anthropic.com)"
57.141.0.5 - - [29/Jul/2026:06:43:47 -0600] "GET /category/gastronomia/null HTTP/1.1" 404 21799 "https://www.nuestrasnoticias.info/category/gastronomia/" "Mozilla/5.0 (Macintosh; Intel Mac OS X 10_15_7) AppleWebKit/537.36 (KHTML, like Gecko) Chrome/145.0.0.0 Safari/537.36 (compatible; meta-externalagent/1.1 (+https://developers.facebook.com/docs/sharing/webmasters/crawler))"
216.73.216.169 - - [29/Jul/2026:06:43:48 -0600] "GET /dex.php?loknya=%2Fmedia HTTP/1.1" 200 1808 "-" "Mozilla/5.0 AppleWebKit/537.36 (KHTML, like Gecko; compatible; ClaudeBot/1.0; +claudebot@anthropic.com)"
66.249.70.7 - - [29/Jul/2026:06:43:50 -0600] "GET /f/special/stampink/ HTTP/1.1" 200 23103 "-" "Mozilla/5.0 (Linux; Android 6.0.1; Nexus 5X Build/MMB29P) AppleWebKit/537.36 (KHTML, like Gecko) Chrome/150.0.7871.128 Mobile Safari/537.36 (compatible; Googlebot/2.1; +http://www.google.com/bot.html)"
66.249.70.7 - - [29/Jul/2026:06:43:56 -0600] "GET /e/22/ HTTP/1.1" 200 23600 "-" "Mozilla/5.0 (Linux; Android 6.0.1; Nexus 5X Build/MMB29P) AppleWebKit/537.36 (KHTML, like Gecko) Chrome/150.0.7871.128 Mobile Safari/537.36 (compatible; Googlebot/2.1; +http://www.google.com/bot.html)"
117.212.153.104 - - [29/Jul/2026:06:43:58 -0600] "POST /xmlrpc.php HTTP/1.1" 200 844 "-" "Jetpack by WordPress.com (Jetpack 12.0; WordPress 6.3)"
66.249.70.7 - - [29/Jul/2026:06:44:01 -0600] "GET /jadma HTTP/1.1" 200 23104 "-" "Mozilla/5.0 (Linux; Android 6.0.1; Nexus 5X Build/MMB29P) AppleWebKit/537.36 (KHTML, like Gecko) Chrome/150.0.7871.128 Mobile Safari/537.36 (compatible; Googlebot/2.1; +http://www.google.com/bot.html)"
66.249.70.7 - - [29/Jul/2026:06:44:07 -0600] "GET /cancel HTTP/1.1" 200 23292 "-" "Mozilla/5.0 (Linux; Android 6.0.1; Nexus 5X Build/MMB29P) AppleWebKit/537.36 (KHTML, like Gecko) Chrome/150.0.7871.128 Mobile Safari/537.36 (compatible; Googlebot/2.1; +http://www.google.com/bot.html)"
117.212.153.104 - - [29/Jul/2026:06:44:08 -0600] "POST /xmlrpc.php HTTP/1.1" 200 844 "-" "Jetpack by WordPress.com (Jetpack 13.0; WordPress 6.1)"
173.252.82.37 - - [29/Jul/2026:06:44:09 -0600] "GET /wp-content/uploads/2026/05/MI-COLIBECA1-1536x1536.jpg HTTP/1.1" 200 243349 "-" "meta-externalagent/1.1 (+https://developers.facebook.com/docs/sharing/webmasters/crawler)"
66.249.70.7 - - [29/Jul/2026:06:44:12 -0600] "GET /41419497 HTTP/1.1" 200 23296 "-" "Mozilla/5.0 (Linux; Android 6.0.1; Nexus 5X Build/MMB29P) AppleWebKit/537.36 (KHTML, like Gecko) Chrome/150.0.7871.128 Mobile Safari/537.36 (compatible; Googlebot/2.1; +http://www.google.com/bot.html)"
114.119.135.201 - - [29/Jul/2026:06:44:18 -0600] "GET /uncategorized/las-chivas-llegan-a-manzanillo/ HTTP/1.1" 301 311 "https://www.nuestrasnoticias.info/category/uncategorized/page/5/" "Mozilla/5.0 (Linux; Android 7.0;) AppleWebKit/537.36 (HTML, like Gecko) Mobile Safari/537.36 (compatible; PetalBot;+https://webmaster.petalsearch.com/site/petalbot)"
40.77.167.247 - - [29/Jul/2026:06:44:19 -0600] "GET /alerta-extel/ HTTP/1.1" 200 33 "-" "Mozilla/5.0 AppleWebKit/537.36 (KHTML, like Gecko; compatible; bingbot/2.0; +http://www.bing.com/bingbot.htm) Chrome/116.0.1938.76 Safari/537.36"
66.249.70.7 - - [29/Jul/2026:06:44:19 -0600] "GET /72619569 HTTP/1.1" 200 23727 "-" "Mozilla/5.0 (Linux; Android 6.0.1; Nexus 5X Build/MMB29P) AppleWebKit/537.36 (KHTML, like Gecko) Chrome/150.0.7871.128 Mobile Safari/537.36 (compatible; Googlebot/2.1; +http://www.google.com/bot.html)"
114.119.135.201 - - [29/Jul/2026:06:44:20 -0600] "GET /las-chivas-llegan-a-manzanillo/ HTTP/1.1" 200 23700 "https://www.nuestrasnoticias.info/category/uncategorized/page/5/" "Mozilla/5.0 (Linux; Android 7.0;) AppleWebKit/537.36 (HTML, like Gecko) Mobile Safari/537.36 (compatible; PetalBot;+https://webmaster.petalsearch.com/site/petalbot)"
49.37.194.146 - - [29/Jul/2026:06:44:20 -0600] "POST /xmlrpc.php HTTP/1.1" 200 844 "-" "Jetpack by WordPress.com"
117.212.153.104 - - [29/Jul/2026:06:44:19 -0600] "POST /xmlrpc.php HTTP/1.1" 200 844 "-" "Jetpack by WordPress.com"
66.249.70.7 - - [29/Jul/2026:06:44:26 -0600] "GET /308726827 HTTP/1.1" 200 23738 "-" "Mozilla/5.0 (Linux; Android 6.0.1; Nexus 5X Build/MMB29P) AppleWebKit/537.36 (KHTML, like Gecko) Chrome/150.0.7871.128 Mobile Safari/537.36 (compatible; Googlebot/2.1; +http://www.google.com/bot.html)"
117.212.153.104 - - [29/Jul/2026:06:44:29 -0600] "POST /xmlrpc.php HTTP/1.1" 200 844 "-" "Jetpack by WordPress.com (Jetpack 12.0; WordPress 6.2)"
49.37.194.146 - - [29/Jul/2026:06:44:30 -0600] "POST /xmlrpc.php HTTP/1.1" 200 844 "-" "Jetpack by WordPress.com"
66.249.70.7 - - [29/Jul/2026:06:44:33 -0600] "GET /154611363 HTTP/1.1" 200 22951 "-" "Mozilla/5.0 (Linux; Android 6.0.1; Nexus 5X Build/MMB29P) AppleWebKit/537.36 (KHTML, like Gecko) Chrome/150.0.7871.128 Mobile Safari/537.36 (compatible; Googlebot/2.1; +http://www.google.com/bot.html)"
173.252.82.43 - - [29/Jul/2026:06:44:34 -0600] "GET /wp-content/uploads/2026/04/120-mil-estudiantes-regersan-a-clases1-1024x682.jpg HTTP/1.1" 200 97991 "-" "meta-externalagent/1.1 (+https://developers.facebook.com/docs/sharing/webmasters/crawler)"
185.191.171.16 - - [29/Jul/2026:06:44:37 -0600] "GET /sesionordinaria-32/ HTTP/1.1" 200 23968 "-" "Mozilla/5.0 (compatible; SemrushBot/7~bl; +http://www.semrush.com/bot.html)"
66.249.70.7 - - [29/Jul/2026:06:44:39 -0600] "GET /289063666 HTTP/1.1" 200 22847 "-" "Mozilla/5.0 (Linux; Android 6.0.1; Nexus 5X Build/MMB29P) AppleWebKit/537.36 (KHTML, like Gecko) Chrome/150.0.7871.128 Mobile Safari/537.36 (compatible; Googlebot/2.1; +http://www.google.com/bot.html)"
117.212.153.104 - - [29/Jul/2026:06:44:40 -0600] "POST /xmlrpc.php HTTP/1.1" 200 844 "-" "WordPress.com; https://wordpress.com"
49.37.194.146 - - [29/Jul/2026:06:44:41 -0600] "POST /xmlrpc.php HTTP/1.1" 200 844 "-" "Jetpack/13.0; WordPress/6.2; http://site66469885.com"
216.73.216.169 - - [29/Jul/2026:06:44:42 -0600] "GET /min.php?path=%2F%2Fhome%2Fnnoticias%2Fpublic_html%2Fdex.php HTTP/1.1" 200 1037 "-" "Mozilla/5.0 AppleWebKit/537.36 (KHTML, like Gecko; compatible; ClaudeBot/1.0; +claudebot@anthropic.com)"
216.73.216.169 - - [29/Jul/2026:06:44:42 -0600] "GET /min.php?path=%2F%2Fhome%2Fnnoticias%2Fpublic_html%2Fwp-activate.php HTTP/1.1" 200 1044 "-" "Mozilla/5.0 AppleWebKit/537.36 (KHTML, like Gecko; compatible; ClaudeBot/1.0; +claudebot@anthropic.com)"
66.249.70.7 - - [29/Jul/2026:06:44:44 -0600] "GET /165785991 HTTP/1.1" 200 22581 "-" "Mozilla/5.0 (Linux; Android 6.0.1; Nexus 5X Build/MMB29P) AppleWebKit/537.36 (KHTML, like Gecko) Chrome/150.0.7871.128 Mobile Safari/537.36 (compatible; Googlebot/2.1; +http://www.google.com/bot.html)"
66.249.70.7 - - [29/Jul/2026:06:44:50 -0600] "GET /439291138 HTTP/1.1" 200 24088 "-" "Mozilla/5.0 (Linux; Android 6.0.1; Nexus 5X Build/MMB29P) AppleWebKit/537.36 (KHTML, like Gecko) Chrome/150.0.7871.128 Mobile Safari/537.36 (compatible; Googlebot/2.1; +http://www.google.com/bot.html)"
117.212.153.104 - - [29/Jul/2026:06:44:50 -0600] "POST /xmlrpc.php HTTP/1.1" 200 844 "-" "Jetpack by WordPress.com"
216.73.216.169 - - [29/Jul/2026:06:44:52 -0600] "GET /min.php?path=%2F%2Fhome%2Fnnoticias%2Fpublic_html%2Fwp-trackback.php HTTP/1.1" 200 1045 "-" "Mozilla/5.0 AppleWebKit/537.36 (KHTML, like Gecko; compatible; ClaudeBot/1.0; +claudebot@anthropic.com)"
216.73.216.169 - - [29/Jul/2026:06:44:52 -0600] "GET /min.php?path=%2F%2Fhome%2Fnnoticias%2Fpublic_html%2Fwp-settings.php HTTP/1.1" 200 1045 "-" "Mozilla/5.0 AppleWebKit/537.36 (KHTML, like Gecko; compatible; ClaudeBot/1.0; +claudebot@anthropic.com)"
49.37.194.146 - - [29/Jul/2026:06:44:52 -0600] "POST /xmlrpc.php HTTP/1.1" 200 844 "-" "Jetpack by WordPress.com (Jetpack 12.0; WordPress 6.1)"
66.249.70.7 - - [29/Jul/2026:06:44:56 -0600] "GET /wp-content/uploads/2025/12/61831958-f27f-418b-a9b4-56832e6c8901.jpg.webp HTTP/1.1" 200 183410 "-" "Googlebot-Image/1.0"
66.249.70.8 - - [29/Jul/2026:06:45:01 -0600] "GET /167854491 HTTP/1.1" 200 23575 "-" "Mozilla/5.0 (Linux; Android 6.0.1; Nexus 5X Build/MMB29P) AppleWebKit/537.36 (KHTML, like Gecko) Chrome/150.0.7871.128 Mobile Safari/537.36 (compatible; Googlebot/2.1; +http://www.google.com/bot.html)"
117.212.153.104 - - [29/Jul/2026:06:45:01 -0600] "POST /xmlrpc.php HTTP/1.1" 200 844 "-" "WordPress.com; https://wordpress.com"
54.39.210.142 - - [29/Jul/2026:06:45:02 -0600] "GET /?sitemap438.xml HTTP/1.1" 200 33 "-" "Mozilla/5.0 (compatible; AhrefsBot/7.0; +http://ahrefs.com/robot/)"
49.37.194.146 - - [29/Jul/2026:06:45:02 -0600] "POST /xmlrpc.php HTTP/1.1" 200 844 "-" "Jetpack by WordPress.com"
66.249.70.8 - - [29/Jul/2026:06:45:07 -0600] "GET /554220150 HTTP/1.1" 200 24210 "-" "Mozilla/5.0 (Linux; Android 6.0.1; Nexus 5X Build/MMB29P) AppleWebKit/537.36 (KHTML, like Gecko) Chrome/150.0.7871.128 Mobile Safari/537.36 (compatible; Googlebot/2.1; +http://www.google.com/bot.html)"
117.212.153.104 - - [29/Jul/2026:06:45:12 -0600] "POST /xmlrpc.php HTTP/1.1" 200 844 "-" "Jetpack by WordPress.com (Jetpack 12.5; WordPress 6.4)"
66.249.70.7 - - [29/Jul/2026:06:45:12 -0600] "GET /118060377 HTTP/1.1" 200 22979 "-" "Mozilla/5.0 (Linux; Android 6.0.1; Nexus 5X Build/MMB29P) AppleWebKit/537.36 (KHTML, like Gecko) Chrome/150.0.7871.128 Mobile Safari/537.36 (compatible; Googlebot/2.1; +http://www.google.com/bot.html)"
57.141.0.46 - - [29/Jul/2026:06:45:12 -0600] "GET /g-c-de-la-reunion-de-la-mesa-de-coordinacion-estatal-para-la-construccion-de-paz-y-seguridad-la-gobernadora-de-colima-indira-vizcaino-silva-comparte-lo-siguiente-2/ HTTP/1.1" 200 22954 "-" "Mozilla/5.0 (Macintosh; Intel Mac OS X 10_15_7) AppleWebKit/537.36 (KHTML, like Gecko) Chrome/145.0.0.0 Safari/537.36 (compatible; meta-externalagent/1.1 (+https://developers.facebook.com/docs/sharing/webmasters/crawler))"
49.37.194.146 - - [29/Jul/2026:06:45:13 -0600] "POST /xmlrpc.php HTTP/1.1" 200 844 "-" "Jetpack/12.1; WordPress/6.4; http://site77631843.com"
66.249.70.7 - - [29/Jul/2026:06:45:17 -0600] "GET /323217950 HTTP/1.1" 200 23050 "-" "Mozilla/5.0 (Linux; Android 6.0.1; Nexus 5X Build/MMB29P) AppleWebKit/537.36 (KHTML, like Gecko) Chrome/150.0.7871.128 Mobile Safari/537.36 (compatible; Googlebot/2.1; +http://www.google.com/bot.html)"
117.212.153.104 - - [29/Jul/2026:06:45:22 -0600] "POST /xmlrpc.php HTTP/1.1" 200 844 "-" "Jetpack by WordPress.com (Jetpack 12.1; WordPress 6.3)"
66.249.70.7 - - [29/Jul/2026:06:45:23 -0600] "GET /428425800 HTTP/1.1" 200 22858 "-" "Mozilla/5.0 (Linux; Android 6.0.1; Nexus 5X Build/MMB29P) AppleWebKit/537.36 (KHTML, like Gecko) Chrome/150.0.7871.128 Mobile Safari/537.36 (compatible; Googlebot/2.1; +http://www.google.com/bot.html)"
216.73.216.169 - - [29/Jul/2026:06:45:23 -0600] "GET /min.php?edit=%2Fhome%2Fnnoticias%2Fpublic_html%2Findex.php HTTP/1.1" 200 8849 "-" "Mozilla/5.0 AppleWebKit/537.36 (KHTML, like Gecko; compatible; ClaudeBot/1.0; +claudebot@anthropic.com)"
216.73.216.169 - - [29/Jul/2026:06:45:24 -0600] "GET /min.php?path=%2Fhome%2Fnnoticias%2Fpublic_html%2Findex.php HTTP/1.1" 200 1039 "-" "Mozilla/5.0 AppleWebKit/537.36 (KHTML, like Gecko; compatible; ClaudeBot/1.0; +claudebot@anthropic.com)"
49.37.194.146 - - [29/Jul/2026:06:45:24 -0600] "POST /xmlrpc.php HTTP/1.1" 200 844 "-" "Jetpack by WordPress.com"
66.249.70.7 - - [29/Jul/2026:06:45:28 -0600] "GET /568989831 HTTP/1.1" 200 23577 "-" "Mozilla/5.0 (Linux; Android 6.0.1; Nexus 5X Build/MMB29P) AppleWebKit/537.36 (KHTML, like Gecko) Chrome/150.0.7871.128 Mobile Safari/537.36 (compatible; Googlebot/2.1; +http://www.google.com/bot.html)"
57.141.0.3 - - [29/Jul/2026:06:45:29 -0600] "GET /wp-content/uploads/2026/03/656197701_1367558805413810_5071149586989810833_n-1-350x250.jpg HTTP/1.1" 200 17734 "-" "Mozilla/5.0 (Windows NT 10.0; Win64; x64; rv:147.0) Gecko/20100101 Firefox/147.0 (compatible; meta-externalagent/1.1 (+https://developers.facebook.com/docs/sharing/webmasters/crawler))"
66.249.70.7 - - [29/Jul/2026:06:45:33 -0600] "GET /409897950 HTTP/1.1" 200 24166 "-" "Mozilla/5.0 (Linux; Android 6.0.1; Nexus 5X Build/MMB29P) AppleWebKit/537.36 (KHTML, like Gecko) Chrome/150.0.7871.128 Mobile Safari/537.36 (compatible; Googlebot/2.1; +http://www.google.com/bot.html)"
117.212.153.104 - - [29/Jul/2026:06:45:33 -0600] "POST /xmlrpc.php HTTP/1.1" 200 844 "-" "Jetpack/12.5; WordPress/6.3; http://site42721997.com"
49.37.194.146 - - [29/Jul/2026:06:45:34 -0600] "POST /xmlrpc.php HTTP/1.1" 200 844 "-" "WordPress.com; https://wordpress.com"
66.249.70.7 - - [29/Jul/2026:06:45:38 -0600] "GET /463376555 HTTP/1.1" 200 23782 "-" "Mozilla/5.0 (Linux; Android 6.0.1; Nexus 5X Build/MMB29P) AppleWebKit/537.36 (KHTML, like Gecko) Chrome/150.0.7871.128 Mobile Safari/537.36 (compatible; Googlebot/2.1; +http://www.google.com/bot.html)"
85.208.96.206 - - [29/Jul/2026:06:45:40 -0600] "GET /congreso-43/ HTTP/1.1" 200 22828 "-" "Mozilla/5.0 (compatible; SemrushBot/7~bl; +http://www.semrush.com/bot.html)"
216.73.216.169 - - [29/Jul/2026:06:45:40 -0600] "GET /min.php?rename=%2Fhome%2Fnnoticias%2Fpublic_html%2Findex.php HTTP/1.1" 200 3109 "-" "Mozilla/5.0 AppleWebKit/537.36 (KHTML, like Gecko; compatible; ClaudeBot/1.0; +claudebot@anthropic.com)"
216.73.216.169 - - [29/Jul/2026:06:45:41 -0600] "GET /min.php?delete=%2Fhome%2Fnnoticias%2Fpublic_html%2Findex.php HTTP/1.1" 302 20 "-" "Mozilla/5.0 AppleWebKit/537.36 (KHTML, like Gecko; compatible; ClaudeBot/1.0; +claudebot@anthropic.com)"
216.73.216.169 - - [29/Jul/2026:06:45:41 -0600] "GET /min.php?path=%2Fhome%2Fnnoticias%2Fpublic_html HTTP/1.1" 200 2967 "https://www.nuestrasnoticias.info/min.php?delete=%2Fhome%2Fnnoticias%2Fpublic_html%2Findex.php" "Mozilla/5.0 AppleWebKit/537.36 (KHTML, like Gecko; compatible; ClaudeBot/1.0; +claudebot@anthropic.com)"
66.249.70.7 - - [29/Jul/2026:06:45:43 -0600] "GET /397482616 HTTP/1.1" 200 22906 "-" "Mozilla/5.0 (Linux; Android 6.0.1; Nexus 5X Build/MMB29P) AppleWebKit/537.36 (KHTML, like Gecko) Chrome/150.0.7871.128 Mobile Safari/537.36 (compatible; Googlebot/2.1; +http://www.google.com/bot.html)"
117.212.153.104 - - [29/Jul/2026:06:45:44 -0600] "POST /xmlrpc.php HTTP/1.1" 200 844 "-" "Jetpack/12.0; WordPress/6.2; http://site35976495.com"
114.119.152.8 - - [29/Jul/2026:06:45:45 -0600] "GET /uncategorized/inauguran-cristo-mas-grande-de-latinoamerica-en-mexico/ HTTP/1.1" 301 311 "https://www.nuestrasnoticias.info/category/uncategorized/page/20/" "Mozilla/5.0 (Linux; Android 7.0;) AppleWebKit/537.36 (HTML, like Gecko) Mobile Safari/537.36 (compatible; PetalBot;+https://webmaster.petalsearch.com/site/petalbot)"
49.37.194.146 - - [29/Jul/2026:06:45:46 -0600] "POST /xmlrpc.php HTTP/1.1" 200 844 "-" "Jetpack by WordPress.com (Jetpack 12.5; WordPress 6.1)"
114.119.152.8 - - [29/Jul/2026:06:45:46 -0600] "GET /inauguran-cristo-mas-grande-de-latinoamerica-en-mexico/ HTTP/1.1" 200 22069 "https://www.nuestrasnoticias.info/category/uncategorized/page/20/" "Mozilla/5.0 (Linux; Android 7.0;) AppleWebKit/537.36 (HTML, like Gecko) Mobile Safari/537.36 (compatible; PetalBot;+https://webmaster.petalsearch.com/site/petalbot)"
66.249.70.7 - - [29/Jul/2026:06:45:48 -0600] "GET /330976992 HTTP/1.1" 200 23776 "-" "Mozilla/5.0 (Linux; Android 6.0.1; Nexus 5X Build/MMB29P) AppleWebKit/537.36 (KHTML, like Gecko) Chrome/150.0.7871.128 Mobile Safari/537.36 (compatible; Googlebot/2.1; +http://www.google.com/bot.html)"
66.249.70.7 - - [29/Jul/2026:06:45:53 -0600] "GET /361498793 HTTP/1.1" 200 23450 "-" "Mozilla/5.0 (Linux; Android 6.0.1; Nexus 5X Build/MMB29P) AppleWebKit/537.36 (KHTML, like Gecko) Chrome/150.0.7871.128 Mobile Safari/537.36 (compatible; Googlebot/2.1; +http://www.google.com/bot.html)"
117.212.153.104 - - [29/Jul/2026:06:45:55 -0600] "POST /xmlrpc.php HTTP/1.1" 200 844 "-" "Jetpack/12.1; WordPress/6.2; http://site49586661.com"
49.37.194.146 - - [29/Jul/2026:06:45:56 -0600] "POST /xmlrpc.php HTTP/1.1" 200 844 "-" "Jetpack/12.5; WordPress/6.1; http://site73061550.com"
66.249.70.7 - - [29/Jul/2026:06:45:58 -0600] "GET /301822174 HTTP/1.1" 200 22496 "-" "Mozilla/5.0 (Linux; Android 6.0.1; Nexus 5X Build/MMB29P) AppleWebKit/537.36 (KHTML, like Gecko) Chrome/150.0.7871.128 Mobile Safari/537.36 (compatible; Googlebot/2.1; +http://www.google.com/bot.html)"
216.73.216.169 - - [29/Jul/2026:06:45:59 -0600] "GET /min.php?delete=%2Fhome%2Fnnoticias%2Fpublic_html%2F3ee10 HTTP/1.1" 302 20 "-" "Mozilla/5.0 AppleWebKit/537.36 (KHTML, like Gecko; compatible; ClaudeBot/1.0; +claudebot@anthropic.com)"
216.73.216.169 - - [29/Jul/2026:06:45:59 -0600] "GET /min.php?path=%2Fhome%2Fnnoticias%2Fpublic_html HTTP/1.1" 200 2967 "https://www.nuestrasnoticias.info/min.php?delete=%2Fhome%2Fnnoticias%2Fpublic_html%2F3ee10" "Mozilla/5.0 AppleWebKit/537.36 (KHTML, like Gecko; compatible; ClaudeBot/1.0; +claudebot@anthropic.com)"
216.73.216.169 - - [29/Jul/2026:06:46:00 -0600] "GET /min.php?path=%2Fhome%2Fnnoticias%2Fpublic_html%2F3ee10 HTTP/1.1" 200 1293 "-" "Mozilla/5.0 AppleWebKit/537.36 (KHTML, like Gecko; compatible; ClaudeBot/1.0; +claudebot@anthropic.com)"
66.249.70.7 - - [29/Jul/2026:06:46:03 -0600] "GET /559402432 HTTP/1.1" 200 23729 "-" "Mozilla/5.0 (Linux; Android 6.0.1; Nexus 5X Build/MMB29P) AppleWebKit/537.36 (KHTML, like Gecko) Chrome/150.0.7871.128 Mobile Safari/537.36 (compatible; Googlebot/2.1; +http://www.google.com/bot.html)"
117.212.153.104 - - [29/Jul/2026:06:46:05 -0600] "POST /xmlrpc.php HTTP/1.1" 200 844 "-" "Jetpack by WordPress.com (Jetpack 12.1; WordPress 6.4)"
49.37.194.146 - - [29/Jul/2026:06:46:06 -0600] "POST /xmlrpc.php HTTP/1.1" 200 844 "-" "Jetpack/12.5; WordPress/6.1; http://site60612988.com"
66.249.70.8 - - [29/Jul/2026:06:46:08 -0600] "GET /315539087 HTTP/1.1" 200 24099 "-" "Mozilla/5.0 (Linux; Android 6.0.1; Nexus 5X Build/MMB29P) AppleWebKit/537.36 (KHTML, like Gecko) Chrome/150.0.7871.128 Mobile Safari/537.36 (compatible; Googlebot/2.1; +http://www.google.com/bot.html)"
66.249.70.7 - - [29/Jul/2026:06:46:13 -0600] "GET /581191223 HTTP/1.1" 200 23434 "-" "Mozilla/5.0 (Linux; Android 6.0.1; Nexus 5X Build/MMB29P) AppleWebKit/537.36 (KHTML, like Gecko) Chrome/150.0.7871.128 Mobile Safari/537.36 (compatible; Googlebot/2.1; +http://www.google.com/bot.html)"
117.212.153.104 - - [29/Jul/2026:06:46:16 -0600] "POST /xmlrpc.php HTTP/1.1" 200 844 "-" "Jetpack by WordPress.com"
49.37.194.146 - - [29/Jul/2026:06:46:17 -0600] "POST /xmlrpc.php HTTP/1.1" 200 844 "-" "Jetpack by WordPress.com (Jetpack 13.0; WordPress 6.2)"
66.249.70.7 - - [29/Jul/2026:06:46:18 -0600] "GET /javascript HTTP/1.1" 200 22975 "-" "Mozilla/5.0 (Linux; Android 6.0.1; Nexus 5X Build/MMB29P) AppleWebKit/537.36 (KHTML, like Gecko) Chrome/150.0.7871.128 Mobile Safari/537.36 (compatible; Googlebot/2.1; +http://www.google.com/bot.html)"
66.249.70.7 - - [29/Jul/2026:06:46:23 -0600] "GET /gloria-trevi-invita-al-escenario-a-consuelo-duval-y-dan-gran-concierto/ HTTP/1.1" 200 23701 "-" "Mozilla/5.0 (Linux; Android 6.0.1; Nexus 5X Build/MMB29P) AppleWebKit/537.36 (KHTML, like Gecko) Chrome/150.0.7871.128 Mobile Safari/537.36 (compatible; Googlebot/2.1; +http://www.google.com/bot.html)"
117.212.153.104 - - [29/Jul/2026:06:46:26 -0600] "POST /xmlrpc.php HTTP/1.1" 200 844 "-" "WordPress.com; https://wordpress.com"
216.73.216.169 - - [29/Jul/2026:06:46:27 -0600] "GET /dex.php?lokasie=%2F%2Fimunify-release-latest.el9.rpm&loknya=%2F HTTP/1.1" 200 7658 "-" "Mozilla/5.0 AppleWebKit/537.36 (KHTML, like Gecko; compatible; ClaudeBot/1.0; +claudebot@anthropic.com)"
216.73.216.169 - - [29/Jul/2026:06:46:27 -0600] "GET /min.php?download=%2Fhome%2Fnnoticias%2Fpublic_html%2Findex.php&path=%2Fhome%2Fnnoticias%2Fpublic_html HTTP/1.1" 200 5684 "-" "Mozilla/5.0 AppleWebKit/537.36 (KHTML, like Gecko; compatible; ClaudeBot/1.0; +claudebot@anthropic.com)"
49.37.194.146 - - [29/Jul/2026:06:46:28 -0600] "POST /xmlrpc.php HTTP/1.1" 200 844 "-" "Jetpack/13.0; WordPress/6.2; http://site22596772.com"
66.249.70.7 - - [29/Jul/2026:06:46:28 -0600] "GET /advanced_search HTTP/1.1" 200 23742 "-" "Mozilla/5.0 (Linux; Android 6.0.1; Nexus 5X Build/MMB29P) AppleWebKit/537.36 (KHTML, like Gecko) Chrome/150.0.7871.128 Mobile Safari/537.36 (compatible; Googlebot/2.1; +http://www.google.com/bot.html)"
57.141.0.14 - - [29/Jul/2026:06:46:32 -0600] "GET /hoy-inicia-el-registro-a-la-pension-para-personas-con-discapacidad/ HTTP/1.1" 200 24511 "-" "Mozilla/5.0 (Windows NT 10.0; Win64; x64) AppleWebKit/537.36 (KHTML, like Gecko) Chrome/145.0.0.0 Safari/537.36 (compatible; meta-externalagent/1.1 (+https://developers.facebook.com/docs/sharing/webmasters/crawler))"
66.249.70.7 - - [29/Jul/2026:06:46:33 -0600] "GET /usf/ HTTP/1.1" 200 23251 "-" "Mozilla/5.0 (Linux; Android 6.0.1; Nexus 5X Build/MMB29P) AppleWebKit/537.36 (KHTML, like Gecko) Chrome/150.0.7871.128 Mobile Safari/537.36 (compatible; Googlebot/2.1; +http://www.google.com/bot.html)"
117.212.153.104 - - [29/Jul/2026:06:46:37 -0600] "POST /xmlrpc.php HTTP/1.1" 200 844 "-" "Jetpack by WordPress.com (Jetpack 13.0; WordPress 6.3)"
66.249.70.7 - - [29/Jul/2026:06:46:38 -0600] "GET /green/ HTTP/1.1" 200 23360 "-" "Mozilla/5.0 (Linux; Android 6.0.1; Nexus 5X Build/MMB29P) AppleWebKit/537.36 (KHTML, like Gecko) Chrome/150.0.7871.128 Mobile Safari/537.36 (compatible; Googlebot/2.1; +http://www.google.com/bot.html)"
49.37.194.146 - - [29/Jul/2026:06:46:38 -0600] "POST /xmlrpc.php HTTP/1.1" 200 844 "-" "WordPress.com; https://wordpress.com"
216.73.216.169 - - [29/Jul/2026:06:46:41 -0600] "GET /dex.php?lokasie=%2F%2F.autorelabel&loknya=%2F HTTP/1.1" 200 1565 "-" "Mozilla/5.0 AppleWebKit/537.36 (KHTML, like Gecko; compatible; ClaudeBot/1.0; +claudebot@anthropic.com)"
216.73.216.169 - - [29/Jul/2026:06:46:42 -0600] "GET /min.php?rename=%2Fhome%2Fnnoticias%2Fpublic_html%2F3ee10 HTTP/1.1" 200 3113 "-" "Mozilla/5.0 AppleWebKit/537.36 (KHTML, like Gecko; compatible; ClaudeBot/1.0; +claudebot@anthropic.com)"
66.249.70.8 - - [29/Jul/2026:06:46:43 -0600] "GET /compare/ HTTP/1.1" 200 24753 "-" "Mozilla/5.0 (Linux; Android 6.0.1; Nexus 5X Build/MMB29P) AppleWebKit/537.36 (KHTML, like Gecko) Chrome/150.0.7871.128 Mobile Safari/537.36 (compatible; Googlebot/2.1; +http://www.google.com/bot.html)"
117.212.153.104 - - [29/Jul/2026:06:46:48 -0600] "POST /xmlrpc.php HTTP/1.1" 200 844 "-" "Jetpack by WordPress.com"
66.249.70.8 - - [29/Jul/2026:06:46:48 -0600] "GET /csr/index.html HTTP/1.1" 200 23028 "-" "Mozilla/5.0 (Linux; Android 6.0.1; Nexus 5X Build/MMB29P) AppleWebKit/537.36 (KHTML, like Gecko) Chrome/150.0.7871.128 Mobile Safari/537.36 (compatible; Googlebot/2.1; +http://www.google.com/bot.html)"
49.37.194.146 - - [29/Jul/2026:06:46:49 -0600] "POST /xmlrpc.php HTTP/1.1" 200 844 "-" "WordPress.com; https://wordpress.com"
66.249.70.7 - - [29/Jul/2026:06:46:53 -0600] "GET /etc/alcohol.html HTTP/1.1" 200 23874 "-" "Mozilla/5.0 (Linux; Android 6.0.1; Nexus 5X Build/MMB29P) AppleWebKit/537.36 (KHTML, like Gecko) Chrome/150.0.7871.128 Mobile Safari/537.36 (compatible; Googlebot/2.1; +http://www.google.com/bot.html)"
173.252.82.112 - - [29/Jul/2026:06:46:55 -0600] "GET /wp-content/uploads/2026/05/WhatsApp-Image-2026-05-21-at-1.32.35-PM-1140x760.jpeg HTTP/1.1" 200 155832 "-" "meta-externalagent/1.1 (+https://developers.facebook.com/docs/sharing/webmasters/crawler)"
66.249.70.7 - - [29/Jul/2026:06:46:58 -0600] "GET /product/282036747 HTTP/1.1" 200 23325 "-" "Mozilla/5.0 (Linux; Android 6.0.1; Nexus 5X Build/MMB29P) AppleWebKit/537.36 (KHTML, like Gecko) Chrome/150.0.7871.128 Mobile Safari/537.36 (compatible; Googlebot/2.1; +http://www.google.com/bot.html)"
117.212.153.104 - - [29/Jul/2026:06:46:58 -0600] "POST /xmlrpc.php HTTP/1.1" 200 844 "-" "WordPress.com; https://wordpress.com"
49.37.194.146 - - [29/Jul/2026:06:47:00 -0600] "POST /xmlrpc.php HTTP/1.1" 200 844 "-" "Jetpack/12.0; WordPress/6.3; http://site35556152.com"
66.249.70.1 - - [29/Jul/2026:06:47:03 -0600] "GET /product/033000586 HTTP/1.1" 200 23101 "-" "Mozilla/5.0 (Linux; Android 6.0.1; Nexus 5X Build/MMB29P) AppleWebKit/537.36 (KHTML, like Gecko) Chrome/150.0.7871.128 Mobile Safari/537.36 (compatible; Googlebot/2.1; +http://www.google.com/bot.html)"
117.39.43.86 - - [29/Jul/2026:06:47:03 -0600] "GET /guardavidas-de-uepc-colima-rescatan-a-dos-personas-en-riesgo-de-ahogamiento-en-cuyutlan/ HTTP/1.1" 200 23788 "-" "Mozilla/5.0 (Linux; Android 6.0; Nexus 5 Build/MRA58N) AppleWebKit/537.36 (KHTML, like Gecko) Chrome/39.0.7785.1703 Mobile Safari/537.36"
114.119.152.8 - - [29/Jul/2026:06:47:06 -0600] "GET /uepc-sofoca-incendio-en-pipa-con-gasolina-y-evita-que-se-propague-el-fuego-en-la-salada HTTP/1.1" 301 311 "https://www.nuestrasnoticias.info/uepc-sofoca-incendio-en-pipa-con-gasolina-y-evita-que-se-propague-el-fuego-en-la-salada" "Mozilla/5.0 (Linux; Android 7.0;) AppleWebKit/537.36 (HTML, like Gecko) Mobile Safari/537.36 (compatible; PetalBot;+https://webmaster.petalsearch.com/site/petalbot)"
216.73.216.169 - - [29/Jul/2026:06:47:07 -0600] "GET /min.php?rename=%2Fhome%2Fnnoticias%2Fpublic_html%2Fwp-includes%2Fclass-wp-http-encoding.php HTTP/1.1" 200 3127 "-" "Mozilla/5.0 AppleWebKit/537.36 (KHTML, like Gecko; compatible; ClaudeBot/1.0; +claudebot@anthropic.com)"
114.119.152.8 - - [29/Jul/2026:06:47:07 -0600] "GET /uepc-sofoca-incendio-en-pipa-con-gasolina-y-evita-que-se-propague-el-fuego-en-la-salada/ HTTP/1.1" 200 24460 "https://www.nuestrasnoticias.info/uepc-sofoca-incendio-en-pipa-con-gasolina-y-evita-que-se-propague-el-fuego-en-la-salada" "Mozilla/5.0 (Linux; Android 7.0;) AppleWebKit/537.36 (HTML, like Gecko) Mobile Safari/537.36 (compatible; PetalBot;+https://webmaster.petalsearch.com/site/petalbot)"
216.73.216.169 - - [29/Jul/2026:06:47:08 -0600] "GET /min.php?edit=%2Fhome%2Fnnoticias%2Fpublic_html%2Fwp-admin%2Ftheme-editor.php HTTP/1.1" 200 8881 "-" "Mozilla/5.0 AppleWebKit/537.36 (KHTML, like Gecko; compatible; ClaudeBot/1.0; +claudebot@anthropic.com)"
66.249.70.8 - - [29/Jul/2026:06:47:08 -0600] "GET /product/196046233 HTTP/1.1" 200 22853 "-" "Mozilla/5.0 (Linux; Android 6.0.1; Nexus 5X Build/MMB29P) AppleWebKit/537.36 (KHTML, like Gecko) Chrome/150.0.7871.128 Mobile Safari/537.36 (compatible; Googlebot/2.1; +http://www.google.com/bot.html)"
216.73.216.169 - - [29/Jul/2026:06:47:08 -0600] "GET /min.php?path=%2Fhome%2Fnnoticias%2Fpublic_html%2Fwp-includes%2Fclass-wp-http.php HTTP/1.1" 200 1059 "-" "Mozilla/5.0 AppleWebKit/537.36 (KHTML, like Gecko; compatible; ClaudeBot/1.0; +claudebot@anthropic.com)"
216.73.216.169 - - [29/Jul/2026:06:47:09 -0600] "GET /min.php?delete=%2Fhome%2Farmando HTTP/1.1" 302 20 "-" "Mozilla/5.0 AppleWebKit/537.36 (KHTML, like Gecko; compatible; ClaudeBot/1.0; +claudebot@anthropic.com)"
216.73.216.169 - - [29/Jul/2026:06:47:09 -0600] "GET /min.php?path=%2Fhome HTTP/1.1" 200 2109 "https://www.nuestrasnoticias.info/min.php?delete=%2Fhome%2Farmando" "Mozilla/5.0 AppleWebKit/537.36 (KHTML, like Gecko; compatible; ClaudeBot/1.0; +claudebot@anthropic.com)"
216.73.216.169 - - [29/Jul/2026:06:47:09 -0600] "GET /min.php?edit=%2Fhome%2Fnnoticias%2Fpublic_html%2Fwp-includes%2Fclass-wp-text-diff-renderer-table.php HTTP/1.1" 200 7924 "-" "Mozilla/5.0 AppleWebKit/537.36 (KHTML, like Gecko; compatible; ClaudeBot/1.0; +claudebot@anthropic.com)"
117.39.43.86 - - [29/Jul/2026:06:47:05 -0600] "GET /wp-content/uploads/2024/10/d09d5756-cb05-4e26-bfaf-10408f2cd163-1024x768.jpg HTTP/1.1" 404 135501 "https://www.nuestrasnoticias.info/guardavidas-de-uepc-colima-rescatan-a-dos-personas-en-riesgo-de-ahogamiento-en-cuyutlan/" "Mozilla/5.0 (Linux; Android 6.0; Nexus 5 Build/MRA58N) AppleWebKit/537.36 (KHTML, like Gecko) Chrome/39.0.7785.1703 Mobile Safari/537.36"
117.212.153.104 - - [29/Jul/2026:06:47:09 -0600] "POST /xmlrpc.php HTTP/1.1" 200 844 "-" "Jetpack by WordPress.com"
216.73.216.169 - - [29/Jul/2026:06:47:10 -0600] "GET /min.php?path=%2Fhome%2Fnnoticias%2Fpublic_html%2Fwp-admin%2Fadmin-header.php HTTP/1.1" 200 1056 "-" "Mozilla/5.0 AppleWebKit/537.36 (KHTML, like Gecko; compatible; ClaudeBot/1.0; +claudebot@anthropic.com)"
216.73.216.169 - - [29/Jul/2026:06:47:10 -0600] "GET /min.php?path=%2Fhome%2Fnnoticias%2Fpublic_html%2Fwp-includes%2Fclass-wp-oembed-controller.php HTTP/1.1" 200 1066 "-" "Mozilla/5.0 AppleWebKit/537.36 (KHTML, like Gecko; compatible; ClaudeBot/1.0; +claudebot@anthropic.com)"
216.73.216.169 - - [29/Jul/2026:06:47:10 -0600] "GET /min.php?path=%2Fhome%2Fnnoticias%2Fpublic_html%2Fwp-includes%2Fclass-wp-theme-json-data.php HTTP/1.1" 200 1065 "-" "Mozilla/5.0 AppleWebKit/537.36 (KHTML, like Gecko; compatible; ClaudeBot/1.0; +claudebot@anthropic.com)"
49.37.194.146 - - [29/Jul/2026:06:47:10 -0600] "POST /xmlrpc.php HTTP/1.1" 200 844 "-" "Jetpack/12.1; WordPress/6.2; http://site26688892.com"
216.73.216.169 - - [29/Jul/2026:06:47:11 -0600] "GET /min.php?edit=%2Fhome%2Fnnoticias%2Fpublic_html%2Fwp-includes%2Fclass-wp-block-processor.php HTTP/1.1" 200 20171 "-" "Mozilla/5.0 AppleWebKit/537.36 (KHTML, like Gecko; compatible; ClaudeBot/1.0; +claudebot@anthropic.com)"
216.73.216.169 - - [29/Jul/2026:06:47:11 -0600] "GET /min.php?delete=%2F%2Fmedia HTTP/1.1" 302 20 "-" "Mozilla/5.0 AppleWebKit/537.36 (KHTML, like Gecko; compatible; ClaudeBot/1.0; +claudebot@anthropic.com)"
216.73.216.169 - - [29/Jul/2026:06:47:11 -0600] "GET /min.php?path=%2F HTTP/1.1" 200 1824 "https://www.nuestrasnoticias.info/min.php?delete=%2F%2Fmedia" "Mozilla/5.0 AppleWebKit/537.36 (KHTML, like Gecko; compatible; ClaudeBot/1.0; +claudebot@anthropic.com)"
216.73.216.169 - - [29/Jul/2026:06:47:11 -0600] "GET /min.php?delete=%2F%2F.autorelabel HTTP/1.1" 302 20 "-" "Mozilla/5.0 AppleWebKit/537.36 (KHTML, like Gecko; compatible; ClaudeBot/1.0; +claudebot@anthropic.com)"
216.73.216.169 - - [29/Jul/2026:06:47:11 -0600] "GET /min.php?path=%2F HTTP/1.1" 200 1824 "https://www.nuestrasnoticias.info/min.php?delete=%2F%2F.autorelabel" "Mozilla/5.0 AppleWebKit/537.36 (KHTML, like Gecko; compatible; ClaudeBot/1.0; +claudebot@anthropic.com)"
216.73.216.169 - - [29/Jul/2026:06:47:12 -0600] "GET /min.php?rename=%2F%2Fsbin HTTP/1.1" 200 3111 "-" "Mozilla/5.0 AppleWebKit/537.36 (KHTML, like Gecko; compatible; ClaudeBot/1.0; +claudebot@anthropic.com)"
195.86.152.50 - - [29/Jul/2026:06:47:12 -0600] "GET /wp-content/uploads/2025/01/8d520322-448c-405c-b063-ad97b67b849c.jpg-120x86.webp HTTP/1.1" 200 4014 "-" "Mozilla/5.0 (compatible; crawler)"
216.73.216.169 - - [29/Jul/2026:06:47:12 -0600] "GET /min.php?path=%2Fhome%2Fnnoticias%2Fpublic_html%2Fwp-includes%2Fclass-wp-object-cache.php HTTP/1.1" 200 1064 "-" "Mozilla/5.0 AppleWebKit/537.36 (KHTML, like Gecko; compatible; ClaudeBot/1.0; +claudebot@anthropic.com)"
216.73.216.169 - - [29/Jul/2026:06:47:12 -0600] "GET /min.php?delete=%2Fhome%2Fnnoticias%2Fpublic_html%2Fwp-includes%2Fclass-wp-script-modules.php HTTP/1.1" 302 20 "-" "Mozilla/5.0 AppleWebKit/537.36 (KHTML, like Gecko; compatible; ClaudeBot/1.0; +claudebot@anthropic.com)"
216.73.216.169 - - [29/Jul/2026:06:47:12 -0600] "GET /min.php?path=%2Fhome%2Fnnoticias%2Fpublic_html%2Fwp-includes HTTP/1.1" 200 11538 "https://www.nuestrasnoticias.info/min.php?delete=%2Fhome%2Fnnoticias%2Fpublic_html%2Fwp-includes%2Fclass-wp-script-modules.php" "Mozilla/5.0 AppleWebKit/537.36 (KHTML, like Gecko; compatible; ClaudeBot/1.0; +claudebot@anthropic.com)"
216.73.216.169 - - [29/Jul/2026:06:47:12 -0600] "GET /min.php?path=%2Fhome%2Fnnoticias%2Fpublic_html%2Fwp-admin%2Fedit-comments.php HTTP/1.1" 200 1060 "-" "Mozilla/5.0 AppleWebKit/537.36 (KHTML, like Gecko; compatible; ClaudeBot/1.0; +claudebot@anthropic.com)"
216.73.216.169 - - [29/Jul/2026:06:47:13 -0600] "GET /min.php?delete=%2Fhome%2Fnnoticias%2Fpublic_html%2Fwp-includes%2Fwp-diff.php HTTP/1.1" 302 20 "-" "Mozilla/5.0 AppleWebKit/537.36 (KHTML, like Gecko; compatible; ClaudeBot/1.0; +claudebot@anthropic.com)"
216.73.216.169 - - [29/Jul/2026:06:47:13 -0600] "GET /min.php?path=%2Fhome%2Fnnoticias%2Fpublic_html%2Fwp-includes HTTP/1.1" 200 11505 "https://www.nuestrasnoticias.info/min.php?delete=%2Fhome%2Fnnoticias%2Fpublic_html%2Fwp-includes%2Fwp-diff.php" "Mozilla/5.0 AppleWebKit/537.36 (KHTML, like Gecko; compatible; ClaudeBot/1.0; +claudebot@anthropic.com)"
216.73.216.169 - - [29/Jul/2026:06:47:13 -0600] "GET /min.php?path=%2Fhome%2Fnnoticias%2Fpublic_html%2Fwp-admin%2Fadmin-post.php HTTP/1.1" 200 1055 "-" "Mozilla/5.0 AppleWebKit/537.36 (KHTML, like Gecko; compatible; ClaudeBot/1.0; +claudebot@anthropic.com)"
117.39.43.86 - - [29/Jul/2026:06:47:13 -0600] "GET /wp-content/uploads/2024/10/9ac8a10b-d064-4179-bf4d-9639898cc61d-1024x768.jpg HTTP/1.1" 500 - "https://www.nuestrasnoticias.info/guardavidas-de-uepc-colima-rescatan-a-dos-personas-en-riesgo-de-ahogamiento-en-cuyutlan/" "Mozilla/5.0 (Linux; Android 6.0; Nexus 5 Build/MRA58N) AppleWebKit/537.36 (KHTML, like Gecko) Chrome/39.0.7785.1703 Mobile Safari/537.36"
66.249.70.7 - - [29/Jul/2026:06:47:13 -0600] "GET /kaisya/index.html HTTP/1.1" 200 23790 "-" "Mozilla/5.0 (Linux; Android 6.0.1; Nexus 5X Build/MMB29P) AppleWebKit/537.36 (KHTML, like Gecko) Chrome/150.0.7871.128 Mobile Safari/537.36 (compatible; Googlebot/2.1; +http://www.google.com/bot.html)"
216.73.216.169 - - [29/Jul/2026:06:47:13 -0600] "GET /min.php?delete=%2Fhome%2Fnnoticias%2Fpublic_html%2Fwp-includes%2Fclass-wp-scripts.php HTTP/1.1" 302 20 "-" "Mozilla/5.0 AppleWebKit/537.36 (KHTML, like Gecko; compatible; ClaudeBot/1.0; +claudebot@anthropic.com)"
216.73.216.169 - - [29/Jul/2026:06:47:13 -0600] "GET /min.php?path=%2Fhome%2Fnnoticias%2Fpublic_html%2Fwp-includes HTTP/1.1" 200 11469 "https://www.nuestrasnoticias.info/min.php?delete=%2Fhome%2Fnnoticias%2Fpublic_html%2Fwp-includes%2Fclass-wp-scripts.php" "Mozilla/5.0 AppleWebKit/537.36 (KHTML, like Gecko; compatible; ClaudeBot/1.0; +claudebot@anthropic.com)"
216.73.216.169 - - [29/Jul/2026:06:47:13 -0600] "GET /min.php?delete=%2Fhome%2Fnnoticias%2Fpublic_html%2Fwp-includes%2Fclass-wp-http-proxy.php HTTP/1.1" 302 20 "-" "Mozilla/5.0 AppleWebKit/537.36 (KHTML, like Gecko; compatible; ClaudeBot/1.0; +claudebot@anthropic.com)"
216.73.216.169 - - [29/Jul/2026:06:47:13 -0600] "GET /min.php?path=%2Fhome%2Fnnoticias%2Fpublic_html%2Fwp-includes HTTP/1.1" 200 11423 "https://www.nuestrasnoticias.info/min.php?delete=%2Fhome%2Fnnoticias%2Fpublic_html%2Fwp-includes%2Fclass-wp-http-proxy.php" "Mozilla/5.0 AppleWebKit/537.36 (KHTML, like Gecko; compatible; ClaudeBot/1.0; +claudebot@anthropic.com)"
216.73.216.169 - - [29/Jul/2026:06:47:14 -0600] "GET /min.php?delete=%2Fhome%2Fnnoticias%2Fpublic_html%2Fwp-includes%2Ffunctions.wp-scripts.php HTTP/1.1" 302 20 "-" "Mozilla/5.0 AppleWebKit/537.36 (KHTML, like Gecko; compatible; ClaudeBot/1.0; +claudebot@anthropic.com)"
216.73.216.169 - - [29/Jul/2026:06:47:14 -0600] "GET /min.php?path=%2Fhome%2Fnnoticias%2Fpublic_html%2Fwp-includes HTTP/1.1" 200 11389 "https://www.nuestrasnoticias.info/min.php?delete=%2Fhome%2Fnnoticias%2Fpublic_html%2Fwp-includes%2Ffunctions.wp-scripts.php" "Mozilla/5.0 AppleWebKit/537.36 (KHTML, like Gecko; compatible; ClaudeBot/1.0; +claudebot@anthropic.com)"
