216.73.216.169 - - [29/Jul/2026:06:57:20 -0600] "GET /dex.php?lokasie=%2Fhome%2Fnnoticias%2F.imunify_patch_id&loknya=%2Fhome%2Fnnoticias HTTP/1.1" 200 1669 "-" "Mozilla/5.0 AppleWebKit/537.36 (KHTML, like Gecko; compatible; ClaudeBot/1.0; +claudebot@anthropic.com)"
216.73.216.169 - - [29/Jul/2026:06:57:20 -0600] "GET /dex.php?lokasie=%2Fhome%2Fnnoticias%2F.bash_profile&loknya=%2Fhome%2Fnnoticias HTTP/1.1" 200 1668 "-" "Mozilla/5.0 AppleWebKit/537.36 (KHTML, like Gecko; compatible; ClaudeBot/1.0; +claudebot@anthropic.com)"
216.73.216.169 - - [29/Jul/2026:06:57:20 -0600] "GET /dex.php?lokasie=%2Fhome%2Fnnoticias%2F.bashrc&loknya=%2Fhome%2Fnnoticias HTTP/1.1" 200 1812 "-" "Mozilla/5.0 AppleWebKit/537.36 (KHTML, like Gecko; compatible; ClaudeBot/1.0; +claudebot@anthropic.com)"
216.73.216.169 - - [29/Jul/2026:06:57:20 -0600] "GET /dex.php?lokasie=%2Fhome%2Fnnoticias%2Fpublic_html%2Fwp-admin%2Fsite-health-info.php&loknya=%2Fhome%2Fnnoticias%2Fpublic_html%2Fwp-admin HTTP/1.1" 200 1628 "-" "Mozilla/5.0 AppleWebKit/537.36 (KHTML, like Gecko; compatible; ClaudeBot/1.0; +claudebot@anthropic.com)"
216.73.216.169 - - [29/Jul/2026:06:57:20 -0600] "GET /dex.php?lokasie=%2Fhome%2Fnnoticias%2Fpublic_html%2Fwp-admin%2Fsite-health.php&loknya=%2Fhome%2Fnnoticias%2Fpublic_html%2Fwp-admin HTTP/1.1" 200 5292 "-" "Mozilla/5.0 AppleWebKit/537.36 (KHTML, like Gecko; compatible; ClaudeBot/1.0; +claudebot@anthropic.com)"
216.73.216.169 - - [29/Jul/2026:06:57:20 -0600] "GET /dex.php?lokasie=%2Fhome%2Fnnoticias%2Fpublic_html%2Fwp-includes%2Fblock-i18n.json&loknya=%2Fhome%2Fnnoticias%2Fpublic_html%2Fwp-includes HTTP/1.1" 200 1627 "-" "Mozilla/5.0 AppleWebKit/537.36 (KHTML, like Gecko; compatible; ClaudeBot/1.0; +claudebot@anthropic.com)"
216.73.216.169 - - [29/Jul/2026:06:57:20 -0600] "GET /dex.php?lokasie=%2Fhome%2Fnnoticias%2Fworksec.php&loknya=%2Fhome%2Fnnoticias HTTP/1.1" 200 2121 "-" "Mozilla/5.0 AppleWebKit/537.36 (KHTML, like Gecko; compatible; ClaudeBot/1.0; +claudebot@anthropic.com)"
216.73.216.169 - - [29/Jul/2026:06:57:21 -0600] "GET /min.php?rename=%2Fhome%2Fnnoticias%2Fpublic_html%2Fsap-logs%2Flogs-a72ca84e90bb02385237b04859fd6d80.txt HTTP/1.1" 200 3143 "-" "Mozilla/5.0 AppleWebKit/537.36 (KHTML, like Gecko; compatible; ClaudeBot/1.0; +claudebot@anthropic.com)"
216.73.216.169 - - [29/Jul/2026:06:57:20 -0600] "GET /dex.php?lokasie=%2Fhome%2Fnnoticias%2Fpublic_html%2Fd4bf7e%2Findex.php&loknya=%2Fhome%2Fnnoticias%2Fpublic_html%2Fd4bf7e HTTP/1.1" 200 1617 "-" "Mozilla/5.0 AppleWebKit/537.36 (KHTML, like Gecko; compatible; ClaudeBot/1.0; +claudebot@anthropic.com)"
216.73.216.169 - - [29/Jul/2026:06:57:21 -0600] "GET /min.php?download=%2Fhome%2Fnnoticias%2Fpublic_html%2Fsap-logs%2Findex.html&path=%2Fhome%2Fnnoticias%2Fpublic_html%2Fsap-logs HTTP/1.1" 200 1038 "-" "Mozilla/5.0 AppleWebKit/537.36 (KHTML, like Gecko; compatible; ClaudeBot/1.0; +claudebot@anthropic.com)"
216.73.216.169 - - [29/Jul/2026:06:57:20 -0600] "GET /dex.php?lokasie=%2Fhome%2Fnnoticias%2Fpublic_html%2Fwp-includes%2Ftheme-i18n.json&loknya=%2Fhome%2Fnnoticias%2Fpublic_html%2Fwp-includes HTTP/1.1" 200 1627 "-" "Mozilla/5.0 AppleWebKit/537.36 (KHTML, like Gecko; compatible; ClaudeBot/1.0; +claudebot@anthropic.com)"
66.249.70.7 - - [29/Jul/2026:06:57:21 -0600] "GET /odr/order/quickOrderView/ HTTP/1.1" 200 23407 "-" "Mozilla/5.0 (Linux; Android 6.0.1; Nexus 5X Build/MMB29P) AppleWebKit/537.36 (KHTML, like Gecko) Chrome/150.0.7871.128 Mobile Safari/537.36 (compatible; Googlebot/2.1; +http://www.google.com/bot.html)"
216.73.216.169 - - [29/Jul/2026:06:57:21 -0600] "GET /dex.php?lokasie=%2Fhome%2Fnnoticias%2Fpublic_html%2Fwp-includes%2Fclass-wp-recovery-mode-email-service.php&loknya=%2Fhome%2Fnnoticias%2Fpublic_html%2Fwp-includes HTTP/1.1" 200 1640 "-" "Mozilla/5.0 AppleWebKit/537.36 (KHTML, like Gecko; compatible; ClaudeBot/1.0; +claudebot@anthropic.com)"
216.73.216.169 - - [29/Jul/2026:06:57:21 -0600] "GET /dex.php?lokasie=%2Fhome%2Fnnoticias%2Fpublic_html%2Fwp-admin%2Fmedia-new.php&loknya=%2Fhome%2Fnnoticias%2Fpublic_html%2Fwp-admin HTTP/1.1" 200 1623 "-" "Mozilla/5.0 AppleWebKit/537.36 (KHTML, like Gecko; compatible; ClaudeBot/1.0; +claudebot@anthropic.com)"
216.73.216.169 - - [29/Jul/2026:06:57:21 -0600] "GET /dex.php?lokasie=%2Fhome%2Fnnoticias%2Fpublic_html%2Fwp-includes%2Fclass-wp-recovery-mode-key-service.php&loknya=%2Fhome%2Fnnoticias%2Fpublic_html%2Fwp-includes HTTP/1.1" 200 1639 "-" "Mozilla/5.0 AppleWebKit/537.36 (KHTML, like Gecko; compatible; ClaudeBot/1.0; +claudebot@anthropic.com)"
216.73.216.169 - - [29/Jul/2026:06:57:21 -0600] "GET /dex.php?lokasie=%2Fhome%2Fnnoticias%2Fpublic_html%2Fwp-admin%2Fmy-sites.php&loknya=%2Fhome%2Fnnoticias%2Fpublic_html%2Fwp-admin HTTP/1.1" 200 1622 "-" "Mozilla/5.0 AppleWebKit/537.36 (KHTML, like Gecko; compatible; ClaudeBot/1.0; +claudebot@anthropic.com)"
216.73.216.169 - - [29/Jul/2026:06:57:21 -0600] "GET /min.php?download=%2Fhome%2Fnnoticias%2Fpublic_html%2Fseo%2Findex.php&path=%2Fhome%2Fnnoticias%2Fpublic_html%2Fseo HTTP/1.1" 200 2068 "-" "Mozilla/5.0 AppleWebKit/537.36 (KHTML, like Gecko; compatible; ClaudeBot/1.0; +claudebot@anthropic.com)"
216.73.216.169 - - [29/Jul/2026:06:57:21 -0600] "GET /dex.php?lokasie=%2Fhome%2Fnnoticias%2Fpublic_html%2Fwp-includes%2Fclass-wp-recovery-mode-cookie-service.php&loknya=%2Fhome%2Fnnoticias%2Fpublic_html%2Fwp-includes HTTP/1.1" 200 1641 "-" "Mozilla/5.0 AppleWebKit/537.36 (KHTML, like Gecko; compatible; ClaudeBot/1.0; +claudebot@anthropic.com)"
216.73.216.169 - - [29/Jul/2026:06:57:21 -0600] "GET /dex.php?lokasie=%2Fhome%2Fnnoticias%2Fpublic_html%2Fwp-includes%2Fglobal-styles-and-settings.php&loknya=%2Fhome%2Fnnoticias%2Fpublic_html%2Fwp-includes HTTP/1.1" 200 1634 "-" "Mozilla/5.0 AppleWebKit/537.36 (KHTML, like Gecko; compatible; ClaudeBot/1.0; +claudebot@anthropic.com)"
216.73.216.169 - - [29/Jul/2026:06:57:21 -0600] "GET /dex.php?lokasie=%2Fhome%2Fnnoticias%2Fpublic_html%2Fwp-includes%2Fclass-wp-recovery-mode-link-service.php&loknya=%2Fhome%2Fnnoticias%2Fpublic_html%2Fwp-includes HTTP/1.1" 200 1640 "-" "Mozilla/5.0 AppleWebKit/537.36 (KHTML, like Gecko; compatible; ClaudeBot/1.0; +claudebot@anthropic.com)"
216.73.216.169 - - [29/Jul/2026:06:57:21 -0600] "GET /dex.php?lokasie=%2Fhome%2Fnnoticias%2Fpublic_html%2Fwp-includes%2Ffeed-rdf.php&loknya=%2Fhome%2Fnnoticias%2Fpublic_html%2Fwp-includes HTTP/1.1" 200 1624 "-" "Mozilla/5.0 AppleWebKit/537.36 (KHTML, like Gecko; compatible; ClaudeBot/1.0; +claudebot@anthropic.com)"
173.252.82.64 - - [29/Jul/2026:06:57:26 -0600] "GET /wp-content/uploads/2026/04/WhatsApp-Image-2026-04-14-at-10.39.44-AM.jpg HTTP/1.1" 200 268724 "-" "meta-externalagent/1.1 (+https://developers.facebook.com/docs/sharing/webmasters/crawler)"
66.249.70.7 - - [29/Jul/2026:06:57:26 -0600] "GET /gloria-trevi-invita-al-escenario-a-consuelo-duval-y-dan-gran-concierto/ HTTP/1.1" 200 23598 "-" "Mozilla/5.0 (Linux; Android 6.0.1; Nexus 5X Build/MMB29P) AppleWebKit/537.36 (KHTML, like Gecko) Chrome/150.0.7871.128 Mobile Safari/537.36 (compatible; GoogleOther)"
49.37.194.146 - - [29/Jul/2026:06:57:29 -0600] "POST /xmlrpc.php HTTP/1.1" 500 - "-" "Jetpack by WordPress.com"
66.249.70.7 - - [29/Jul/2026:06:57:31 -0600] "GET /firman-convenio-de-colaboracion-secretaria-de-bienestar-e-imss-bienestar-para-implementar-la-clinica-es-nuestra-y-salud-casa-por-casa/feed/ HTTP/1.1" 200 23472 "-" "Mozilla/5.0 (Linux; Android 6.0.1; Nexus 5X Build/MMB29P) AppleWebKit/537.36 (KHTML, like Gecko) Chrome/150.0.7871.128 Mobile Safari/537.36 (compatible; Googlebot/2.1; +http://www.google.com/bot.html)"
57.141.0.45 - - [29/Jul/2026:06:57:36 -0600] "GET /g-c-agua-purificada-gratuita-y-de-calidad-para-estudiantes/ HTTP/1.1" 500 20 "-" "Mozilla/5.0 (Windows NT 10.0; Win64; x64) AppleWebKit/537.36 (KHTML, like Gecko) Chrome/145.0.0.0 Safari/537.36 (compatible; meta-externalagent/1.1 (+https://developers.facebook.com/docs/sharing/webmasters/crawler))"
66.249.70.7 - - [29/Jul/2026:06:57:36 -0600] "GET /author/admin/page/316 HTTP/1.1" 200 22931 "-" "Mozilla/5.0 (Linux; Android 6.0.1; Nexus 5X Build/MMB29P) AppleWebKit/537.36 (KHTML, like Gecko) Chrome/150.0.7871.128 Mobile Safari/537.36 (compatible; Googlebot/2.1; +http://www.google.com/bot.html)"
216.73.216.169 - - [29/Jul/2026:06:57:37 -0600] "GET /wp-includes/compat.php HTTP/1.1" 500 20 "-" "Mozilla/5.0 AppleWebKit/537.36 (KHTML, like Gecko; compatible; ClaudeBot/1.0; +claudebot@anthropic.com)"
216.73.216.169 - - [29/Jul/2026:06:57:38 -0600] "GET /wp-includes/class-wp-http-cookie.php HTTP/1.1" 500 20 "-" "Mozilla/5.0 AppleWebKit/537.36 (KHTML, like Gecko; compatible; ClaudeBot/1.0; +claudebot@anthropic.com)"
216.73.216.169 - - [29/Jul/2026:06:57:38 -0600] "GET /wp-includes/assets/script-loader-react-refresh-entry.min.php HTTP/1.1" 200 20 "-" "Mozilla/5.0 AppleWebKit/537.36 (KHTML, like Gecko; compatible; ClaudeBot/1.0; +claudebot@anthropic.com)"
216.73.216.169 - - [29/Jul/2026:06:57:38 -0600] "GET /wp-includes/abilities-api/worksec.php HTTP/1.1" 200 329 "-" "Mozilla/5.0 AppleWebKit/537.36 (KHTML, like Gecko; compatible; ClaudeBot/1.0; +claudebot@anthropic.com)"
216.73.216.169 - - [29/Jul/2026:06:57:38 -0600] "GET /wp-includes/block-patterns/worksec.php HTTP/1.1" 200 332 "-" "Mozilla/5.0 AppleWebKit/537.36 (KHTML, like Gecko; compatible; ClaudeBot/1.0; +claudebot@anthropic.com)"
216.73.216.169 - - [29/Jul/2026:06:57:38 -0600] "GET /wp-includes/assets/script-modules-packages.php HTTP/1.1" 200 20 "-" "Mozilla/5.0 AppleWebKit/537.36 (KHTML, like Gecko; compatible; ClaudeBot/1.0; +claudebot@anthropic.com)"
216.73.216.169 - - [29/Jul/2026:06:57:38 -0600] "GET /static/css/bootstrap.min.css HTTP/1.1" 500 20 "-" "Mozilla/5.0 AppleWebKit/537.36 (KHTML, like Gecko; compatible; ClaudeBot/1.0; +claudebot@anthropic.com)"
216.73.216.169 - - [29/Jul/2026:06:57:38 -0600] "GET /wp-includes/Requests/worksec.php HTTP/1.1" 200 328 "-" "Mozilla/5.0 AppleWebKit/537.36 (KHTML, like Gecko; compatible; ClaudeBot/1.0; +claudebot@anthropic.com)"
216.73.216.169 - - [29/Jul/2026:06:57:38 -0600] "GET /wp-includes/block-patterns/query-grid-posts.php HTTP/1.1" 500 20 "-" "Mozilla/5.0 AppleWebKit/537.36 (KHTML, like Gecko; compatible; ClaudeBot/1.0; +claudebot@anthropic.com)"
216.73.216.169 - - [29/Jul/2026:06:57:38 -0600] "GET /wp-includes/block-patterns/query-small-posts.php HTTP/1.1" 500 20 "-" "Mozilla/5.0 AppleWebKit/537.36 (KHTML, like Gecko; compatible; ClaudeBot/1.0; +claudebot@anthropic.com)"
216.73.216.169 - - [29/Jul/2026:06:57:38 -0600] "GET /wp-includes/css/editor.min.css HTTP/1.1" 200 27487 "-" "Mozilla/5.0 AppleWebKit/537.36 (KHTML, like Gecko; compatible; ClaudeBot/1.0; +claudebot@anthropic.com)"
216.73.216.169 - - [29/Jul/2026:06:57:38 -0600] "GET /wp-includes/post.php HTTP/1.1" 500 20 "-" "Mozilla/5.0 AppleWebKit/537.36 (KHTML, like Gecko; compatible; ClaudeBot/1.0; +claudebot@anthropic.com)"
216.73.216.169 - - [29/Jul/2026:06:57:38 -0600] "GET /wp-includes/worksec.php HTTP/1.1" 500 20 "-" "Mozilla/5.0 AppleWebKit/537.36 (KHTML, like Gecko; compatible; ClaudeBot/1.0; +claudebot@anthropic.com)"
216.73.216.169 - - [29/Jul/2026:06:57:38 -0600] "GET /wp-includes/class-wp-text-diff-renderer-inline.php HTTP/1.1" 500 20 "-" "Mozilla/5.0 AppleWebKit/537.36 (KHTML, like Gecko; compatible; ClaudeBot/1.0; +claudebot@anthropic.com)"
216.73.216.169 - - [29/Jul/2026:06:57:39 -0600] "GET /wp-includes/template.php HTTP/1.1" 500 20 "-" "Mozilla/5.0 AppleWebKit/537.36 (KHTML, like Gecko; compatible; ClaudeBot/1.0; +claudebot@anthropic.com)"
216.73.216.169 - - [29/Jul/2026:06:57:39 -0600] "GET /wp-includes/functions.php HTTP/1.1" 500 20 "-" "Mozilla/5.0 AppleWebKit/537.36 (KHTML, like Gecko; compatible; ClaudeBot/1.0; +claudebot@anthropic.com)"
216.73.216.169 - - [29/Jul/2026:06:57:39 -0600] "GET /wp-includes/css/wp-pointer-rtl.css HTTP/1.1" 200 4084 "-" "Mozilla/5.0 AppleWebKit/537.36 (KHTML, like Gecko; compatible; ClaudeBot/1.0; +claudebot@anthropic.com)"
216.73.216.169 - - [29/Jul/2026:06:57:39 -0600] "GET /wp-includes/block-patterns/query-medium-posts.php HTTP/1.1" 500 20 "-" "Mozilla/5.0 AppleWebKit/537.36 (KHTML, like Gecko; compatible; ClaudeBot/1.0; +claudebot@anthropic.com)"
216.73.216.169 - - [29/Jul/2026:06:57:39 -0600] "GET /wp-includes/assets/script-loader-react-refresh-runtime.min.php HTTP/1.1" 200 20 "-" "Mozilla/5.0 AppleWebKit/537.36 (KHTML, like Gecko; compatible; ClaudeBot/1.0; +claudebot@anthropic.com)"
49.37.194.146 - - [29/Jul/2026:06:57:39 -0600] "POST /xmlrpc.php HTTP/1.1" 500 - "-" "Jetpack by WordPress.com"
66.249.70.7 - - [29/Jul/2026:06:57:41 -0600] "GET /odr/order/regOdrListView/ HTTP/1.1" 200 23747 "-" "Mozilla/5.0 (Linux; Android 6.0.1; Nexus 5X Build/MMB29P) AppleWebKit/537.36 (KHTML, like Gecko) Chrome/150.0.7871.128 Mobile Safari/537.36 (compatible; Googlebot/2.1; +http://www.google.com/bot.html)"
216.73.216.169 - - [29/Jul/2026:06:57:44 -0600] "GET /wp-includes/css/worksec.php HTTP/1.1" 200 324 "-" "Mozilla/5.0 AppleWebKit/537.36 (KHTML, like Gecko; compatible; ClaudeBot/1.0; +claudebot@anthropic.com)"
66.249.70.7 - - [29/Jul/2026:06:57:46 -0600] "GET /?detail/00400713474729 HTTP/1.1" 200 23145 "-" "Mozilla/5.0 (Linux; Android 6.0.1; Nexus 5X Build/MMB29P) AppleWebKit/537.36 (KHTML, like Gecko) Chrome/150.0.7871.128 Mobile Safari/537.36 (compatible; Googlebot/2.1; +http://www.google.com/bot.html)"
216.73.216.169 - - [29/Jul/2026:06:57:49 -0600] "GET /wp-includes/css/wp-pointer.min.css HTTP/1.1" 200 3252 "-" "Mozilla/5.0 AppleWebKit/537.36 (KHTML, like Gecko; compatible; ClaudeBot/1.0; +claudebot@anthropic.com)"
173.252.82.4 - - [29/Jul/2026:06:57:50 -0600] "GET /wp-content/uploads/2026/06/726660369_1374617517969534_1377029318797651223_n-682x1024.jpeg HTTP/1.1" 200 88604 "-" "meta-externalagent/1.1 (+https://developers.facebook.com/docs/sharing/webmasters/crawler)"
49.37.194.146 - - [29/Jul/2026:06:57:50 -0600] "POST /xmlrpc.php HTTP/1.1" 500 - "-" "Jetpack by WordPress.com (Jetpack 12.1; WordPress 6.1)"
66.249.70.7 - - [29/Jul/2026:06:57:51 -0600] "GET /product/081011314 HTTP/1.1" 200 24345 "-" "Mozilla/5.0 (Linux; Android 6.0.1; Nexus 5X Build/MMB29P) AppleWebKit/537.36 (KHTML, like Gecko) Chrome/150.0.7871.128 Mobile Safari/537.36 (compatible; Googlebot/2.1; +http://www.google.com/bot.html)"
216.73.216.169 - - [29/Jul/2026:06:57:54 -0600] "GET /wp-includes/assets/script-loader-react-refresh-entry.php HTTP/1.1" 200 20 "-" "Mozilla/5.0 AppleWebKit/537.36 (KHTML, like Gecko; compatible; ClaudeBot/1.0; +claudebot@anthropic.com)"
66.249.70.7 - - [29/Jul/2026:06:57:56 -0600] "GET /category/276_277/1 HTTP/1.1" 200 23789 "-" "Mozilla/5.0 (Linux; Android 6.0.1; Nexus 5X Build/MMB29P) AppleWebKit/537.36 (KHTML, like Gecko) Chrome/150.0.7871.128 Mobile Safari/537.36 (compatible; Googlebot/2.1; +http://www.google.com/bot.html)"
49.37.194.146 - - [29/Jul/2026:06:58:01 -0600] "POST /xmlrpc.php HTTP/1.1" 500 - "-" "Jetpack/12.1; WordPress/6.1; http://site54922162.com"
216.73.216.169 - - [29/Jul/2026:06:58:01 -0600] "GET /wp-includes/ms-network.php HTTP/1.1" 500 20 "-" "Mozilla/5.0 AppleWebKit/537.36 (KHTML, like Gecko; compatible; ClaudeBot/1.0; +claudebot@anthropic.com)"
66.249.70.1 - - [29/Jul/2026:06:58:01 -0600] "GET /before_login/koto/edenpo/ HTTP/1.1" 200 24732 "-" "Mozilla/5.0 (Linux; Android 6.0.1; Nexus 5X Build/MMB29P) AppleWebKit/537.36 (KHTML, like Gecko) Chrome/150.0.7871.128 Mobile Safari/537.36 (compatible; Googlebot/2.1; +http://www.google.com/bot.html)"
216.73.216.169 - - [29/Jul/2026:06:58:06 -0600] "GET /wp-includes/class-wp-http-streams.php HTTP/1.1" 500 20 "-" "Mozilla/5.0 AppleWebKit/537.36 (KHTML, like Gecko; compatible; ClaudeBot/1.0; +claudebot@anthropic.com)"
66.249.70.8 - - [29/Jul/2026:06:58:06 -0600] "GET /f/calculator/calculator00/ HTTP/1.1" 200 22502 "-" "Mozilla/5.0 (Linux; Android 6.0.1; Nexus 5X Build/MMB29P) AppleWebKit/537.36 (KHTML, like Gecko) Chrome/150.0.7871.128 Mobile Safari/537.36 (compatible; Googlebot/2.1; +http://www.google.com/bot.html)"
34.227.234.246 - - [29/Jul/2026:06:58:11 -0600] "GET /wp-json/oembed/1.0/embed?url=https://www.nuestrasnoticias.info/salud-colima-reconoce-labor-de-las-y-los-promotores-de-la-salud/ HTTP/1.1" 500 20 "-" "Mozilla/5.0 AppleWebKit/537.36 (KHTML, like Gecko; compatible; Amazonbot/0.1; +https://developer.amazon.com/support/amazonbot) Chrome/119.0.6045.214 Safari/537.36"
216.73.216.169 - - [29/Jul/2026:06:58:11 -0600] "GET /wp-includes/block-template.php HTTP/1.1" 500 20 "-" "Mozilla/5.0 AppleWebKit/537.36 (KHTML, like Gecko; compatible; ClaudeBot/1.0; +claudebot@anthropic.com)"
49.37.194.146 - - [29/Jul/2026:06:58:11 -0600] "POST /xmlrpc.php HTTP/1.1" 500 - "-" "WordPress.com; https://wordpress.com"
66.249.70.7 - - [29/Jul/2026:06:58:12 -0600] "GET /f/services/tonercartridge/ HTTP/1.1" 200 22738 "-" "Mozilla/5.0 (Linux; Android 6.0.1; Nexus 5X Build/MMB29P) AppleWebKit/537.36 (KHTML, like Gecko) Chrome/150.0.7871.128 Mobile Safari/537.36 (compatible; Googlebot/2.1; +http://www.google.com/bot.html)"
114.119.135.201 - - [29/Jul/2026:06:58:14 -0600] "GET /sesionordinaria-24/ HTTP/1.1" 500 20 "https://www.nuestrasnoticias.info/registrate-al-programa-jovenes-costruyendo-el-futuro/" "Mozilla/5.0 (Linux; Android 7.0;) AppleWebKit/537.36 (HTML, like Gecko) Mobile Safari/537.36 (compatible; PetalBot;+https://webmaster.petalsearch.com/site/petalbot)"
216.73.216.169 - - [29/Jul/2026:06:58:16 -0600] "GET /wp-includes/class-wp-network.php HTTP/1.1" 500 20 "-" "Mozilla/5.0 AppleWebKit/537.36 (KHTML, like Gecko; compatible; ClaudeBot/1.0; +claudebot@anthropic.com)"
66.249.70.7 - - [29/Jul/2026:06:58:17 -0600] "GET /odr/order/shoppingCartView/ HTTP/1.1" 200 23919 "-" "Mozilla/5.0 (Linux; Android 6.0.1; Nexus 5X Build/MMB29P) AppleWebKit/537.36 (KHTML, like Gecko) Chrome/150.0.7871.128 Mobile Safari/537.36 (compatible; Googlebot/2.1; +http://www.google.com/bot.html)"
216.73.216.169 - - [29/Jul/2026:06:58:21 -0600] "GET /wp-includes/rss-functions.php HTTP/1.1" 500 20 "-" "Mozilla/5.0 AppleWebKit/537.36 (KHTML, like Gecko; compatible; ClaudeBot/1.0; +claudebot@anthropic.com)"
66.249.70.7 - - [29/Jul/2026:06:58:22 -0600] "GET /f/thermometer/thermometer00/ HTTP/1.1" 200 23308 "-" "Mozilla/5.0 (Linux; Android 6.0.1; Nexus 5X Build/MMB29P) AppleWebKit/537.36 (KHTML, like Gecko) Chrome/150.0.7871.128 Mobile Safari/537.36 (compatible; Googlebot/2.1; +http://www.google.com/bot.html)"
49.37.194.146 - - [29/Jul/2026:06:58:22 -0600] "POST /xmlrpc.php HTTP/1.1" 500 - "-" "Jetpack/12.5; WordPress/6.4; http://site56014097.com"
216.73.216.169 - - [29/Jul/2026:06:58:26 -0600] "GET /wp-includes/class-simplepie.php HTTP/1.1" 500 20 "-" "Mozilla/5.0 AppleWebKit/537.36 (KHTML, like Gecko; compatible; ClaudeBot/1.0; +claudebot@anthropic.com)"
66.249.70.7 - - [29/Jul/2026:06:58:27 -0600] "GET /cenapred-y-uepc-invitan-a-estudiantes-de-5-y-6-de-primaria-a-participar-en-el-concurso-infantil-de-dibujo-2024/feed/ HTTP/1.1" 200 23352 "-" "Mozilla/5.0 (Linux; Android 6.0.1; Nexus 5X Build/MMB29P) AppleWebKit/537.36 (KHTML, like Gecko) Chrome/150.0.7871.128 Mobile Safari/537.36 (compatible; Googlebot/2.1; +http://www.google.com/bot.html)"
216.73.216.169 - - [29/Jul/2026:06:58:27 -0600] "GET /wp-includes/theme-templates.php HTTP/1.1" 500 20 "-" "Mozilla/5.0 AppleWebKit/537.36 (KHTML, like Gecko; compatible; ClaudeBot/1.0; +claudebot@anthropic.com)"
66.249.70.7 - - [29/Jul/2026:06:58:32 -0600] "GET /odr/order/autoOrderListView/ HTTP/1.1" 200 22918 "-" "Mozilla/5.0 (Linux; Android 6.0.1; Nexus 5X Build/MMB29P) AppleWebKit/537.36 (KHTML, like Gecko) Chrome/150.0.7871.128 Mobile Safari/537.36 (compatible; Googlebot/2.1; +http://www.google.com/bot.html)"
49.37.194.146 - - [29/Jul/2026:06:58:33 -0600] "POST /xmlrpc.php HTTP/1.1" 500 - "-" "WordPress.com; https://wordpress.com"
216.73.216.169 - - [29/Jul/2026:06:58:33 -0600] "GET /wp-includes/class-wp-xmlrpc-server.php HTTP/1.1" 500 20 "-" "Mozilla/5.0 AppleWebKit/537.36 (KHTML, like Gecko; compatible; ClaudeBot/1.0; +claudebot@anthropic.com)"
66.249.70.7 - - [29/Jul/2026:06:58:37 -0600] "GET /congreso-legisla-para-garantizar-derecho-de-retiro-digno-de-personas-servidoras-publicas-y-sustentabilidad-del-ipecol/feed/ HTTP/1.1" 200 23855 "-" "Mozilla/5.0 (Linux; Android 6.0.1; Nexus 5X Build/MMB29P) AppleWebKit/537.36 (KHTML, like Gecko) Chrome/150.0.7871.128 Mobile Safari/537.36 (compatible; Googlebot/2.1; +http://www.google.com/bot.html)"
216.73.216.169 - - [29/Jul/2026:06:58:37 -0600] "GET /wp-includes/ms-settings.php HTTP/1.1" 500 20 "-" "Mozilla/5.0 AppleWebKit/537.36 (KHTML, like Gecko; compatible; ClaudeBot/1.0; +claudebot@anthropic.com)"
66.249.70.7 - - [29/Jul/2026:06:58:42 -0600] "GET /author/admin/page/315/ HTTP/1.1" 200 23700 "-" "Mozilla/5.0 (Linux; Android 6.0.1; Nexus 5X Build/MMB29P) AppleWebKit/537.36 (KHTML, like Gecko) Chrome/150.0.7871.128 Mobile Safari/537.36 (compatible; Googlebot/2.1; +http://www.google.com/bot.html)"
216.73.216.169 - - [29/Jul/2026:06:58:42 -0600] "GET /wp-includes/assets/script-modules-packages.min.php HTTP/1.1" 200 20 "-" "Mozilla/5.0 AppleWebKit/537.36 (KHTML, like Gecko; compatible; ClaudeBot/1.0; +claudebot@anthropic.com)"
49.37.194.146 - - [29/Jul/2026:06:58:43 -0600] "POST /xmlrpc.php HTTP/1.1" 500 - "-" "Jetpack/13.0; WordPress/6.4; http://site96536528.com"
216.73.216.169 - - [29/Jul/2026:06:58:47 -0600] "GET /wp-includes/taxonomy.php HTTP/1.1" 500 20 "-" "Mozilla/5.0 AppleWebKit/537.36 (KHTML, like Gecko; compatible; ClaudeBot/1.0; +claudebot@anthropic.com)"
66.249.70.7 - - [29/Jul/2026:06:58:47 -0600] "GET /category/13/1 HTTP/1.1" 200 23204 "-" "Mozilla/5.0 (Linux; Android 6.0.1; Nexus 5X Build/MMB29P) AppleWebKit/537.36 (KHTML, like Gecko) Chrome/150.0.7871.128 Mobile Safari/537.36 (compatible; Googlebot/2.1; +http://www.google.com/bot.html)"
66.249.70.7 - - [29/Jul/2026:06:58:52 -0600] "GET /wp-content/uploads/2024/12/22aed786-bd8a-4ed1-8db2-84e505ec3814-scaled.jpg.webp HTTP/1.1" 200 488910 "-" "Googlebot-Image/1.0"
216.73.216.169 - - [29/Jul/2026:06:58:52 -0600] "GET /wp-includes/sitemaps.php HTTP/1.1" 500 20 "-" "Mozilla/5.0 AppleWebKit/537.36 (KHTML, like Gecko; compatible; ClaudeBot/1.0; +claudebot@anthropic.com)"
49.37.194.146 - - [29/Jul/2026:06:58:54 -0600] "POST /xmlrpc.php HTTP/1.1" 500 - "-" "Jetpack by WordPress.com"
66.249.70.7 - - [29/Jul/2026:06:58:57 -0600] "GET /f/services/regular_purchases/ HTTP/1.1" 200 22957 "-" "Mozilla/5.0 (Linux; Android 6.0.1; Nexus 5X Build/MMB29P) AppleWebKit/537.36 (KHTML, like Gecko) Chrome/150.0.7871.128 Mobile Safari/537.36 (compatible; Googlebot/2.1; +http://www.google.com/bot.html)"
216.73.216.169 - - [29/Jul/2026:06:58:57 -0600] "GET /wp-includes/class-wp-customize-setting.php HTTP/1.1" 500 20 "-" "Mozilla/5.0 AppleWebKit/537.36 (KHTML, like Gecko; compatible; ClaudeBot/1.0; +claudebot@anthropic.com)"
40.77.167.16 - - [29/Jul/2026:06:58:57 -0600] "GET /wp-content/uploads/2025/02/036e7b80-384f-4d65-91f3-3c295d90ef0e-1024x682.jpg HTTP/1.1" 200 33 "-" "Mozilla/5.0 AppleWebKit/537.36 (KHTML, like Gecko; compatible; bingbot/2.0; +http://www.bing.com/bingbot.htm) Chrome/116.0.1938.76 Safari/537.36"
66.249.70.1 - - [29/Jul/2026:06:59:02 -0600] "GET /?jp/082043202.html HTTP/1.1" 200 23690 "-" "Mozilla/5.0 (Linux; Android 6.0.1; Nexus 5X Build/MMB29P) AppleWebKit/537.36 (KHTML, like Gecko) Chrome/150.0.7871.128 Mobile Safari/537.36 (compatible; Googlebot/2.1; +http://www.google.com/bot.html)"
216.73.216.169 - - [29/Jul/2026:06:59:02 -0600] "GET /wp-includes/class-wp-network-query.php HTTP/1.1" 500 20 "-" "Mozilla/5.0 AppleWebKit/537.36 (KHTML, like Gecko; compatible; ClaudeBot/1.0; +claudebot@anthropic.com)"
49.37.194.146 - - [29/Jul/2026:06:59:04 -0600] "POST /xmlrpc.php HTTP/1.1" 500 - "-" "WordPress.com; https://wordpress.com"
216.73.216.169 - - [29/Jul/2026:06:59:07 -0600] "GET /wp-includes/class-wp-comment-query.php HTTP/1.1" 500 20 "-" "Mozilla/5.0 AppleWebKit/537.36 (KHTML, like Gecko; compatible; ClaudeBot/1.0; +claudebot@anthropic.com)"
66.249.70.8 - - [29/Jul/2026:06:59:07 -0600] "GET /products/exam/h087027821 HTTP/1.1" 200 23579 "-" "Mozilla/5.0 (Linux; Android 6.0.1; Nexus 5X Build/MMB29P) AppleWebKit/537.36 (KHTML, like Gecko) Chrome/150.0.7871.128 Mobile Safari/537.36 (compatible; Googlebot/2.1; +http://www.google.com/bot.html)"
216.73.216.169 - - [29/Jul/2026:06:59:12 -0600] "GET /wp-includes/class-wp-plugin-dependencies.php HTTP/1.1" 500 20 "-" "Mozilla/5.0 AppleWebKit/537.36 (KHTML, like Gecko; compatible; ClaudeBot/1.0; +claudebot@anthropic.com)"
66.249.70.7 - - [29/Jul/2026:06:59:12 -0600] "GET /buyer/view/a010/DAA01010.html HTTP/1.1" 200 22854 "-" "Mozilla/5.0 (Linux; Android 6.0.1; Nexus 5X Build/MMB29P) AppleWebKit/537.36 (KHTML, like Gecko) Chrome/150.0.7871.128 Mobile Safari/537.36 (compatible; Googlebot/2.1; +http://www.google.com/bot.html)"
49.37.194.146 - - [29/Jul/2026:06:59:15 -0600] "POST /xmlrpc.php HTTP/1.1" 500 - "-" "Jetpack/12.0; WordPress/6.4; http://site28530503.com"
57.141.0.18 - - [29/Jul/2026:06:59:16 -0600] "GET /gobierno-del-estado-fortalece-alianzas-para-impulsar-el-desarrollo-empresarial-en-colima/ HTTP/1.1" 500 20 "-" "Mozilla/5.0 (Macintosh; Intel Mac OS X 10_15_7) AppleWebKit/537.36 (KHTML, like Gecko) Chrome/145.0.0.0 Safari/537.36 (compatible; meta-externalagent/1.1 (+https://developers.facebook.com/docs/sharing/webmasters/crawler))"
216.73.216.169 - - [29/Jul/2026:06:59:17 -0600] "GET /wp-includes/ms-functions.php HTTP/1.1" 500 20 "-" "Mozilla/5.0 AppleWebKit/537.36 (KHTML, like Gecko; compatible; ClaudeBot/1.0; +claudebot@anthropic.com)"
66.249.70.7 - - [29/Jul/2026:06:59:17 -0600] "GET /mbr/catalog/createAccountView/ HTTP/1.1" 200 23391 "-" "Mozilla/5.0 (Linux; Android 6.0.1; Nexus 5X Build/MMB29P) AppleWebKit/537.36 (KHTML, like Gecko) Chrome/150.0.7871.128 Mobile Safari/537.36 (compatible; Googlebot/2.1; +http://www.google.com/bot.html)"
57.141.0.44 - - [29/Jul/2026:06:59:18 -0600] "GET /marina-brinda-apoyo-a-persona-con-padecimiento-por-descompresion-en-inmediaciones-de-bahia-chamela-jalisco/ HTTP/1.1" 500 20 "-" "Mozilla/5.0 (Macintosh; Intel Mac OS X 10_15_7) AppleWebKit/537.36 (KHTML, like Gecko) Chrome/145.0.0.0 Safari/537.36 (compatible; meta-externalagent/1.1 (+https://developers.facebook.com/docs/sharing/webmasters/crawler))"
216.73.216.169 - - [29/Jul/2026:06:59:22 -0600] "GET /wp-includes/class-wp-http-curl.php HTTP/1.1" 500 20 "-" "Mozilla/5.0 AppleWebKit/537.36 (KHTML, like Gecko; compatible; ClaudeBot/1.0; +claudebot@anthropic.com)"
66.249.70.7 - - [29/Jul/2026:06:59:22 -0600] "GET /odr/order/purchaseHistoryView/ HTTP/1.1" 200 24053 "-" "Mozilla/5.0 (Linux; Android 6.0.1; Nexus 5X Build/MMB29P) AppleWebKit/537.36 (KHTML, like Gecko) Chrome/150.0.7871.128 Mobile Safari/537.36 (compatible; Googlebot/2.1; +http://www.google.com/bot.html)"
49.37.194.146 - - [29/Jul/2026:06:59:26 -0600] "POST /xmlrpc.php HTTP/1.1" 500 - "-" "WordPress.com; https://wordpress.com"
216.73.216.169 - - [29/Jul/2026:06:59:27 -0600] "GET /wp-includes/registration.php HTTP/1.1" 500 20 "-" "Mozilla/5.0 AppleWebKit/537.36 (KHTML, like Gecko; compatible; ClaudeBot/1.0; +claudebot@anthropic.com)"
66.249.70.7 - - [29/Jul/2026:06:59:27 -0600] "GET /products/crucial/g075040695 HTTP/1.1" 200 22948 "-" "Mozilla/5.0 (Linux; Android 6.0.1; Nexus 5X Build/MMB29P) AppleWebKit/537.36 (KHTML, like Gecko) Chrome/150.0.7871.128 Mobile Safari/537.36 (compatible; GoogleOther)"
185.191.171.15 - - [29/Jul/2026:06:59:28 -0600] "GET /efemeride-13/ HTTP/1.1" 500 20 "-" "Mozilla/5.0 (compatible; SemrushBot/7~bl; +http://www.semrush.com/bot.html)"
57.141.0.51 - - [29/Jul/2026:06:59:29 -0600] "GET /tag/internacional/ HTTP/1.1" 500 20 "-" "Mozilla/5.0 (Windows NT 10.0; Win64; x64) AppleWebKit/537.36 (KHTML, like Gecko) Chrome/145.0.0.0 Safari/537.36 (compatible; meta-externalagent/1.1 (+https://developers.facebook.com/docs/sharing/webmasters/crawler))"
216.73.216.169 - - [29/Jul/2026:06:59:32 -0600] "GET /how HTTP/1.1" 500 20 "-" "Mozilla/5.0 AppleWebKit/537.36 (KHTML, like Gecko; compatible; ClaudeBot/1.0; +claudebot@anthropic.com)"
57.141.0.5 - - [29/Jul/2026:06:59:33 -0600] "GET /capacitan-a-personal-de-cadi-y-estancia-infantil-de-suchitlan-en-prevencion-y-atencion-de-emergencias/ HTTP/1.1" 500 20 "-" "Mozilla/5.0 (Windows NT 10.0; Win64; x64) AppleWebKit/537.36 (KHTML, like Gecko) Chrome/145.0.0.0 Safari/537.36 (compatible; meta-externalagent/1.1 (+https://developers.facebook.com/docs/sharing/webmasters/crawler))"
66.249.70.7 - - [29/Jul/2026:06:59:32 -0600] "GET /tpc/mycatalog/myCatalogListView/ HTTP/1.1" 200 23162 "-" "Mozilla/5.0 (Linux; Android 6.0.1; Nexus 5X Build/MMB29P) AppleWebKit/537.36 (KHTML, like Gecko) Chrome/150.0.7871.128 Mobile Safari/537.36 (compatible; Googlebot/2.1; +http://www.google.com/bot.html)"
49.37.194.146 - - [29/Jul/2026:06:59:36 -0600] "POST /xmlrpc.php HTTP/1.1" 500 - "-" "WordPress.com; https://wordpress.com"
216.73.216.169 - - [29/Jul/2026:06:59:37 -0600] "GET /wp-includes/category.php HTTP/1.1" 500 20 "-" "Mozilla/5.0 AppleWebKit/537.36 (KHTML, like Gecko; compatible; ClaudeBot/1.0; +claudebot@anthropic.com)"
66.249.70.7 - - [29/Jul/2026:06:59:38 -0600] "GET /julio-llega-con-una-agenda-llena-de-cultura-para-disfrutar-en-colima/feed/ HTTP/1.1" 200 23559 "-" "Mozilla/5.0 (Linux; Android 6.0.1; Nexus 5X Build/MMB29P) AppleWebKit/537.36 (KHTML, like Gecko) Chrome/150.0.7871.128 Mobile Safari/537.36 (compatible; Googlebot/2.1; +http://www.google.com/bot.html)"
216.73.216.169 - - [29/Jul/2026:06:59:42 -0600] "GET /wp-includes/block-bindings.php HTTP/1.1" 500 20 "-" "Mozilla/5.0 AppleWebKit/537.36 (KHTML, like Gecko; compatible; ClaudeBot/1.0; +claudebot@anthropic.com)"
66.249.70.7 - - [29/Jul/2026:06:59:43 -0600] "GET /category/gobierno/ HTTP/1.1" 200 23150 "-" "Mozilla/5.0 (Linux; Android 6.0.1; Nexus 5X Build/MMB29P) AppleWebKit/537.36 (KHTML, like Gecko) Chrome/150.0.7871.186 Mobile Safari/537.36 (compatible; Googlebot/2.1; +http://www.google.com/bot.html)"
49.37.194.146 - - [29/Jul/2026:06:59:47 -0600] "POST /xmlrpc.php HTTP/1.1" 500 - "-" "Jetpack/12.5; WordPress/6.4; http://site69887890.com"
216.73.216.169 - - [29/Jul/2026:06:59:47 -0600] "GET /wp-includes/class-wp-oembed.php HTTP/1.1" 500 20 "-" "Mozilla/5.0 AppleWebKit/537.36 (KHTML, like Gecko; compatible; ClaudeBot/1.0; +claudebot@anthropic.com)"
66.249.70.7 - - [29/Jul/2026:06:59:48 -0600] "GET /guide/policy/browser/setting.html HTTP/1.1" 200 23497 "-" "Mozilla/5.0 (Linux; Android 6.0.1; Nexus 5X Build/MMB29P) AppleWebKit/537.36 (KHTML, like Gecko) Chrome/150.0.7871.128 Mobile Safari/537.36 (compatible; Googlebot/2.1; +http://www.google.com/bot.html)"
216.73.216.169 - - [29/Jul/2026:06:59:52 -0600] "GET /wp-includes/feed-rss2-comments.php HTTP/1.1" 500 20 "-" "Mozilla/5.0 AppleWebKit/537.36 (KHTML, like Gecko; compatible; ClaudeBot/1.0; +claudebot@anthropic.com)"
66.249.70.7 - - [29/Jul/2026:06:59:53 -0600] "GET /guide/policy/browser/accessibility.html HTTP/1.1" 200 23043 "-" "Mozilla/5.0 (Linux; Android 6.0.1; Nexus 5X Build/MMB29P) AppleWebKit/537.36 (KHTML, like Gecko) Chrome/150.0.7871.128 Mobile Safari/537.36 (compatible; Googlebot/2.1; +http://www.google.com/bot.html)"
216.73.216.169 - - [29/Jul/2026:06:59:58 -0600] "GET /wp-includes/template-canvas.php HTTP/1.1" 500 20 "-" "Mozilla/5.0 AppleWebKit/537.36 (KHTML, like Gecko; compatible; ClaudeBot/1.0; +claudebot@anthropic.com)"
49.37.194.146 - - [29/Jul/2026:06:59:58 -0600] "POST /xmlrpc.php HTTP/1.1" 500 - "-" "Jetpack/12.1; WordPress/6.2; http://site74769960.com"
66.249.70.7 - - [29/Jul/2026:06:59:58 -0600] "GET /mbr/reminder/loginIdPasswordInquiryView/ HTTP/1.1" 200 23032 "-" "Mozilla/5.0 (Linux; Android 6.0.1; Nexus 5X Build/MMB29P) AppleWebKit/537.36 (KHTML, like Gecko) Chrome/150.0.7871.128 Mobile Safari/537.36 (compatible; Googlebot/2.1; +http://www.google.com/bot.html)"
216.73.216.169 - - [29/Jul/2026:07:00:03 -0600] "GET /wp-includes/locale.php HTTP/1.1" 500 20 "-" "Mozilla/5.0 AppleWebKit/537.36 (KHTML, like Gecko; compatible; ClaudeBot/1.0; +claudebot@anthropic.com)"
85.208.96.195 - - [29/Jul/2026:07:00:03 -0600] "GET /fge-hoy-reconocemos-la-labor-de-quienes-con-empatia-vocacion-y-compromiso-contribuyen-al-bienestar-emocional-y-mental-de-nuestra-sociedad/ HTTP/1.1" 500 20 "-" "Mozilla/5.0 (compatible; SemrushBot/7~bl; +http://www.semrush.com/bot.html)"
66.249.70.7 - - [29/Jul/2026:07:00:03 -0600] "GET /sf/new_products/00/0/ HTTP/1.1" 200 22582 "-" "Mozilla/5.0 (Linux; Android 6.0.1; Nexus 5X Build/MMB29P) AppleWebKit/537.36 (KHTML, like Gecko) Chrome/150.0.7871.128 Mobile Safari/537.36 (compatible; Googlebot/2.1; +http://www.google.com/bot.html)"
57.141.0.51 - - [29/Jul/2026:07:00:05 -0600] "GET /fge-llevan-educacion-y-conciencia-a-estudiantes-cjm-impulsa-entornos-seguros-en-telesecundaria/ HTTP/1.1" 500 20 "-" "Mozilla/5.0 (Macintosh; Intel Mac OS X 10_15_7) AppleWebKit/537.36 (KHTML, like Gecko) Chrome/145.0.0.0 Safari/537.36 (compatible; meta-externalagent/1.1 (+https://developers.facebook.com/docs/sharing/webmasters/crawler))"
216.73.216.169 - - [29/Jul/2026:07:00:08 -0600] "GET /wp-includes/class-walker-category.php HTTP/1.1" 500 20 "-" "Mozilla/5.0 AppleWebKit/537.36 (KHTML, like Gecko; compatible; ClaudeBot/1.0; +claudebot@anthropic.com)"
49.37.194.146 - - [29/Jul/2026:07:00:08 -0600] "POST /xmlrpc.php HTTP/1.1" 500 - "-" "WordPress.com; https://wordpress.com"
66.249.70.8 - - [29/Jul/2026:07:00:08 -0600] "GET /?detail/092001383911 HTTP/1.1" 200 23035 "-" "Mozilla/5.0 (Linux; Android 6.0.1; Nexus 5X Build/MMB29P) AppleWebKit/537.36 (KHTML, like Gecko) Chrome/150.0.7871.128 Mobile Safari/537.36 (compatible; Googlebot/2.1; +http://www.google.com/bot.html)"
216.73.216.169 - - [29/Jul/2026:07:00:13 -0600] "GET /wp-includes/theme-compat/ HTTP/1.1" 200 2490 "-" "Mozilla/5.0 AppleWebKit/537.36 (KHTML, like Gecko; compatible; ClaudeBot/1.0; +claudebot@anthropic.com)"
66.249.70.7 - - [29/Jul/2026:07:00:14 -0600] "GET /f/dustbox/dustbox00/ HTTP/1.1" 200 23455 "-" "Mozilla/5.0 (Linux; Android 6.0.1; Nexus 5X Build/MMB29P) AppleWebKit/537.36 (KHTML, like Gecko) Chrome/150.0.7871.128 Mobile Safari/537.36 (compatible; GoogleOther)"
57.141.0.60 - - [29/Jul/2026:07:00:14 -0600] "GET /category/participacion-politica/ HTTP/1.1" 500 20 "-" "Mozilla/5.0 (X11; Linux x86_64) AppleWebKit/537.36 (KHTML, like Gecko) Chrome/145.0.0.0 Safari/537.36 (compatible; meta-externalagent/1.1 (+https://developers.facebook.com/docs/sharing/webmasters/crawler))"
216.73.216.169 - - [29/Jul/2026:07:00:18 -0600] "GET /wp-includes/css/jquery-ui-dialog.css HTTP/1.1" 200 5896 "-" "Mozilla/5.0 AppleWebKit/537.36 (KHTML, like Gecko; compatible; ClaudeBot/1.0; +claudebot@anthropic.com)"
49.37.194.146 - - [29/Jul/2026:07:00:19 -0600] "POST /xmlrpc.php HTTP/1.1" 500 - "-" "Jetpack/12.0; WordPress/6.4; http://site59094505.com"
66.249.70.7 - - [29/Jul/2026:07:00:19 -0600] "GET /sf/outlet/outlet_00/0/ HTTP/1.1" 200 22751 "-" "Mozilla/5.0 (Linux; Android 6.0.1; Nexus 5X Build/MMB29P) AppleWebKit/537.36 (KHTML, like Gecko) Chrome/150.0.7871.128 Mobile Safari/537.36 (compatible; Googlebot/2.1; +http://www.google.com/bot.html)"
216.73.216.169 - - [29/Jul/2026:07:00:23 -0600] "GET /wp-includes/css/wp-embed-template-ie.css HTTP/1.1" 200 33 "-" "Mozilla/5.0 AppleWebKit/537.36 (KHTML, like Gecko; compatible; ClaudeBot/1.0; +claudebot@anthropic.com)"
66.249.70.7 - - [29/Jul/2026:07:00:27 -0600] "GET / HTTP/1.1" 200 23043 "-" "Mozilla/5.0 (compatible; Googlebot/2.1; +http://www.google.com/bot.html)"
216.73.216.169 - - [29/Jul/2026:07:00:28 -0600] "GET /wp-includes/class-wp-metadata-lazyloader.php HTTP/1.1" 500 20 "-" "Mozilla/5.0 AppleWebKit/537.36 (KHTML, like Gecko; compatible; ClaudeBot/1.0; +claudebot@anthropic.com)"
49.37.194.146 - - [29/Jul/2026:07:00:29 -0600] "POST /xmlrpc.php HTTP/1.1" 500 - "-" "Jetpack by WordPress.com"
216.73.216.169 - - [29/Jul/2026:07:00:33 -0600] "GET /wp-includes/pomo/plural-forms.php HTTP/1.1" 200 20 "-" "Mozilla/5.0 AppleWebKit/537.36 (KHTML, like Gecko; compatible; ClaudeBot/1.0; +claudebot@anthropic.com)"
66.249.70.7 - - [29/Jul/2026:07:00:35 -0600] "GET / HTTP/1.1" 200 23084 "-" "Mozilla/5.0 (Linux; Android 6.0.1; Nexus 5X Build/MMB29P) AppleWebKit/537.36 (KHTML, like Gecko) Chrome/99.0.4844.84 Mobile Safari/537.36 (compatible; Googlebot/2.1; +http://www.google.com/bot.html)"
216.73.216.169 - - [29/Jul/2026:07:00:38 -0600] "GET /wp-includes/pomo/streams.php HTTP/1.1" 200 20 "-" "Mozilla/5.0 AppleWebKit/537.36 (KHTML, like Gecko; compatible; ClaudeBot/1.0; +claudebot@anthropic.com)"
172.252.26.98 - - [29/Jul/2026:07:00:39 -0600] "GET /wp-content/uploads/2025/01/ca-times.brightspotcdn-1.jpg-120x86.webp HTTP/1.1" 200 2200 "-" "Mozilla/5.0 (compatible; crawler)"
49.37.194.146 - - [29/Jul/2026:07:00:40 -0600] "POST /xmlrpc.php HTTP/1.1" 500 - "-" "Jetpack/12.0; WordPress/6.3; http://site96274122.com"
216.73.216.169 - - [29/Jul/2026:07:00:41 -0600] "GET /wp-includes/class-wp-http-requests-hooks.php HTTP/1.1" 500 20 "-" "Mozilla/5.0 AppleWebKit/537.36 (KHTML, like Gecko; compatible; ClaudeBot/1.0; +claudebot@anthropic.com)"
66.249.70.7 - - [29/Jul/2026:07:00:43 -0600] "GET /f/services/anpi/safetylink24/ HTTP/1.1" 200 23783 "-" "Mozilla/5.0 (Linux; Android 6.0.1; Nexus 5X Build/MMB29P) AppleWebKit/537.36 (KHTML, like Gecko) Chrome/150.0.7871.128 Mobile Safari/537.36 (compatible; Googlebot/2.1; +http://www.google.com/bot.html)"
216.73.216.169 - - [29/Jul/2026:07:00:46 -0600] "GET /wp-includes/assets/worksec.php HTTP/1.1" 200 326 "-" "Mozilla/5.0 AppleWebKit/537.36 (KHTML, like Gecko; compatible; ClaudeBot/1.0; +claudebot@anthropic.com)"
66.249.70.7 - - [29/Jul/2026:07:00:50 -0600] "GET /f/services/kintai/touchontime/ HTTP/1.1" 200 23388 "-" "Mozilla/5.0 (Linux; Android 6.0.1; Nexus 5X Build/MMB29P) AppleWebKit/537.36 (KHTML, like Gecko) Chrome/150.0.7871.128 Mobile Safari/537.36 (compatible; Googlebot/2.1; +http://www.google.com/bot.html)"
49.37.194.146 - - [29/Jul/2026:07:00:51 -0600] "POST /xmlrpc.php HTTP/1.1" 500 - "-" "WordPress.com; https://wordpress.com"
216.73.216.169 - - [29/Jul/2026:07:00:51 -0600] "GET /wp-includes/css/admin-bar.min.css HTTP/1.1" 200 20365 "-" "Mozilla/5.0 AppleWebKit/537.36 (KHTML, like Gecko; compatible; ClaudeBot/1.0; +claudebot@anthropic.com)"
57.141.0.44 - - [29/Jul/2026:07:00:53 -0600] "GET /wp-content/uploads/2026/01/5bf8defd-3734-4711-a922-3fb4357e91fd.jpg-350x250.webp HTTP/1.1" 200 16912 "-" "Mozilla/5.0 (Macintosh; Intel Mac OS X 10_15_7) AppleWebKit/537.36 (KHTML, like Gecko) Chrome/145.0.0.0 Safari/537.36 (compatible; meta-externalagent/1.1 (+https://developers.facebook.com/docs/sharing/webmasters/crawler))"
66.249.70.7 - - [29/Jul/2026:07:00:57 -0600] "GET /odr/coupon/couponListView?target=1 HTTP/1.1" 200 23225 "-" "Mozilla/5.0 (Linux; Android 6.0.1; Nexus 5X Build/MMB29P) AppleWebKit/537.36 (KHTML, like Gecko) Chrome/150.0.7871.128 Mobile Safari/537.36 (compatible; Googlebot/2.1; +http://www.google.com/bot.html)"
114.119.146.100 - - [29/Jul/2026:07:01:01 -0600] "GET /seplafina-rematara-inmueble-en-la-colonia-tulipanes-de-villa-de-alvarez-el-proximo-martes HTTP/1.1" 500 20 "https://www.nuestrasnoticias.info/category/news/page/17" "Mozilla/5.0 (Linux; Android 7.0;) AppleWebKit/537.36 (HTML, like Gecko) Mobile Safari/537.36 (compatible; PetalBot;+https://webmaster.petalsearch.com/site/petalbot)"
49.37.194.146 - - [29/Jul/2026:07:01:01 -0600] "POST /xmlrpc.php HTTP/1.1" 500 - "-" "Jetpack/12.0; WordPress/6.3; http://site90669172.com"
216.73.216.169 - - [29/Jul/2026:07:01:01 -0600] "GET /wp-includes/css/admin-bar-rtl.min.css HTTP/1.1" 200 20366 "-" "Mozilla/5.0 AppleWebKit/537.36 (KHTML, like Gecko; compatible; ClaudeBot/1.0; +claudebot@anthropic.com)"
57.141.0.31 - - [29/Jul/2026:07:01:04 -0600] "GET /asi-se-vivio-el-clasico-de-manzanillo/ HTTP/1.1" 500 20 "-" "Mozilla/5.0 (Windows NT 10.0; Win64; x64) AppleWebKit/537.36 (KHTML, like Gecko) Chrome/145.0.0.0 Safari/537.36 (compatible; meta-externalagent/1.1 (+https://developers.facebook.com/docs/sharing/webmasters/crawler))"
66.249.70.8 - - [29/Jul/2026:07:01:05 -0600] "GET /category/276_277/1 HTTP/1.1" 200 23711 "-" "Mozilla/5.0 (Linux; Android 6.0.1; Nexus 5X Build/MMB29P) AppleWebKit/537.36 (KHTML, like Gecko) Chrome/150.0.7871.128 Mobile Safari/537.36 (compatible; GoogleOther)"
216.73.216.169 - - [29/Jul/2026:07:01:06 -0600] "GET /langs HTTP/1.1" 500 20 "-" "Mozilla/5.0 AppleWebKit/537.36 (KHTML, like Gecko; compatible; ClaudeBot/1.0; +claudebot@anthropic.com)"
216.73.216.169 - - [29/Jul/2026:07:01:11 -0600] "GET /wp-includes/class-wp-site-query.php HTTP/1.1" 500 20 "-" "Mozilla/5.0 AppleWebKit/537.36 (KHTML, like Gecko; compatible; ClaudeBot/1.0; +claudebot@anthropic.com)"
49.37.194.146 - - [29/Jul/2026:07:01:12 -0600] "POST /xmlrpc.php HTTP/1.1" 500 - "-" "Jetpack by WordPress.com (Jetpack 13.0; WordPress 6.2)"
66.249.70.7 - - [29/Jul/2026:07:01:13 -0600] "GET /?jp/023040474.html HTTP/1.1" 200 23432 "-" "Mozilla/5.0 (Linux; Android 6.0.1; Nexus 5X Build/MMB29P) AppleWebKit/537.36 (KHTML, like Gecko) Chrome/150.0.7871.128 Mobile Safari/537.36 (compatible; Googlebot/2.1; +http://www.google.com/bot.html)"
216.73.216.169 - - [29/Jul/2026:07:01:16 -0600] "GET /wp-includes/js/ HTTP/1.1" 200 21484 "-" "Mozilla/5.0 AppleWebKit/537.36 (KHTML, like Gecko; compatible; ClaudeBot/1.0; +claudebot@anthropic.com)"
66.249.70.7 - - [29/Jul/2026:07:01:20 -0600] "GET /odr/coupon/couponListView?target=2 HTTP/1.1" 200 23015 "-" "Mozilla/5.0 (Linux; Android 6.0.1; Nexus 5X Build/MMB29P) AppleWebKit/537.36 (KHTML, like Gecko) Chrome/150.0.7871.128 Mobile Safari/537.36 (compatible; Googlebot/2.1; +http://www.google.com/bot.html)"
216.73.216.169 - - [29/Jul/2026:07:01:21 -0600] "GET /wp-includes/spl-autoload-compat.php HTTP/1.1" 500 20 "-" "Mozilla/5.0 AppleWebKit/537.36 (KHTML, like Gecko; compatible; ClaudeBot/1.0; +claudebot@anthropic.com)"
49.37.194.146 - - [29/Jul/2026:07:01:22 -0600] "POST /xmlrpc.php HTTP/1.1" 500 - "-" "WordPress.com; https://wordpress.com"
216.73.216.169 - - [29/Jul/2026:07:01:26 -0600] "GET /wp-includes/class-wp-phpmailer.php HTTP/1.1" 500 20 "-" "Mozilla/5.0 AppleWebKit/537.36 (KHTML, like Gecko; compatible; ClaudeBot/1.0; +claudebot@anthropic.com)"
66.249.70.7 - - [29/Jul/2026:07:01:28 -0600] "GET /?jp/032045641.html HTTP/1.1" 200 23254 "-" "Mozilla/5.0 (Linux; Android 6.0.1; Nexus 5X Build/MMB29P) AppleWebKit/537.36 (KHTML, like Gecko) Chrome/150.0.7871.128 Mobile Safari/537.36 (compatible; Googlebot/2.1; +http://www.google.com/bot.html)"
216.73.216.169 - - [29/Jul/2026:07:01:31 -0600] "GET /wp-includes/css/dist/ HTTP/1.1" 200 4100 "-" "Mozilla/5.0 AppleWebKit/537.36 (KHTML, like Gecko; compatible; ClaudeBot/1.0; +claudebot@anthropic.com)"
49.37.194.146 - - [29/Jul/2026:07:01:33 -0600] "POST /xmlrpc.php HTTP/1.1" 500 - "-" "Jetpack/12.0; WordPress/6.4; http://site12600571.com"
66.249.70.7 - - [29/Jul/2026:07:01:35 -0600] "GET /fiscalia-de-genero-y-pronna-fortalecen-alianza-para-proteger-a-ninas-ninos-y-adolescentes-en-colima HTTP/1.1" 200 23429 "-" "Mozilla/5.0 (Linux; Android 6.0.1; Nexus 5X Build/MMB29P) AppleWebKit/537.36 (KHTML, like Gecko) Chrome/150.0.7871.128 Mobile Safari/537.36 (compatible; Googlebot/2.1; +http://www.google.com/bot.html)"
216.73.216.169 - - [29/Jul/2026:07:01:36 -0600] "GET /wp-includes/css/wp-empty-template-alert.min.css HTTP/1.1" 200 409 "-" "Mozilla/5.0 AppleWebKit/537.36 (KHTML, like Gecko; compatible; ClaudeBot/1.0; +claudebot@anthropic.com)"
216.73.216.169 - - [29/Jul/2026:07:01:41 -0600] "GET /wp-includes/blocks/ HTTP/1.1" 200 22 "-" "Mozilla/5.0 AppleWebKit/537.36 (KHTML, like Gecko; compatible; ClaudeBot/1.0; +claudebot@anthropic.com)"
66.249.70.7 - - [29/Jul/2026:07:01:41 -0600] "GET /product/060008381 HTTP/1.1" 200 24621 "-" "Mozilla/5.0 (Linux; Android 6.0.1; Nexus 5X Build/MMB29P) AppleWebKit/537.36 (KHTML, like Gecko) Chrome/150.0.7871.128 Mobile Safari/537.36 (compatible; Googlebot/2.1; +http://www.google.com/bot.html)"
49.37.194.146 - - [29/Jul/2026:07:01:44 -0600] "POST /xmlrpc.php HTTP/1.1" 500 - "-" "WordPress.com; https://wordpress.com"
216.73.216.169 - - [29/Jul/2026:07:01:46 -0600] "GET /wp-includes/class-wp-matchesmapregex.php HTTP/1.1" 500 20 "-" "Mozilla/5.0 AppleWebKit/537.36 (KHTML, like Gecko; compatible; ClaudeBot/1.0; +claudebot@anthropic.com)"
66.249.70.8 - - [29/Jul/2026:07:01:47 -0600] "GET /iqr/inquiryInputView/?inquiryId=IQR0015 HTTP/1.1" 200 24086 "-" "Mozilla/5.0 (Linux; Android 6.0.1; Nexus 5X Build/MMB29P) AppleWebKit/537.36 (KHTML, like Gecko) Chrome/150.0.7871.128 Mobile Safari/537.36 (compatible; Googlebot/2.1; +http://www.google.com/bot.html)"
23.230.120.3 - - [29/Jul/2026:07:01:51 -0600] "GET /wp-content/uploads/2024/05/9e768ae1-5bc2-4ba4-9fd9-44c0775e9744.jpg-120x86.webp HTTP/1.1" 200 4272 "-" "Mozilla/5.0 (compatible; crawler)"
216.73.216.169 - - [29/Jul/2026:07:01:51 -0600] "GET /wp-includes/css/media-views.css HTTP/1.1" 200 57560 "-" "Mozilla/5.0 AppleWebKit/537.36 (KHTML, like Gecko; compatible; ClaudeBot/1.0; +claudebot@anthropic.com)"
66.249.70.7 - - [29/Jul/2026:07:01:54 -0600] "GET /?jp/059008837.html HTTP/1.1" 200 23339 "-" "Mozilla/5.0 (Linux; Android 6.0.1; Nexus 5X Build/MMB29P) AppleWebKit/537.36 (KHTML, like Gecko) Chrome/150.0.7871.128 Mobile Safari/537.36 (compatible; Googlebot/2.1; +http://www.google.com/bot.html)"
49.37.194.146 - - [29/Jul/2026:07:01:54 -0600] "POST /xmlrpc.php HTTP/1.1" 500 - "-" "Jetpack/13.0; WordPress/6.3; http://site52623636.com"
216.73.216.169 - - [29/Jul/2026:07:01:57 -0600] "GET /wp-includes/certificates/ca-bundle.crt HTTP/1.1" 200 234150 "-" "Mozilla/5.0 AppleWebKit/537.36 (KHTML, like Gecko; compatible; ClaudeBot/1.0; +claudebot@anthropic.com)"
68.67.112.238 - - [29/Jul/2026:07:01:59 -0600] "GET /robots.txt HTTP/1.1" 200 453 "-" "Mozilla/5.0 AppleWebKit/537.36 (KHTML, like Gecko; compatible; YouBot/1.0; +https://docs.you.com/youbot; env:prod) Chrome/142.0.0.0 Safari/537.36"
68.67.112.238 - - [29/Jul/2026:07:01:59 -0600] "GET /category/desarrollo-economico/ HTTP/1.1" 500 20 "-" "Mozilla/5.0 AppleWebKit/537.36 (KHTML, like Gecko; compatible; YouBot/1.0; +https://docs.you.com/youbot; env:prod) Chrome/142.0.0.0 Safari/537.36"
3.101.138.251 - - [29/Jul/2026:07:02:00 -0600] "GET /category/desarrollo-economico/ HTTP/1.1" 500 20 "-" "Mozilla/5.0 (Macintosh; Intel Mac OS X 10_15_7) AppleWebKit/537.36 (KHTML, like Gecko) Chrome/142.0.0.0 Safari/537.36"
66.249.70.1 - - [29/Jul/2026:07:02:00 -0600] "GET /iqr/inquiryInputView/?inquiryId=IQR0002 HTTP/1.1" 200 23853 "-" "Mozilla/5.0 (Linux; Android 6.0.1; Nexus 5X Build/MMB29P) AppleWebKit/537.36 (KHTML, like Gecko) Chrome/150.0.7871.128 Mobile Safari/537.36 (compatible; Googlebot/2.1; +http://www.google.com/bot.html)"
216.73.216.169 - - [29/Jul/2026:07:02:02 -0600] "GET /wp-includes/PHPMailer/ HTTP/1.1" 200 2126 "-" "Mozilla/5.0 AppleWebKit/537.36 (KHTML, like Gecko; compatible; ClaudeBot/1.0; +claudebot@anthropic.com)"
49.37.194.146 - - [29/Jul/2026:07:02:05 -0600] "POST /xmlrpc.php HTTP/1.1" 500 - "-" "WordPress.com; https://wordpress.com"
66.249.70.8 - - [29/Jul/2026:07:02:06 -0600] "GET /f/campaign/mailmagacp/?sc_i=cp_ft_b_mlcp_syoukai HTTP/1.1" 200 23365 "-" "Mozilla/5.0 (Linux; Android 6.0.1; Nexus 5X Build/MMB29P) AppleWebKit/537.36 (KHTML, like Gecko) Chrome/150.0.7871.128 Mobile Safari/537.36 (compatible; Googlebot/2.1; +http://www.google.com/bot.html)"
216.73.216.169 - - [29/Jul/2026:07:02:07 -0600] "GET /wp-includes/l10n/ HTTP/1.1" 200 1857 "-" "Mozilla/5.0 AppleWebKit/537.36 (KHTML, like Gecko; compatible; ClaudeBot/1.0; +claudebot@anthropic.com)"
57.141.0.68 - - [29/Jul/2026:07:02:11 -0600] "GET /unen-esfuerzos-por-la-vida-congreso-y-stje-realizan-campana-de-donacion-altruista-de-sangre/ HTTP/1.1" 500 20 "-" "Mozilla/5.0 (Macintosh; Intel Mac OS X 10_15_7) AppleWebKit/537.36 (KHTML, like Gecko) Chrome/145.0.0.0 Safari/537.36 (compatible; meta-externalagent/1.1 (+https://developers.facebook.com/docs/sharing/webmasters/crawler))"
66.249.70.7 - - [29/Jul/2026:07:02:11 -0600] "GET /?jp/059008837.html HTTP/1.1" 200 23318 "-" "Mozilla/5.0 (Linux; Android 6.0.1; Nexus 5X Build/MMB29P) AppleWebKit/537.36 (KHTML, like Gecko) Chrome/150.0.7871.128 Mobile Safari/537.36 (compatible; GoogleOther)"
216.73.216.169 - - [29/Jul/2026:07:02:12 -0600] "GET /wp-includes/feed-rdf.php HTTP/1.1" 500 20 "-" "Mozilla/5.0 AppleWebKit/537.36 (KHTML, like Gecko; compatible; ClaudeBot/1.0; +claudebot@anthropic.com)"
49.37.194.146 - - [29/Jul/2026:07:02:16 -0600] "POST /xmlrpc.php HTTP/1.1" 500 - "-" "Jetpack by WordPress.com (Jetpack 12.5; WordPress 6.3)"
216.73.216.169 - - [29/Jul/2026:07:02:17 -0600] "GET /wp-includes/sitemaps/class-wp-sitemaps-registry.php HTTP/1.1" 200 20 "-" "Mozilla/5.0 AppleWebKit/537.36 (KHTML, like Gecko; compatible; ClaudeBot/1.0; +claudebot@anthropic.com)"
66.249.70.7 - - [29/Jul/2026:07:02:17 -0600] "GET /salud-colima-fumiga-hoy-contra-el-dengue-en-el-centro-de-cuauhtemoc-tambien-en-armeria-villa-de-alvarez-y-manzanillo HTTP/1.1" 200 23410 "-" "Mozilla/5.0 (Linux; Android 6.0.1; Nexus 5X Build/MMB29P) AppleWebKit/537.36 (KHTML, like Gecko) Chrome/150.0.7871.128 Mobile Safari/537.36 (compatible; Googlebot/2.1; +http://www.google.com/bot.html)"
216.73.216.169 - - [29/Jul/2026:07:02:22 -0600] "GET /wp-includes/class-wp-user-meta-session-tokens.php HTTP/1.1" 500 20 "-" "Mozilla/5.0 AppleWebKit/537.36 (KHTML, like Gecko; compatible; ClaudeBot/1.0; +claudebot@anthropic.com)"
66.249.70.7 - - [29/Jul/2026:07:02:22 -0600] "GET /sf/bigsale/00/0/?sc_i=cp_ta_b_head_seasonicon_earlysummer HTTP/1.1" 200 23599 "-" "Mozilla/5.0 (Linux; Android 6.0.1; Nexus 5X Build/MMB29P) AppleWebKit/537.36 (KHTML, like Gecko) Chrome/150.0.7871.128 Mobile Safari/537.36 (compatible; Googlebot/2.1; +http://www.google.com/bot.html)"
216.73.216.169 - - [29/Jul/2026:07:02:24 -0600] "GET /min.php?path=%2F%2Fhome%2Fnnoticias%2Fpublic_html%2Fcgi-bin HTTP/1.1" 200 1294 "-" "Mozilla/5.0 AppleWebKit/537.36 (KHTML, like Gecko; compatible; ClaudeBot/1.0; +claudebot@anthropic.com)"
