154.159.237.237 - - [29/Jul/2026:06:29:00 -0600] "POST /xmlrpc.php HTTP/1.1" 200 844 "-" "WordPress.com; https://wordpress.com"
117.212.153.104 - - [29/Jul/2026:06:29:04 -0600] "POST /xmlrpc.php HTTP/1.1" 200 844 "-" "Jetpack/12.1; WordPress/6.2; http://site73698612.com"
154.159.237.237 - - [29/Jul/2026:06:29:11 -0600] "POST /xmlrpc.php HTTP/1.1" 200 844 "-" "WordPress.com; https://wordpress.com"
40.77.167.243 - - [29/Jul/2026:06:29:14 -0600] "GET /wp-content/uploads/2026/04/INDIRA-VIZCAINO-MESA-DE-PAZ1-768x512.jpg HTTP/1.1" 200 43165 "-" "Mozilla/5.0 AppleWebKit/537.36 (KHTML, like Gecko; compatible; bingbot/2.0; +http://www.bing.com/bingbot.htm) Chrome/116.0.1938.76 Safari/537.36"
117.212.153.104 - - [29/Jul/2026:06:29:14 -0600] "POST /xmlrpc.php HTTP/1.1" 200 844 "-" "Jetpack by WordPress.com"
66.249.70.8 - - [29/Jul/2026:06:29:16 -0600] "GET /?jp/084029530.html HTTP/1.1" 200 23585 "-" "Mozilla/5.0 (Linux; Android 6.0.1; Nexus 5X Build/MMB29P) AppleWebKit/537.36 (KHTML, like Gecko) Chrome/150.0.7871.128 Mobile Safari/537.36 (compatible; Googlebot/2.1; +http://www.google.com/bot.html)"
154.159.237.237 - - [29/Jul/2026:06:29:21 -0600] "POST /xmlrpc.php HTTP/1.1" 200 844 "-" "Jetpack/12.1; WordPress/6.3; http://site50124524.com"
117.212.153.104 - - [29/Jul/2026:06:29:25 -0600] "POST /xmlrpc.php HTTP/1.1" 200 844 "-" "Jetpack by WordPress.com (Jetpack 12.0; WordPress 6.4)"
23.230.240.193 - - [29/Jul/2026:06:29:26 -0600] "GET /wp-content/uploads/2026/06/WhatsApp-Image-2026-06-04-at-10.16.14-AM-3-750x499.jpeg HTTP/1.1" 200 55975 "-" "Mozilla/5.0 (compatible; crawler)"
57.141.0.42 - - [29/Jul/2026:06:29:30 -0600] "GET /julio-llega-con-una-agenda-llena-de-cultura-para-disfrutar-en-colima/ HTTP/1.1" 200 22770 "-" "Mozilla/5.0 (Windows NT 10.0; Win64; x64) AppleWebKit/537.36 (KHTML, like Gecko) Chrome/145.0.0.0 Safari/537.36 (compatible; meta-externalagent/1.1 (+https://developers.facebook.com/docs/sharing/webmasters/crawler))"
154.159.237.237 - - [29/Jul/2026:06:29:32 -0600] "POST /xmlrpc.php HTTP/1.1" 200 844 "-" "Jetpack by WordPress.com (Jetpack 12.5; WordPress 6.3)"
117.212.153.104 - - [29/Jul/2026:06:29:36 -0600] "POST /xmlrpc.php HTTP/1.1" 200 844 "-" "WordPress.com; https://wordpress.com"
154.159.237.237 - - [29/Jul/2026:06:29:42 -0600] "POST /xmlrpc.php HTTP/1.1" 200 844 "-" "WordPress.com; https://wordpress.com"
117.212.153.104 - - [29/Jul/2026:06:29:46 -0600] "POST /xmlrpc.php HTTP/1.1" 200 844 "-" "Jetpack by WordPress.com (Jetpack 13.0; WordPress 6.4)"
154.159.237.237 - - [29/Jul/2026:06:29:53 -0600] "POST /xmlrpc.php HTTP/1.1" 200 844 "-" "WordPress.com; https://wordpress.com"
117.212.153.104 - - [29/Jul/2026:06:29:57 -0600] "POST /xmlrpc.php HTTP/1.1" 200 844 "-" "Jetpack/12.0; WordPress/6.2; http://site55731701.com"
154.159.237.237 - - [29/Jul/2026:06:30:04 -0600] "POST /xmlrpc.php HTTP/1.1" 200 844 "-" "Jetpack by WordPress.com (Jetpack 13.0; WordPress 6.2)"
117.212.153.104 - - [29/Jul/2026:06:30:07 -0600] "POST /xmlrpc.php HTTP/1.1" 200 844 "-" "Jetpack/12.1; WordPress/6.2; http://site26664973.com"
57.141.0.59 - - [29/Jul/2026:06:30:10 -0600] "GET /mas-de-18-4-millones-de-adultos-mayores-y-personas-con-discapacidad-han-recibido-consultas-medicas-domiciliarias-de-salud-casa-por-casa/ HTTP/1.1" 200 25686 "-" "Mozilla/5.0 (Macintosh; Intel Mac OS X 10_15_7) AppleWebKit/537.36 (KHTML, like Gecko) Chrome/145.0.0.0 Safari/537.36 (compatible; meta-externalagent/1.1 (+https://developers.facebook.com/docs/sharing/webmasters/crawler))"
117.212.153.104 - - [29/Jul/2026:06:30:18 -0600] "POST /xmlrpc.php HTTP/1.1" 200 844 "-" "Jetpack by WordPress.com"
156.245.180.253 - - [29/Jul/2026:06:30:20 -0600] "GET /wp-content/uploads/2025/01/8f6c9564-1ce4-4d51-bbf3-b3b457e77cc8.jpg-120x86.webp HTTP/1.1" 200 4434 "-" "Mozilla/5.0 (compatible; crawler)"
114.119.154.161 - - [29/Jul/2026:06:30:23 -0600] "GET /wp-content/uploads/2026/04/WhatsApp-Image-2026-04-29-at-7.03.17-AM.jpg HTTP/1.1" 200 160275 "https://www.nuestrasnoticias.info/gobernadora-indira-vizcaino-entrego-y-recorrio-nuevo-puente-vehicular-el-chical-en-coquimatlan/" "Mozilla/5.0 (Linux; Android 7.0;) AppleWebKit/537.36 (HTML, like Gecko) Mobile Safari/537.36 (compatible; PetalBot;+https://webmaster.petalsearch.com/site/petalbot)"
20.104.18.253 - - [29/Jul/2026:06:30:25 -0600] "GET /geju.php HTTP/1.1" 301 311 "-" "Mozilla/5.0 (Windows NT 10.0; Win64; x64) AppleWebKit/537.36 (KHTML, like Gecko) Chrome/120.0.0.0 Safari/537.36"
20.104.18.253 - - [29/Jul/2026:06:30:26 -0600] "GET /wp-content/plugins/about.php HTTP/1.1" 301 311 "-" "Mozilla/5.0 (Windows NT 10.0; Win64; x64) AppleWebKit/537.36 (KHTML, like Gecko) Chrome/120.0.0.0 Safari/537.36"
20.104.18.253 - - [29/Jul/2026:06:30:26 -0600] "GET /wp.php HTTP/1.1" 301 311 "-" "Mozilla/5.0 (Windows NT 10.0; Win64; x64) AppleWebKit/537.36 (KHTML, like Gecko) Chrome/120.0.0.0 Safari/537.36"
20.104.18.253 - - [29/Jul/2026:06:30:27 -0600] "GET /aaa.php HTTP/1.1" 301 311 "-" "Mozilla/5.0 (Windows NT 10.0; Win64; x64) AppleWebKit/537.36 (KHTML, like Gecko) Chrome/120.0.0.0 Safari/537.36"
20.104.18.253 - - [29/Jul/2026:06:30:27 -0600] "GET /hoot.php HTTP/1.1" 301 311 "-" "Mozilla/5.0 (Windows NT 10.0; Win64; x64) AppleWebKit/537.36 (KHTML, like Gecko) Chrome/120.0.0.0 Safari/537.36"
20.104.18.253 - - [29/Jul/2026:06:30:28 -0600] "GET /about.php HTTP/1.1" 301 311 "-" "Mozilla/5.0 (Windows NT 10.0; Win64; x64) AppleWebKit/537.36 (KHTML, like Gecko) Chrome/120.0.0.0 Safari/537.36"
20.104.18.253 - - [29/Jul/2026:06:30:28 -0600] "GET /admin.php HTTP/1.1" 301 311 "-" "Mozilla/5.0 (Windows NT 10.0; Win64; x64) AppleWebKit/537.36 (KHTML, like Gecko) Chrome/120.0.0.0 Safari/537.36"
20.104.18.253 - - [29/Jul/2026:06:30:28 -0600] "GET /wp-content/plugins/admin.php HTTP/1.1" 301 311 "-" "Mozilla/5.0 (Windows NT 10.0; Win64; x64) AppleWebKit/537.36 (KHTML, like Gecko) Chrome/120.0.0.0 Safari/537.36"
117.212.153.104 - - [29/Jul/2026:06:30:29 -0600] "POST /xmlrpc.php HTTP/1.1" 200 844 "-" "Jetpack by WordPress.com (Jetpack 12.1; WordPress 6.1)"
20.104.18.253 - - [29/Jul/2026:06:30:29 -0600] "GET /wp-content/db-cache.php HTTP/1.1" 301 311 "-" "Mozilla/5.0 (Windows NT 10.0; Win64; x64) AppleWebKit/537.36 (KHTML, like Gecko) Chrome/120.0.0.0 Safari/537.36"
57.141.0.26 - - [29/Jul/2026:06:30:29 -0600] "GET /ya-puedes-registrarte-a-mi-colibeca-para-el-futuro/ HTTP/1.1" 200 22831 "-" "Mozilla/5.0 (Windows NT 10.0; Win64; x64) AppleWebKit/537.36 (KHTML, like Gecko) Chrome/145.0.0.0 Safari/537.36 (compatible; meta-externalagent/1.1 (+https://developers.facebook.com/docs/sharing/webmasters/crawler))"
20.104.18.253 - - [29/Jul/2026:06:30:29 -0600] "GET /wp-content/themes/twentyeleven/functions.php HTTP/1.1" 301 311 "-" "Mozilla/5.0 (Windows NT 10.0; Win64; x64) AppleWebKit/537.36 (KHTML, like Gecko) Chrome/120.0.0.0 Safari/537.36"
57.141.0.44 - - [29/Jul/2026:06:30:30 -0600] "GET /wp-content/uploads/2026/07/MI-COLIBECA2-819x1024.jpg HTTP/1.1" 200 142728 "https://www.nuestrasnoticias.info/ya-puedes-registrarte-a-mi-colibeca-para-el-futuro/" "Mozilla/5.0 (Windows NT 10.0; Win64; x64) AppleWebKit/537.36 (KHTML, like Gecko) Chrome/145.0.0.0 Safari/537.36 (compatible; meta-externalagent/1.1 (+https://developers.facebook.com/docs/sharing/webmasters/crawler))"
57.141.0.59 - - [29/Jul/2026:06:30:30 -0600] "GET /wp-content/uploads/2026/07/MI-COLIBECA-819x1024.jpg HTTP/1.1" 200 144733 "https://www.nuestrasnoticias.info/ya-puedes-registrarte-a-mi-colibeca-para-el-futuro/" "Mozilla/5.0 (Windows NT 10.0; Win64; x64) AppleWebKit/537.36 (KHTML, like Gecko) Chrome/145.0.0.0 Safari/537.36 (compatible; meta-externalagent/1.1 (+https://developers.facebook.com/docs/sharing/webmasters/crawler))"
57.141.0.10 - - [29/Jul/2026:06:30:30 -0600] "GET /wp-content/uploads/2026/07/MI-COLIBECA3-819x1024.jpg HTTP/1.1" 200 127776 "https://www.nuestrasnoticias.info/ya-puedes-registrarte-a-mi-colibeca-para-el-futuro/" "Mozilla/5.0 (Windows NT 10.0; Win64; x64) AppleWebKit/537.36 (KHTML, like Gecko) Chrome/145.0.0.0 Safari/537.36 (compatible; meta-externalagent/1.1 (+https://developers.facebook.com/docs/sharing/webmasters/crawler))"
57.141.0.53 - - [29/Jul/2026:06:30:30 -0600] "GET /wp-content/uploads/2026/07/MI-COLIBECA1-819x1024.jpg HTTP/1.1" 200 122320 "https://www.nuestrasnoticias.info/ya-puedes-registrarte-a-mi-colibeca-para-el-futuro/" "Mozilla/5.0 (Windows NT 10.0; Win64; x64) AppleWebKit/537.36 (KHTML, like Gecko) Chrome/145.0.0.0 Safari/537.36 (compatible; meta-externalagent/1.1 (+https://developers.facebook.com/docs/sharing/webmasters/crawler))"
20.104.18.253 - - [29/Jul/2026:06:30:30 -0600] "GET /wp-content/themes/oceanwp/functions.php HTTP/1.1" 301 311 "-" "Mozilla/5.0 (Windows NT 10.0; Win64; x64) AppleWebKit/537.36 (KHTML, like Gecko) Chrome/120.0.0.0 Safari/537.36"
57.141.0.30 - - [29/Jul/2026:06:30:30 -0600] "GET /wp-content/uploads/2026/07/MI-COLIBECA3-750x375.jpg HTTP/1.1" 200 51189 "https://www.nuestrasnoticias.info/ya-puedes-registrarte-a-mi-colibeca-para-el-futuro/" "Mozilla/5.0 (Windows NT 10.0; Win64; x64) AppleWebKit/537.36 (KHTML, like Gecko) Chrome/145.0.0.0 Safari/537.36 (compatible; meta-externalagent/1.1 (+https://developers.facebook.com/docs/sharing/webmasters/crawler))"
20.104.18.253 - - [29/Jul/2026:06:30:30 -0600] "GET /wp-content/themes/twentythirteen/functions.php HTTP/1.1" 301 311 "-" "Mozilla/5.0 (Windows NT 10.0; Win64; x64) AppleWebKit/537.36 (KHTML, like Gecko) Chrome/120.0.0.0 Safari/537.36"
20.104.18.253 - - [29/Jul/2026:06:30:31 -0600] "GET /wp-content/themes/kadence/functions.php HTTP/1.1" 301 311 "-" "Mozilla/5.0 (Windows NT 10.0; Win64; x64) AppleWebKit/537.36 (KHTML, like Gecko) Chrome/120.0.0.0 Safari/537.36"
20.104.18.253 - - [29/Jul/2026:06:30:31 -0600] "GET /wp-content/themes/twentytwenty/functions.php HTTP/1.1" 301 311 "-" "Mozilla/5.0 (Windows NT 10.0; Win64; x64) AppleWebKit/537.36 (KHTML, like Gecko) Chrome/120.0.0.0 Safari/537.36"
20.104.18.253 - - [29/Jul/2026:06:30:32 -0600] "GET /content.php HTTP/1.1" 301 311 "-" "Mozilla/5.0 (Windows NT 10.0; Win64; x64) AppleWebKit/537.36 (KHTML, like Gecko) Chrome/120.0.0.0 Safari/537.36"
20.104.18.253 - - [29/Jul/2026:06:30:32 -0600] "GET /wp-content/plugins/not/includes/about.php HTTP/1.1" 301 311 "-" "Mozilla/5.0 (Windows NT 10.0; Win64; x64) AppleWebKit/537.36 (KHTML, like Gecko) Chrome/120.0.0.0 Safari/537.36"
20.104.18.253 - - [29/Jul/2026:06:30:32 -0600] "GET /wp-content/plugins/simple/simple.php HTTP/1.1" 301 311 "-" "Mozilla/5.0 (Windows NT 10.0; Win64; x64) AppleWebKit/537.36 (KHTML, like Gecko) Chrome/120.0.0.0 Safari/537.36"
20.104.18.253 - - [29/Jul/2026:06:30:33 -0600] "GET /wp-content/plugins/wp-theme-editor/include.php HTTP/1.1" 301 311 "-" "Mozilla/5.0 (Windows NT 10.0; Win64; x64) AppleWebKit/537.36 (KHTML, like Gecko) Chrome/120.0.0.0 Safari/537.36"
20.104.18.253 - - [29/Jul/2026:06:30:33 -0600] "GET /wp-content/themes/aahana/json.php HTTP/1.1" 301 311 "-" "Mozilla/5.0 (Windows NT 10.0; Win64; x64) AppleWebKit/537.36 (KHTML, like Gecko) Chrome/120.0.0.0 Safari/537.36"
20.104.18.253 - - [29/Jul/2026:06:30:34 -0600] "GET /wp-content/plugins/awesome-coming-soon/come.php HTTP/1.1" 301 311 "-" "Mozilla/5.0 (Windows NT 10.0; Win64; x64) AppleWebKit/537.36 (KHTML, like Gecko) Chrome/120.0.0.0 Safari/537.36"
20.104.18.253 - - [29/Jul/2026:06:30:34 -0600] "GET /wp-content/plugins/wp-conflg.php HTTP/1.1" 301 311 "-" "Mozilla/5.0 (Windows NT 10.0; Win64; x64) AppleWebKit/537.36 (KHTML, like Gecko) Chrome/120.0.0.0 Safari/537.36"
20.104.18.253 - - [29/Jul/2026:06:30:35 -0600] "GET /wp-includes/Requests/about.php HTTP/1.1" 301 311 "-" "Mozilla/5.0 (Windows NT 10.0; Win64; x64) AppleWebKit/537.36 (KHTML, like Gecko) Chrome/120.0.0.0 Safari/537.36"
20.104.18.253 - - [29/Jul/2026:06:30:35 -0600] "GET /wp-includes/style-engine/about.php HTTP/1.1" 301 311 "-" "Mozilla/5.0 (Windows NT 10.0; Win64; x64) AppleWebKit/537.36 (KHTML, like Gecko) Chrome/120.0.0.0 Safari/537.36"
20.104.18.253 - - [29/Jul/2026:06:30:35 -0600] "GET /wp-includes/rest-api/about.php HTTP/1.1" 301 311 "-" "Mozilla/5.0 (Windows NT 10.0; Win64; x64) AppleWebKit/537.36 (KHTML, like Gecko) Chrome/120.0.0.0 Safari/537.36"
20.104.18.253 - - [29/Jul/2026:06:30:36 -0600] "GET /wp-includes/SimplePie/about.php HTTP/1.1" 301 311 "-" "Mozilla/5.0 (Windows NT 10.0; Win64; x64) AppleWebKit/537.36 (KHTML, like Gecko) Chrome/120.0.0.0 Safari/537.36"
20.104.18.253 - - [29/Jul/2026:06:30:36 -0600] "GET /wp-content/banners/about.php HTTP/1.1" 301 311 "-" "Mozilla/5.0 (Windows NT 10.0; Win64; x64) AppleWebKit/537.36 (KHTML, like Gecko) Chrome/120.0.0.0 Safari/537.36"
20.104.18.253 - - [29/Jul/2026:06:30:37 -0600] "GET /wp-content/about.php HTTP/1.1" 301 311 "-" "Mozilla/5.0 (Windows NT 10.0; Win64; x64) AppleWebKit/537.36 (KHTML, like Gecko) Chrome/120.0.0.0 Safari/537.36"
20.104.18.253 - - [29/Jul/2026:06:30:37 -0600] "GET /.well-known/about.php HTTP/1.1" 301 311 "-" "Mozilla/5.0 (Windows NT 10.0; Win64; x64) AppleWebKit/537.36 (KHTML, like Gecko) Chrome/120.0.0.0 Safari/537.36"
20.104.18.253 - - [29/Jul/2026:06:30:37 -0600] "GET /wp-includes/Text/about.php HTTP/1.1" 301 311 "-" "Mozilla/5.0 (Windows NT 10.0; Win64; x64) AppleWebKit/537.36 (KHTML, like Gecko) Chrome/120.0.0.0 Safari/537.36"
20.104.18.253 - - [29/Jul/2026:06:30:38 -0600] "GET /wp-includes/ID3/about.php HTTP/1.1" 301 311 "-" "Mozilla/5.0 (Windows NT 10.0; Win64; x64) AppleWebKit/537.36 (KHTML, like Gecko) Chrome/120.0.0.0 Safari/537.36"
20.104.18.253 - - [29/Jul/2026:06:30:38 -0600] "GET /img/about.php HTTP/1.1" 301 311 "-" "Mozilla/5.0 (Windows NT 10.0; Win64; x64) AppleWebKit/537.36 (KHTML, like Gecko) Chrome/120.0.0.0 Safari/537.36"
20.104.18.253 - - [29/Jul/2026:06:30:39 -0600] "GET /wp-content/languages/about.php HTTP/1.1" 301 311 "-" "Mozilla/5.0 (Windows NT 10.0; Win64; x64) AppleWebKit/537.36 (KHTML, like Gecko) Chrome/120.0.0.0 Safari/537.36"
20.104.18.253 - - [29/Jul/2026:06:30:39 -0600] "GET /wp-includes/customize/about.php HTTP/1.1" 301 311 "-" "Mozilla/5.0 (Windows NT 10.0; Win64; x64) AppleWebKit/537.36 (KHTML, like Gecko) Chrome/120.0.0.0 Safari/537.36"
117.212.153.104 - - [29/Jul/2026:06:30:39 -0600] "POST /xmlrpc.php HTTP/1.1" 200 844 "-" "WordPress.com; https://wordpress.com"
20.104.18.253 - - [29/Jul/2026:06:30:39 -0600] "GET /wp-includes.bak/html-api/about.php HTTP/1.1" 301 311 "-" "Mozilla/5.0 (Windows NT 10.0; Win64; x64) AppleWebKit/537.36 (KHTML, like Gecko) Chrome/120.0.0.0 Safari/537.36"
20.104.18.253 - - [29/Jul/2026:06:30:40 -0600] "GET /wp-includes/widgets/about.php HTTP/1.1" 301 311 "-" "Mozilla/5.0 (Windows NT 10.0; Win64; x64) AppleWebKit/537.36 (KHTML, like Gecko) Chrome/120.0.0.0 Safari/537.36"
20.104.18.253 - - [29/Jul/2026:06:30:40 -0600] "GET /wp-includes/IXR/about.php HTTP/1.1" 301 311 "-" "Mozilla/5.0 (Windows NT 10.0; Win64; x64) AppleWebKit/537.36 (KHTML, like Gecko) Chrome/120.0.0.0 Safari/537.36"
20.104.18.253 - - [29/Jul/2026:06:30:41 -0600] "GET /wp-admin/js/about.php HTTP/1.1" 301 311 "-" "Mozilla/5.0 (Windows NT 10.0; Win64; x64) AppleWebKit/537.36 (KHTML, like Gecko) Chrome/120.0.0.0 Safari/537.36"
20.104.18.253 - - [29/Jul/2026:06:30:41 -0600] "GET /.well-known/pki-validation/about.php HTTP/1.1" 301 311 "-" "Mozilla/5.0 (Windows NT 10.0; Win64; x64) AppleWebKit/537.36 (KHTML, like Gecko) Chrome/120.0.0.0 Safari/537.36"
20.104.18.253 - - [29/Jul/2026:06:30:41 -0600] "GET /wp-includes/pomo/about.php HTTP/1.1" 301 311 "-" "Mozilla/5.0 (Windows NT 10.0; Win64; x64) AppleWebKit/537.36 (KHTML, like Gecko) Chrome/120.0.0.0 Safari/537.36"
20.104.18.253 - - [29/Jul/2026:06:30:42 -0600] "GET /wp-includes/block-patterns/about.php HTTP/1.1" 301 311 "-" "Mozilla/5.0 (Windows NT 10.0; Win64; x64) AppleWebKit/537.36 (KHTML, like Gecko) Chrome/120.0.0.0 Safari/537.36"
57.141.0.64 - - [29/Jul/2026:06:30:42 -0600] "GET /wp-content/uploads/2026/07/REUNION-MESA-DE-CORDINACION1-75x75.jpg HTTP/1.1" 200 3086 "https://www.nuestrasnoticias.info/ya-puedes-registrarte-a-mi-colibeca-para-el-futuro/" "Mozilla/5.0 (Windows NT 10.0; Win64; x64) AppleWebKit/537.36 (KHTML, like Gecko) Chrome/145.0.0.0 Safari/537.36 (compatible; meta-externalagent/1.1 (+https://developers.facebook.com/docs/sharing/webmasters/crawler))"
20.104.18.253 - - [29/Jul/2026:06:30:42 -0600] "GET /wp-content/updraft/about.php HTTP/1.1" 301 311 "-" "Mozilla/5.0 (Windows NT 10.0; Win64; x64) AppleWebKit/537.36 (KHTML, like Gecko) Chrome/120.0.0.0 Safari/537.36"
20.104.18.253 - - [29/Jul/2026:06:30:42 -0600] "GET /wp-content/upgrade-temp-backup/about.php HTTP/1.1" 301 311 "-" "Mozilla/5.0 (Windows NT 10.0; Win64; x64) AppleWebKit/537.36 (KHTML, like Gecko) Chrome/120.0.0.0 Safari/537.36"
57.141.0.69 - - [29/Jul/2026:06:30:42 -0600] "GET /ya-puedes-registrarte-a-mi-colibeca-para-el-futuro/null HTTP/1.1" 404 21833 "https://www.nuestrasnoticias.info/ya-puedes-registrarte-a-mi-colibeca-para-el-futuro/" "Mozilla/5.0 (Windows NT 10.0; Win64; x64) AppleWebKit/537.36 (KHTML, like Gecko) Chrome/145.0.0.0 Safari/537.36 (compatible; meta-externalagent/1.1 (+https://developers.facebook.com/docs/sharing/webmasters/crawler))"
20.104.18.253 - - [29/Jul/2026:06:30:43 -0600] "GET /wp-content/themes/about.php HTTP/1.1" 301 311 "-" "Mozilla/5.0 (Windows NT 10.0; Win64; x64) AppleWebKit/537.36 (KHTML, like Gecko) Chrome/120.0.0.0 Safari/537.36"
20.104.18.253 - - [29/Jul/2026:06:30:43 -0600] "GET /wp-admin/includes/about.php HTTP/1.1" 301 311 "-" "Mozilla/5.0 (Windows NT 10.0; Win64; x64) AppleWebKit/537.36 (KHTML, like Gecko) Chrome/120.0.0.0 Safari/537.36"
20.104.18.253 - - [29/Jul/2026:06:30:44 -0600] "GET /images/about.php HTTP/1.1" 301 311 "-" "Mozilla/5.0 (Windows NT 10.0; Win64; x64) AppleWebKit/537.36 (KHTML, like Gecko) Chrome/120.0.0.0 Safari/537.36"
20.104.18.253 - - [29/Jul/2026:06:30:44 -0600] "GET /wp-content/blogs.dir/about.php HTTP/1.1" 301 311 "-" "Mozilla/5.0 (Windows NT 10.0; Win64; x64) AppleWebKit/537.36 (KHTML, like Gecko) Chrome/120.0.0.0 Safari/537.36"
20.104.18.253 - - [29/Jul/2026:06:30:44 -0600] "GET /wp-includes/images/about.php HTTP/1.1" 301 311 "-" "Mozilla/5.0 (Windows NT 10.0; Win64; x64) AppleWebKit/537.36 (KHTML, like Gecko) Chrome/120.0.0.0 Safari/537.36"
20.104.18.253 - - [29/Jul/2026:06:30:45 -0600] "GET /wp-includes/about.php HTTP/1.1" 301 311 "-" "Mozilla/5.0 (Windows NT 10.0; Win64; x64) AppleWebKit/537.36 (KHTML, like Gecko) Chrome/120.0.0.0 Safari/537.36"
20.104.18.253 - - [29/Jul/2026:06:30:45 -0600] "GET /cgi-bin/about.php HTTP/1.1" 301 311 "-" "Mozilla/5.0 (Windows NT 10.0; Win64; x64) AppleWebKit/537.36 (KHTML, like Gecko) Chrome/120.0.0.0 Safari/537.36"
20.104.18.253 - - [29/Jul/2026:06:30:45 -0600] "GET /wp-content/gallery/about.php HTTP/1.1" 301 311 "-" "Mozilla/5.0 (Windows NT 10.0; Win64; x64) AppleWebKit/537.36 (KHTML, like Gecko) Chrome/120.0.0.0 Safari/537.36"
62.217.18.136 - - [29/Jul/2026:06:30:46 -0600] "GET /wp-content/uploads/2024/02/ccb8e3aa-4d00-4364-b7f4-40e8135f6cfd.jpg-120x86.webp HTTP/1.1" 200 3564 "-" "Mozilla/5.0 (compatible; crawler)"
20.104.18.253 - - [29/Jul/2026:06:30:46 -0600] "GET /wp-includes/blocks/about.php HTTP/1.1" 301 311 "-" "Mozilla/5.0 (Windows NT 10.0; Win64; x64) AppleWebKit/537.36 (KHTML, like Gecko) Chrome/120.0.0.0 Safari/537.36"
20.104.18.253 - - [29/Jul/2026:06:30:47 -0600] "GET /wp-admin/css/about.php HTTP/1.1" 301 311 "-" "Mozilla/5.0 (Windows NT 10.0; Win64; x64) AppleWebKit/537.36 (KHTML, like Gecko) Chrome/120.0.0.0 Safari/537.36"
20.104.18.253 - - [29/Jul/2026:06:30:47 -0600] "GET /wp-admin/images/about.php HTTP/1.1" 301 311 "-" "Mozilla/5.0 (Windows NT 10.0; Win64; x64) AppleWebKit/537.36 (KHTML, like Gecko) Chrome/120.0.0.0 Safari/537.36"
20.104.18.253 - - [29/Jul/2026:06:30:47 -0600] "GET /.well-known/pki-validation/cloud.php HTTP/1.1" 301 311 "-" "Mozilla/5.0 (Windows NT 10.0; Win64; x64) AppleWebKit/537.36 (KHTML, like Gecko) Chrome/120.0.0.0 Safari/537.36"
20.104.18.253 - - [29/Jul/2026:06:30:48 -0600] "GET /.well-known/acme-challenge/cloud.php HTTP/1.1" 301 311 "-" "Mozilla/5.0 (Windows NT 10.0; Win64; x64) AppleWebKit/537.36 (KHTML, like Gecko) Chrome/120.0.0.0 Safari/537.36"
20.104.18.253 - - [29/Jul/2026:06:30:48 -0600] "GET /wp-admin/network/cloud.php HTTP/1.1" 301 311 "-" "Mozilla/5.0 (Windows NT 10.0; Win64; x64) AppleWebKit/537.36 (KHTML, like Gecko) Chrome/120.0.0.0 Safari/537.36"
20.104.18.253 - - [29/Jul/2026:06:30:49 -0600] "GET /cloud.php HTTP/1.1" 301 311 "-" "Mozilla/5.0 (Windows NT 10.0; Win64; x64) AppleWebKit/537.36 (KHTML, like Gecko) Chrome/120.0.0.0 Safari/537.36"
20.104.18.253 - - [29/Jul/2026:06:30:49 -0600] "GET /cgi-bin/cloud.php HTTP/1.1" 301 311 "-" "Mozilla/5.0 (Windows NT 10.0; Win64; x64) AppleWebKit/537.36 (KHTML, like Gecko) Chrome/120.0.0.0 Safari/537.36"
20.104.18.253 - - [29/Jul/2026:06:30:49 -0600] "GET /wp-content/updates.php HTTP/1.1" 301 311 "-" "Mozilla/5.0 (Windows NT 10.0; Win64; x64) AppleWebKit/537.36 (KHTML, like Gecko) Chrome/120.0.0.0 Safari/537.36"
20.104.18.253 - - [29/Jul/2026:06:30:50 -0600] "GET /css/cloud.php HTTP/1.1" 301 311 "-" "Mozilla/5.0 (Windows NT 10.0; Win64; x64) AppleWebKit/537.36 (KHTML, like Gecko) Chrome/120.0.0.0 Safari/537.36"
117.212.153.104 - - [29/Jul/2026:06:30:50 -0600] "POST /xmlrpc.php HTTP/1.1" 200 844 "-" "Jetpack by WordPress.com"
20.104.18.253 - - [29/Jul/2026:06:30:50 -0600] "GET /wp-admin/user/cloud.php HTTP/1.1" 301 311 "-" "Mozilla/5.0 (Windows NT 10.0; Win64; x64) AppleWebKit/537.36 (KHTML, like Gecko) Chrome/120.0.0.0 Safari/537.36"
20.104.18.253 - - [29/Jul/2026:06:30:51 -0600] "GET /img/cloud.php HTTP/1.1" 301 311 "-" "Mozilla/5.0 (Windows NT 10.0; Win64; x64) AppleWebKit/537.36 (KHTML, like Gecko) Chrome/120.0.0.0 Safari/537.36"
20.104.18.253 - - [29/Jul/2026:06:30:51 -0600] "GET /wp-admin/css/colors/coffee/cloud.php HTTP/1.1" 301 311 "-" "Mozilla/5.0 (Windows NT 10.0; Win64; x64) AppleWebKit/537.36 (KHTML, like Gecko) Chrome/120.0.0.0 Safari/537.36"
20.104.18.253 - - [29/Jul/2026:06:30:51 -0600] "GET /wp-admin/images/cloud.php HTTP/1.1" 301 311 "-" "Mozilla/5.0 (Windows NT 10.0; Win64; x64) AppleWebKit/537.36 (KHTML, like Gecko) Chrome/120.0.0.0 Safari/537.36"
20.104.18.253 - - [29/Jul/2026:06:30:52 -0600] "GET /avaa.php HTTP/1.1" 301 311 "-" "Mozilla/5.0 (Windows NT 10.0; Win64; x64) AppleWebKit/537.36 (KHTML, like Gecko) Chrome/120.0.0.0 Safari/537.36"
20.104.18.253 - - [29/Jul/2026:06:30:52 -0600] "GET /images/cloud.php HTTP/1.1" 301 311 "-" "Mozilla/5.0 (Windows NT 10.0; Win64; x64) AppleWebKit/537.36 (KHTML, like Gecko) Chrome/120.0.0.0 Safari/537.36"
20.104.18.253 - - [29/Jul/2026:06:30:52 -0600] "GET /wp-admin/js/widgets/cloud.php HTTP/1.1" 301 311 "-" "Mozilla/5.0 (Windows NT 10.0; Win64; x64) AppleWebKit/537.36 (KHTML, like Gecko) Chrome/120.0.0.0 Safari/537.36"
20.104.18.253 - - [29/Jul/2026:06:30:53 -0600] "GET /wp-includes/Requests/Text/admin.php HTTP/1.1" 301 311 "-" "Mozilla/5.0 (Windows NT 10.0; Win64; x64) AppleWebKit/537.36 (KHTML, like Gecko) Chrome/120.0.0.0 Safari/537.36"
20.104.18.253 - - [29/Jul/2026:06:30:53 -0600] "GET /wp-admin/css/colors/cloud.php HTTP/1.1" 301 311 "-" "Mozilla/5.0 (Windows NT 10.0; Win64; x64) AppleWebKit/537.36 (KHTML, like Gecko) Chrome/120.0.0.0 Safari/537.36"
20.104.18.253 - - [29/Jul/2026:06:30:54 -0600] "GET /wp-admin/includes/cloud.php HTTP/1.1" 301 311 "-" "Mozilla/5.0 (Windows NT 10.0; Win64; x64) AppleWebKit/537.36 (KHTML, like Gecko) Chrome/120.0.0.0 Safari/537.36"
20.104.18.253 - - [29/Jul/2026:06:30:54 -0600] "GET /wp-admin/css/colors/blue/cloud.php HTTP/1.1" 301 311 "-" "Mozilla/5.0 (Windows NT 10.0; Win64; x64) AppleWebKit/537.36 (KHTML, like Gecko) Chrome/120.0.0.0 Safari/537.36"
20.104.18.253 - - [29/Jul/2026:06:30:54 -0600] "GET /wp-admin/cloud.php HTTP/1.1" 301 311 "-" "Mozilla/5.0 (Windows NT 10.0; Win64; x64) AppleWebKit/537.36 (KHTML, like Gecko) Chrome/120.0.0.0 Safari/537.36"
20.104.18.253 - - [29/Jul/2026:06:30:55 -0600] "GET /updates.php HTTP/1.1" 301 311 "-" "Mozilla/5.0 (Windows NT 10.0; Win64; x64) AppleWebKit/537.36 (KHTML, like Gecko) Chrome/120.0.0.0 Safari/537.36"
20.104.18.253 - - [29/Jul/2026:06:30:55 -0600] "GET /libraries/legacy/updates.php HTTP/1.1" 301 311 "-" "Mozilla/5.0 (Windows NT 10.0; Win64; x64) AppleWebKit/537.36 (KHTML, like Gecko) Chrome/120.0.0.0 Safari/537.36"
20.104.18.253 - - [29/Jul/2026:06:30:56 -0600] "GET /libraries/phpmailer/updates.php HTTP/1.1" 301 311 "-" "Mozilla/5.0 (Windows NT 10.0; Win64; x64) AppleWebKit/537.36 (KHTML, like Gecko) Chrome/120.0.0.0 Safari/537.36"
20.104.18.253 - - [29/Jul/2026:06:30:56 -0600] "GET /libraries/vendor/updates.php HTTP/1.1" 301 311 "-" "Mozilla/5.0 (Windows NT 10.0; Win64; x64) AppleWebKit/537.36 (KHTML, like Gecko) Chrome/120.0.0.0 Safari/537.36"
20.104.18.253 - - [29/Jul/2026:06:30:56 -0600] "GET /alfa-rex.php7 HTTP/1.1" 301 311 "-" "Mozilla/5.0 (Windows NT 10.0; Win64; x64) AppleWebKit/537.36 (KHTML, like Gecko) Chrome/120.0.0.0 Safari/537.36"
20.104.18.253 - - [29/Jul/2026:06:30:57 -0600] "GET /alfanew.php HTTP/1.1" 301 311 "-" "Mozilla/5.0 (Windows NT 10.0; Win64; x64) AppleWebKit/537.36 (KHTML, like Gecko) Chrome/120.0.0.0 Safari/537.36"
20.104.18.253 - - [29/Jul/2026:06:30:57 -0600] "GET /wp-content/plugins/Cache/Cache.php HTTP/1.1" 301 311 "-" "Mozilla/5.0 (Windows NT 10.0; Win64; x64) AppleWebKit/537.36 (KHTML, like Gecko) Chrome/120.0.0.0 Safari/537.36"
20.104.18.253 - - [29/Jul/2026:06:30:58 -0600] "GET /wp-admin/js/widgets/about.php7 HTTP/1.1" 301 311 "-" "Mozilla/5.0 (Windows NT 10.0; Win64; x64) AppleWebKit/537.36 (KHTML, like Gecko) Chrome/120.0.0.0 Safari/537.36"
20.104.18.253 - - [29/Jul/2026:06:30:58 -0600] "GET /wp-p.php7 HTTP/1.1" 301 311 "-" "Mozilla/5.0 (Windows NT 10.0; Win64; x64) AppleWebKit/537.36 (KHTML, like Gecko) Chrome/120.0.0.0 Safari/537.36"
20.104.18.253 - - [29/Jul/2026:06:30:59 -0600] "GET /wp-admin/repeater.php HTTP/1.1" 301 311 "-" "Mozilla/5.0 (Windows NT 10.0; Win64; x64) AppleWebKit/537.36 (KHTML, like Gecko) Chrome/120.0.0.0 Safari/537.36"
20.104.18.253 - - [29/Jul/2026:06:30:59 -0600] "GET /wp-includes/repeater.php HTTP/1.1" 301 311 "-" "Mozilla/5.0 (Windows NT 10.0; Win64; x64) AppleWebKit/537.36 (KHTML, like Gecko) Chrome/120.0.0.0 Safari/537.36"
20.104.18.253 - - [29/Jul/2026:06:30:59 -0600] "GET /wp-content/repeater.php HTTP/1.1" 301 311 "-" "Mozilla/5.0 (Windows NT 10.0; Win64; x64) AppleWebKit/537.36 (KHTML, like Gecko) Chrome/120.0.0.0 Safari/537.36"
117.212.153.104 - - [29/Jul/2026:06:31:01 -0600] "POST /xmlrpc.php HTTP/1.1" 200 844 "-" "Jetpack/12.0; WordPress/6.3; http://site53747629.com"
66.249.70.8 - - [29/Jul/2026:06:31:03 -0600] "GET /?detail/0820131946377 HTTP/1.1" 200 23110 "-" "Mozilla/5.0 (Linux; Android 6.0.1; Nexus 5X Build/MMB29P) AppleWebKit/537.36 (KHTML, like Gecko) Chrome/150.0.7871.128 Mobile Safari/537.36 (compatible; GoogleOther)"
154.17.96.249 - - [29/Jul/2026:06:31:06 -0600] "GET /wp-content/uploads/2026/07/WhatsApp-Image-2026-07-23-at-10.07.36-AM-2-1-120x86.jpeg HTTP/1.1" 200 5314 "-" "Mozilla/5.0 (compatible; crawler)"
66.249.70.8 - - [29/Jul/2026:06:31:08 -0600] "GET /colima-permanece-en-alerta-roja-y-riesgo-maximo-por-john-estan-suspendidas-actividades-no-esenciales HTTP/1.1" 200 23147 "-" "Mozilla/5.0 (Linux; Android 6.0.1; Nexus 5X Build/MMB29P) AppleWebKit/537.36 (KHTML, like Gecko) Chrome/150.0.7871.128 Mobile Safari/537.36 (compatible; Googlebot/2.1; +http://www.google.com/bot.html)"
82.22.113.214 - - [29/Jul/2026:06:31:08 -0600] "GET /wp-content/uploads/2025/01/Prensa.jpg-120x86.webp HTTP/1.1" 200 2430 "-" "Mozilla/5.0 (compatible; crawler)"
117.212.153.104 - - [29/Jul/2026:06:31:11 -0600] "POST /xmlrpc.php HTTP/1.1" 200 844 "-" "Jetpack by WordPress.com (Jetpack 12.0; WordPress 6.4)"
57.141.0.23 - - [29/Jul/2026:06:31:13 -0600] "GET /tag/seguridad-social/ HTTP/1.1" 200 20534 "-" "Mozilla/5.0 (Windows NT 10.0; Win64; x64) AppleWebKit/537.36 (KHTML, like Gecko) Chrome/145.0.0.0 Safari/537.36 (compatible; meta-externalagent/1.1 (+https://developers.facebook.com/docs/sharing/webmasters/crawler))"
117.212.153.104 - - [29/Jul/2026:06:31:22 -0600] "POST /xmlrpc.php HTTP/1.1" 200 844 "-" "WordPress.com; https://wordpress.com"
66.249.70.7 - - [29/Jul/2026:06:31:26 -0600] "GET /f/special/adult_diapers/ HTTP/1.1" 200 23771 "-" "Mozilla/5.0 (Linux; Android 6.0.1; Nexus 5X Build/MMB29P) AppleWebKit/537.36 (KHTML, like Gecko) Chrome/150.0.7871.128 Mobile Safari/537.36 (compatible; GoogleOther)"
117.212.153.104 - - [29/Jul/2026:06:31:32 -0600] "POST /xmlrpc.php HTTP/1.1" 200 844 "-" "Jetpack by WordPress.com (Jetpack 13.0; WordPress 6.3)"
185.191.171.8 - - [29/Jul/2026:06:31:35 -0600] "GET /evita-el-robo-de-identidad-con-estos-consejos-clave/ HTTP/1.1" 200 22316 "-" "Mozilla/5.0 (compatible; SemrushBot/7~bl; +http://www.semrush.com/bot.html)"
117.212.153.104 - - [29/Jul/2026:06:31:43 -0600] "POST /xmlrpc.php HTTP/1.1" 200 844 "-" "Jetpack by WordPress.com"
114.119.135.201 - - [29/Jul/2026:06:31:48 -0600] "GET /wp-content/uploads/2025/12/f905ad58-a003-4295-95a3-fc538ec34ebc.jpg HTTP/1.1" 404 21843 "https://www.nuestrasnoticias.info/gobierno-del-estado-de-colima-y-gobierno-de-mexico-fortaleceran-en-2026-la-actividad-deportiva/" "Mozilla/5.0 (Linux; Android 7.0;) AppleWebKit/537.36 (HTML, like Gecko) Mobile Safari/537.36 (compatible; PetalBot;+https://webmaster.petalsearch.com/site/petalbot)"
117.212.153.104 - - [29/Jul/2026:06:31:54 -0600] "POST /xmlrpc.php HTTP/1.1" 200 844 "-" "WordPress.com; https://wordpress.com"
117.212.153.104 - - [29/Jul/2026:06:32:04 -0600] "POST /xmlrpc.php HTTP/1.1" 200 844 "-" "Jetpack/12.0; WordPress/6.2; http://site41014922.com"
117.212.153.104 - - [29/Jul/2026:06:32:15 -0600] "POST /xmlrpc.php HTTP/1.1" 200 844 "-" "Jetpack/12.5; WordPress/6.3; http://site81360208.com"
117.212.153.104 - - [29/Jul/2026:06:32:26 -0600] "POST /xmlrpc.php HTTP/1.1" 200 844 "-" "WordPress.com; https://wordpress.com"
66.249.70.1 - - [29/Jul/2026:06:32:31 -0600] "GET /82568857 HTTP/1.1" 200 23095 "-" "Mozilla/5.0 (Linux; Android 6.0.1; Nexus 5X Build/MMB29P) AppleWebKit/537.36 (KHTML, like Gecko) Chrome/150.0.7871.128 Mobile Safari/537.36 (compatible; Googlebot/2.1; +http://www.google.com/bot.html)"
117.212.153.104 - - [29/Jul/2026:06:32:36 -0600] "POST /xmlrpc.php HTTP/1.1" 200 844 "-" "Jetpack by WordPress.com (Jetpack 13.0; WordPress 6.2)"
173.252.82.19 - - [29/Jul/2026:06:32:40 -0600] "GET /wp-content/uploads/2026/06/710755474_1426645639505126_1866798445826363922_n-750x375.jpeg HTTP/1.1" 200 30729 "-" "meta-externalagent/1.1 (+https://developers.facebook.com/docs/sharing/webmasters/crawler)"
117.212.153.104 - - [29/Jul/2026:06:32:47 -0600] "POST /xmlrpc.php HTTP/1.1" 200 844 "-" "WordPress.com; https://wordpress.com"
57.141.0.24 - - [29/Jul/2026:06:32:52 -0600] "GET /fge-cuidado-advierte-fiscalia-general-sobre-extorsion/ HTTP/1.1" 200 22349 "-" "Mozilla/5.0 (Windows NT 10.0; Win64; x64) AppleWebKit/537.36 (KHTML, like Gecko) Chrome/145.0.0.0 Safari/537.36 (compatible; meta-externalagent/1.1 (+https://developers.facebook.com/docs/sharing/webmasters/crawler))"
57.141.0.42 - - [29/Jul/2026:06:32:53 -0600] "GET /wp-content/uploads/2026/05/CUIDADO-ES-EXTORSION-1024x1024.jpg HTTP/1.1" 200 137045 "https://www.nuestrasnoticias.info/fge-cuidado-advierte-fiscalia-general-sobre-extorsion/" "Mozilla/5.0 (Windows NT 10.0; Win64; x64) AppleWebKit/537.36 (KHTML, like Gecko) Chrome/145.0.0.0 Safari/537.36 (compatible; meta-externalagent/1.1 (+https://developers.facebook.com/docs/sharing/webmasters/crawler))"
57.141.0.5 - - [29/Jul/2026:06:32:54 -0600] "GET /wp-content/uploads/2026/05/CUIDADO-ES-EXTORSION-750x375.jpg HTTP/1.1" 200 45554 "https://www.nuestrasnoticias.info/fge-cuidado-advierte-fiscalia-general-sobre-extorsion/" "Mozilla/5.0 (Windows NT 10.0; Win64; x64) AppleWebKit/537.36 (KHTML, like Gecko) Chrome/145.0.0.0 Safari/537.36 (compatible; meta-externalagent/1.1 (+https://developers.facebook.com/docs/sharing/webmasters/crawler))"
117.212.153.104 - - [29/Jul/2026:06:32:58 -0600] "POST /xmlrpc.php HTTP/1.1" 200 844 "-" "Jetpack/13.0; WordPress/6.3; http://site37962658.com"
57.141.0.24 - - [29/Jul/2026:06:33:06 -0600] "GET /wp-content/uploads/2026/05/COMUNICADO-75x75.jpg HTTP/1.1" 200 2947 "https://www.nuestrasnoticias.info/fge-cuidado-advierte-fiscalia-general-sobre-extorsion/" "Mozilla/5.0 (Windows NT 10.0; Win64; x64) AppleWebKit/537.36 (KHTML, like Gecko) Chrome/145.0.0.0 Safari/537.36 (compatible; meta-externalagent/1.1 (+https://developers.facebook.com/docs/sharing/webmasters/crawler))"
117.212.153.104 - - [29/Jul/2026:06:33:08 -0600] "POST /xmlrpc.php HTTP/1.1" 200 844 "-" "WordPress.com; https://wordpress.com"
57.141.0.58 - - [29/Jul/2026:06:33:10 -0600] "GET /fge-cuidado-advierte-fiscalia-general-sobre-extorsion/null HTTP/1.1" 404 21837 "https://www.nuestrasnoticias.info/fge-cuidado-advierte-fiscalia-general-sobre-extorsion/" "Mozilla/5.0 (Windows NT 10.0; Win64; x64) AppleWebKit/537.36 (KHTML, like Gecko) Chrome/145.0.0.0 Safari/537.36 (compatible; meta-externalagent/1.1 (+https://developers.facebook.com/docs/sharing/webmasters/crawler))"
114.119.133.192 - - [29/Jul/2026:06:33:12 -0600] "GET /wp-content/uploads/2025/08/539493440_1082488304031281_8408410143221207981_n.jpg-350x250.webp HTTP/1.1" 200 22304 "https://www.nuestrasnoticias.info/author/redaccion1/page/7/" "Mozilla/5.0 (Linux; Android 7.0;) AppleWebKit/537.36 (HTML, like Gecko) Mobile Safari/537.36 (compatible; PetalBot;+https://webmaster.petalsearch.com/site/petalbot)"
117.212.153.104 - - [29/Jul/2026:06:33:19 -0600] "POST /xmlrpc.php HTTP/1.1" 200 844 "-" "Jetpack/12.1; WordPress/6.4; http://site48363976.com"
117.212.153.104 - - [29/Jul/2026:06:33:30 -0600] "POST /xmlrpc.php HTTP/1.1" 200 844 "-" "Jetpack by WordPress.com (Jetpack 12.5; WordPress 6.4)"
117.212.153.104 - - [29/Jul/2026:06:33:41 -0600] "POST /xmlrpc.php HTTP/1.1" 200 844 "-" "Jetpack/12.1; WordPress/6.4; http://site63108479.com"
117.212.153.104 - - [29/Jul/2026:06:33:51 -0600] "POST /xmlrpc.php HTTP/1.1" 200 844 "-" "Jetpack/12.5; WordPress/6.1; http://site83012536.com"
117.212.153.104 - - [29/Jul/2026:06:34:02 -0600] "POST /xmlrpc.php HTTP/1.1" 200 844 "-" "WordPress.com; https://wordpress.com"
40.77.167.55 - - [29/Jul/2026:06:34:08 -0600] "GET /wp-content/uploads/2026/04/INDIRA-VIZCAINO-MESA-DE-PAZ1-300x200.jpg HTTP/1.1" 200 11171 "-" "Mozilla/5.0 AppleWebKit/537.36 (KHTML, like Gecko; compatible; bingbot/2.0; +http://www.bing.com/bingbot.htm) Chrome/116.0.1938.76 Safari/537.36"
117.212.153.104 - - [29/Jul/2026:06:34:12 -0600] "POST /xmlrpc.php HTTP/1.1" 200 844 "-" "WordPress.com; https://wordpress.com"
117.212.153.104 - - [29/Jul/2026:06:34:23 -0600] "POST /xmlrpc.php HTTP/1.1" 200 844 "-" "Jetpack by WordPress.com (Jetpack 12.5; WordPress 6.3)"
40.77.167.136 - - [29/Jul/2026:06:34:24 -0600] "GET /wp-content/uploads/2024/12/035c328d-e2eb-422c-9980-eb9b6f394506-300x200.jpg HTTP/1.1" 200 14091 "-" "Mozilla/5.0 AppleWebKit/537.36 (KHTML, like Gecko; compatible; bingbot/2.0; +http://www.bing.com/bingbot.htm) Chrome/116.0.1938.76 Safari/537.36"
117.212.153.104 - - [29/Jul/2026:06:34:34 -0600] "POST /xmlrpc.php HTTP/1.1" 200 844 "-" "Jetpack by WordPress.com"
57.141.0.21 - - [29/Jul/2026:06:34:38 -0600] "GET /congreso-de-colima-reconoce-la-labor-de-abogadas-y-abogados-en-el-fortalecimiento-de-la-justicia/ HTTP/1.1" 200 22884 "-" "Mozilla/5.0 (Windows NT 10.0; Win64; x64) AppleWebKit/537.36 (KHTML, like Gecko) Chrome/145.0.0.0 Safari/537.36 (compatible; meta-externalagent/1.1 (+https://developers.facebook.com/docs/sharing/webmasters/crawler))"
114.119.157.17 - - [29/Jul/2026:06:34:40 -0600] "GET /wp-content/uploads/2025/06/0d93b0ea-b9d3-4dd6-8fb8-9aea063bfa0a-1024x722.jpg HTTP/1.1" 404 21850 "https://www.nuestrasnoticias.info/avanzan-las-obras-en-manzanillo-rosi-bayardo-inaugura-la-calle-laguna-de-alcuzahue-tras-su-rehabilitacion/" "Mozilla/5.0 (Linux; Android 7.0;) AppleWebKit/537.36 (HTML, like Gecko) Mobile Safari/537.36 (compatible; PetalBot;+https://webmaster.petalsearch.com/site/petalbot)"
117.212.153.104 - - [29/Jul/2026:06:34:44 -0600] "POST /xmlrpc.php HTTP/1.1" 200 844 "-" "WordPress.com; https://wordpress.com"
40.77.167.243 - - [29/Jul/2026:06:34:46 -0600] "GET /conoce-el-nuevo-plan-de-vigilancia-que-implementa-la-secretaria-de-seguridad-publica-y-proteccion-ciudadana-colima-que-organiza-al-estado-en-cuadrantes-para-mejorar-el-patrullaje/ HTTP/1.1" 200 33 "-" "Mozilla/5.0 AppleWebKit/537.36 (KHTML, like Gecko; compatible; bingbot/2.0; +http://www.bing.com/bingbot.htm) Chrome/116.0.1938.76 Safari/537.36"
212.28.179.223 - - [29/Jul/2026:06:34:55 -0600] "POST /wp-cron.php?doing_wp_cron=1785328495.6607749462127685546875 HTTP/1.1" 200 20 "-" "WordPress/6.9.4; https://www.nuestrasnoticias.info"
117.212.153.104 - - [29/Jul/2026:06:34:55 -0600] "POST /xmlrpc.php HTTP/1.1" 200 844 "-" "Jetpack by WordPress.com (Jetpack 12.1; WordPress 6.4)"
57.141.0.32 - - [29/Jul/2026:06:34:58 -0600] "GET /gobierno-del-estado-fortalece-alianzas-para-impulsar-el-desarrollo-empresarial-en-colima/ HTTP/1.1" 200 23220 "-" "Mozilla/5.0 (Windows NT 10.0; Win64; x64) AppleWebKit/537.36 (KHTML, like Gecko) Chrome/145.0.0.0 Safari/537.36 (compatible; meta-externalagent/1.1 (+https://developers.facebook.com/docs/sharing/webmasters/crawler))"
68.67.112.72 - - [29/Jul/2026:06:34:59 -0600] "GET /robots.txt HTTP/1.1" 200 453 "-" "Mozilla/5.0 AppleWebKit/537.36 (KHTML, like Gecko; compatible; YouBot/1.0; +https://docs.you.com/youbot; env:prod) Chrome/142.0.0.0 Safari/537.36"
68.67.112.72 - - [29/Jul/2026:06:35:00 -0600] "GET /category/logistica/ HTTP/1.1" 200 19600 "-" "Mozilla/5.0 AppleWebKit/537.36 (KHTML, like Gecko; compatible; YouBot/1.0; +https://docs.you.com/youbot; env:prod) Chrome/142.0.0.0 Safari/537.36"
117.212.153.104 - - [29/Jul/2026:06:35:05 -0600] "POST /xmlrpc.php HTTP/1.1" 200 844 "-" "Jetpack by WordPress.com"
57.141.0.60 - - [29/Jul/2026:06:35:07 -0600] "GET /gobierno-del-estado-fortalece-alianzas-para-impulsar-el-desarrollo-empresarial-en-colima/null HTTP/1.1" 404 21849 "https://www.nuestrasnoticias.info/gobierno-del-estado-fortalece-alianzas-para-impulsar-el-desarrollo-empresarial-en-colima/" "Mozilla/5.0 (Windows NT 10.0; Win64; x64) AppleWebKit/537.36 (KHTML, like Gecko) Chrome/145.0.0.0 Safari/537.36 (compatible; meta-externalagent/1.1 (+https://developers.facebook.com/docs/sharing/webmasters/crawler))"
57.141.0.67 - - [29/Jul/2026:06:35:13 -0600] "GET /efemeride-9/ HTTP/1.1" 200 22311 "-" "Mozilla/5.0 (Macintosh; Intel Mac OS X 10_15_7) AppleWebKit/537.36 (KHTML, like Gecko) Chrome/145.0.0.0 Safari/537.36 (compatible; meta-externalagent/1.1 (+https://developers.facebook.com/docs/sharing/webmasters/crawler))"
117.212.153.104 - - [29/Jul/2026:06:35:16 -0600] "POST /xmlrpc.php HTTP/1.1" 200 844 "-" "Jetpack by WordPress.com"
189.104.95.145 - - [29/Jul/2026:06:35:19 -0600] "GET /wp-content/uploads/2024/02/37a73f27-295d-4c86-be19-cc68e31aac9e.jpg-120x86.webp HTTP/1.1" 200 5056 "-" "Mozilla/5.0 (compatible; crawler)"
117.212.153.104 - - [29/Jul/2026:06:35:27 -0600] "POST /xmlrpc.php HTTP/1.1" 200 844 "-" "Jetpack by WordPress.com (Jetpack 12.1; WordPress 6.2)"
117.212.153.104 - - [29/Jul/2026:06:35:37 -0600] "POST /xmlrpc.php HTTP/1.1" 200 844 "-" "Jetpack/13.0; WordPress/6.3; http://site62578551.com"
192.177.57.233 - - [29/Jul/2026:06:35:40 -0600] "GET /wp-content/uploads/2025/01/81dcdda0-cad2-493f-9867-c2e554923c76-1.jpg-120x86.webp HTTP/1.1" 200 3924 "-" "Mozilla/5.0 (compatible; crawler)"
66.249.70.1 - - [29/Jul/2026:06:35:47 -0600] "GET /colima-logra-cinco-triunfos-en-el-voleibol-de-playa-en-nacionales-conade/feed/ HTTP/1.1" 200 23017 "-" "Mozilla/5.0 (Linux; Android 6.0.1; Nexus 5X Build/MMB29P) AppleWebKit/537.36 (KHTML, like Gecko) Chrome/150.0.7871.128 Mobile Safari/537.36 (compatible; Googlebot/2.1; +http://www.google.com/bot.html)"
117.212.153.104 - - [29/Jul/2026:06:35:48 -0600] "POST /xmlrpc.php HTTP/1.1" 200 844 "-" "WordPress.com; https://wordpress.com"
114.119.154.161 - - [29/Jul/2026:06:35:58 -0600] "GET /wp-content/uploads/2024/12/468509309_888816876731759_2143454658668694722_n.jpg-350x250.webp HTTP/1.1" 200 18318 "https://www.nuestrasnoticias.info/category/news/colima/page/220/" "Mozilla/5.0 (Linux; Android 7.0;) AppleWebKit/537.36 (HTML, like Gecko) Mobile Safari/537.36 (compatible; PetalBot;+https://webmaster.petalsearch.com/site/petalbot)"
117.212.153.104 - - [29/Jul/2026:06:35:59 -0600] "POST /xmlrpc.php HTTP/1.1" 200 844 "-" "WordPress.com; https://wordpress.com"
117.212.153.104 - - [29/Jul/2026:06:36:09 -0600] "POST /xmlrpc.php HTTP/1.1" 200 844 "-" "Jetpack by WordPress.com (Jetpack 12.5; WordPress 6.1)"
117.212.153.104 - - [29/Jul/2026:06:36:20 -0600] "POST /xmlrpc.php HTTP/1.1" 200 844 "-" "Jetpack by WordPress.com"
57.141.0.42 - - [29/Jul/2026:06:36:22 -0600] "GET /category/debate-legislativo/ HTTP/1.1" 200 19316 "-" "Mozilla/5.0 (Windows NT 10.0; Win64; x64) AppleWebKit/537.36 (KHTML, like Gecko) Chrome/145.0.0.0 Safari/537.36 (compatible; meta-externalagent/1.1 (+https://developers.facebook.com/docs/sharing/webmasters/crawler))"
57.141.0.37 - - [29/Jul/2026:06:36:26 -0600] "GET /tag/lepra/ HTTP/1.1" 200 18849 "-" "Mozilla/5.0 (Windows NT 10.0; Win64; x64) AppleWebKit/537.36 (KHTML, like Gecko) Chrome/145.0.0.0 Safari/537.36 (compatible; meta-externalagent/1.1 (+https://developers.facebook.com/docs/sharing/webmasters/crawler))"
117.212.153.104 - - [29/Jul/2026:06:36:31 -0600] "POST /xmlrpc.php HTTP/1.1" 200 844 "-" "Jetpack by WordPress.com (Jetpack 12.1; WordPress 6.4)"
117.212.153.104 - - [29/Jul/2026:06:36:41 -0600] "POST /xmlrpc.php HTTP/1.1" 200 844 "-" "Jetpack/12.0; WordPress/6.3; http://site75645593.com"
117.212.153.104 - - [29/Jul/2026:06:36:52 -0600] "POST /xmlrpc.php HTTP/1.1" 200 844 "-" "Jetpack/12.1; WordPress/6.1; http://site38115862.com"
117.212.153.104 - - [29/Jul/2026:06:37:03 -0600] "POST /xmlrpc.php HTTP/1.1" 200 844 "-" "WordPress.com; https://wordpress.com"
117.212.153.104 - - [29/Jul/2026:06:37:13 -0600] "POST /xmlrpc.php HTTP/1.1" 200 844 "-" "WordPress.com; https://wordpress.com"
114.119.154.161 - - [29/Jul/2026:06:37:21 -0600] "GET /visibilizacion-y-respeto-de-los-derechos-humanos-lbgttiq-fgec/ HTTP/1.1" 200 22578 "https://www.nuestrasnoticias.info/vacunacion-vph-5o6o-de-primaria-y-1o-de-secundaria-gobierno-de-colima" "Mozilla/5.0 (Linux; Android 7.0;) AppleWebKit/537.36 (HTML, like Gecko) Mobile Safari/537.36 (compatible; PetalBot;+https://webmaster.petalsearch.com/site/petalbot)"
117.212.153.104 - - [29/Jul/2026:06:37:24 -0600] "POST /xmlrpc.php HTTP/1.1" 200 844 "-" "Jetpack/12.0; WordPress/6.2; http://site21742654.com"
57.141.0.64 - - [29/Jul/2026:06:37:32 -0600] "GET /atencion-el-proximo-5-de-junio-concluye-el-plazo-para-realizar-el-cambio-de-memorandum-por-placas-fisicas/ HTTP/1.1" 200 22894 "-" "Mozilla/5.0 (Windows NT 10.0; Win64; x64) AppleWebKit/537.36 (KHTML, like Gecko) Chrome/145.0.0.0 Safari/537.36 Edg/145.0.0.0 (compatible; meta-externalagent/1.1 (+https://developers.facebook.com/docs/sharing/webmasters/crawler))"
117.212.153.104 - - [29/Jul/2026:06:37:34 -0600] "POST /xmlrpc.php HTTP/1.1" 200 844 "-" "WordPress.com; https://wordpress.com"
117.212.153.104 - - [29/Jul/2026:06:37:45 -0600] "POST /xmlrpc.php HTTP/1.1" 200 844 "-" "Jetpack by WordPress.com (Jetpack 12.5; WordPress 6.2)"
57.141.0.62 - - [29/Jul/2026:06:37:47 -0600] "GET /category/participacion-ciudadana/ HTTP/1.1" 200 23235 "-" "Mozilla/5.0 (Macintosh; Intel Mac OS X 10_15_7) AppleWebKit/537.36 (KHTML, like Gecko) Chrome/145.0.0.0 Safari/537.36 (compatible; meta-externalagent/1.1 (+https://developers.facebook.com/docs/sharing/webmasters/crawler))"
173.252.82.60 - - [29/Jul/2026:06:37:55 -0600] "GET /wp-content/uploads/2026/04/WhatsApp-Image-2026-04-27-at-12.36.36-PM.jpg HTTP/1.1" 200 215674 "-" "meta-externalagent/1.1 (+https://developers.facebook.com/docs/sharing/webmasters/crawler)"
117.212.153.104 - - [29/Jul/2026:06:37:56 -0600] "POST /xmlrpc.php HTTP/1.1" 200 844 "-" "Jetpack by WordPress.com"
117.212.153.104 - - [29/Jul/2026:06:38:06 -0600] "POST /xmlrpc.php HTTP/1.1" 200 844 "-" "WordPress.com; https://wordpress.com"
117.212.153.104 - - [29/Jul/2026:06:38:17 -0600] "POST /xmlrpc.php HTTP/1.1" 200 844 "-" "Jetpack/12.1; WordPress/6.1; http://site64088475.com"
117.212.153.104 - - [29/Jul/2026:06:38:27 -0600] "POST /xmlrpc.php HTTP/1.1" 200 844 "-" "WordPress.com; https://wordpress.com"
117.212.153.104 - - [29/Jul/2026:06:38:38 -0600] "POST /xmlrpc.php HTTP/1.1" 200 844 "-" "Jetpack by WordPress.com (Jetpack 13.0; WordPress 6.3)"
114.119.135.224 - - [29/Jul/2026:06:38:45 -0600] "GET /universidad-intercultural-de-colima-inicia-clases-con-nuevo-cuatrimestre-este-lunes HTTP/1.1" 301 311 "https://www.nuestrasnoticias.info/estamos-transformando-de-manera-profunda-la-politica-ambiental-de-nuestro-estado-indira-vizcaino" "Mozilla/5.0 (Linux; Android 7.0;) AppleWebKit/537.36 (HTML, like Gecko) Mobile Safari/537.36 (compatible; PetalBot;+https://webmaster.petalsearch.com/site/petalbot)"
114.119.135.224 - - [29/Jul/2026:06:38:47 -0600] "GET /universidad-intercultural-de-colima-inicia-clases-con-nuevo-cuatrimestre-este-lunes/ HTTP/1.1" 200 22022 "https://www.nuestrasnoticias.info/estamos-transformando-de-manera-profunda-la-politica-ambiental-de-nuestro-estado-indira-vizcaino" "Mozilla/5.0 (Linux; Android 7.0;) AppleWebKit/537.36 (HTML, like Gecko) Mobile Safari/537.36 (compatible; PetalBot;+https://webmaster.petalsearch.com/site/petalbot)"
117.212.153.104 - - [29/Jul/2026:06:38:49 -0600] "POST /xmlrpc.php HTTP/1.1" 200 844 "-" "WordPress.com; https://wordpress.com"
117.212.153.104 - - [29/Jul/2026:06:38:59 -0600] "POST /xmlrpc.php HTTP/1.1" 200 844 "-" "Jetpack by WordPress.com"
57.141.0.34 - - [29/Jul/2026:06:39:01 -0600] "GET /flans-cerro-la-edicion-2026-de-las-fiestas-de-mayo-en-manzanillo/ HTTP/1.1" 200 25210 "-" "Mozilla/5.0 (Macintosh; Intel Mac OS X 10_15_7) AppleWebKit/537.36 (KHTML, like Gecko) Chrome/145.0.0.0 Safari/537.36 (compatible; meta-externalagent/1.1 (+https://developers.facebook.com/docs/sharing/webmasters/crawler))"
66.249.70.8 - - [29/Jul/2026:06:39:04 -0600] "GET /gobierno-de-colima-participa-en-foro-internacional-impactos-del-cambio-climatico-en-los-oceanos-en-taiwan/ HTTP/1.1" 200 22915 "-" "Mozilla/5.0 (Linux; Android 6.0.1; Nexus 5X Build/MMB29P) AppleWebKit/537.36 (KHTML, like Gecko) Chrome/150.0.7871.128 Mobile Safari/537.36 (compatible; Googlebot/2.1; +http://www.google.com/bot.html)"
117.212.153.104 - - [29/Jul/2026:06:39:10 -0600] "POST /xmlrpc.php HTTP/1.1" 200 844 "-" "Jetpack by WordPress.com (Jetpack 12.5; WordPress 6.3)"
117.212.153.104 - - [29/Jul/2026:06:39:21 -0600] "POST /xmlrpc.php HTTP/1.1" 200 844 "-" "Jetpack by WordPress.com (Jetpack 12.5; WordPress 6.4)"
82.21.115.158 - - [29/Jul/2026:06:39:24 -0600] "GET /wp-content/uploads/2024/11/2ae41b9d-65bd-467b-9cf2-7568fd0b6187.jpg-120x86.webp HTTP/1.1" 200 3858 "-" "Mozilla/5.0 (compatible; crawler)"
66.249.70.8 - - [29/Jul/2026:06:39:29 -0600] "GET /products/software/x089000923 HTTP/1.1" 200 23966 "-" "Mozilla/5.0 (Linux; Android 6.0.1; Nexus 5X Build/MMB29P) AppleWebKit/537.36 (KHTML, like Gecko) Chrome/150.0.7871.128 Mobile Safari/537.36 (compatible; GoogleOther)"
117.212.153.104 - - [29/Jul/2026:06:39:32 -0600] "POST /xmlrpc.php HTTP/1.1" 200 844 "-" "WordPress.com; https://wordpress.com"
117.212.153.104 - - [29/Jul/2026:06:39:42 -0600] "POST /xmlrpc.php HTTP/1.1" 200 844 "-" "WordPress.com; https://wordpress.com"
40.77.167.243 - - [29/Jul/2026:06:39:44 -0600] "GET /wp-content/uploads/2026/04/SEMBRANDO-VIDA-PROGRAMA-768x490.jpg HTTP/1.1" 200 56228 "-" "Mozilla/5.0 AppleWebKit/537.36 (KHTML, like Gecko; compatible; bingbot/2.0; +http://www.bing.com/bingbot.htm) Chrome/116.0.1938.76 Safari/537.36"
117.212.153.104 - - [29/Jul/2026:06:39:53 -0600] "POST /xmlrpc.php HTTP/1.1" 200 844 "-" "Jetpack by WordPress.com (Jetpack 12.5; WordPress 6.2)"
57.141.0.53 - - [29/Jul/2026:06:39:54 -0600] "GET /g-c-el-mejor-lugar-para-las-y-los-ninos-con-discapacidad-estara-en-colima/ HTTP/1.1" 200 23370 "-" "Mozilla/5.0 (Macintosh; Intel Mac OS X 10_15_7) AppleWebKit/537.36 (KHTML, like Gecko) Chrome/145.0.0.0 Safari/537.36 (compatible; meta-externalagent/1.1 (+https://developers.facebook.com/docs/sharing/webmasters/crawler))"
117.212.153.104 - - [29/Jul/2026:06:40:03 -0600] "POST /xmlrpc.php HTTP/1.1" 200 844 "-" "Jetpack by WordPress.com (Jetpack 13.0; WordPress 6.3)"
114.119.135.201 - - [29/Jul/2026:06:40:08 -0600] "GET /universidad-intercultural-de-colima-concluira-pre-inscripciones-e-iniciara-periodo-de-charlas-informativas/ HTTP/1.1" 200 22819 "https://www.nuestrasnoticias.info/realiza-imss-colima-el-septimo-encuentro-prevenimssella-y-el/" "Mozilla/5.0 (Linux; Android 7.0;) AppleWebKit/537.36 (HTML, like Gecko) Mobile Safari/537.36 (compatible; PetalBot;+https://webmaster.petalsearch.com/site/petalbot)"
117.212.153.104 - - [29/Jul/2026:06:40:14 -0600] "POST /xmlrpc.php HTTP/1.1" 200 844 "-" "Jetpack/13.0; WordPress/6.3; http://site36494845.com"
117.212.153.104 - - [29/Jul/2026:06:40:24 -0600] "POST /xmlrpc.php HTTP/1.1" 200 844 "-" "Jetpack by WordPress.com"
216.73.216.169 - - [29/Jul/2026:06:40:26 -0600] "GET /dex.php?loknya=%2Ftmp HTTP/1.1" 200 1815 "-" "Mozilla/5.0 AppleWebKit/537.36 (KHTML, like Gecko; compatible; ClaudeBot/1.0; +claudebot@anthropic.com)"
40.77.167.247 - - [29/Jul/2026:06:40:26 -0600] "GET /reabren-paso-en-carretera-villa-minatitlan-tras-retiro-de-material-arrastrado-por-lluvia/ HTTP/1.1" 200 33 "-" "Mozilla/5.0 AppleWebKit/537.36 (KHTML, like Gecko; compatible; bingbot/2.0; +http://www.bing.com/bingbot.htm) Chrome/116.0.1938.76 Safari/537.36"
216.73.216.169 - - [29/Jul/2026:06:40:27 -0600] "GET /dex.php?loknya=%2Fdev HTTP/1.1" 200 2663 "-" "Mozilla/5.0 AppleWebKit/537.36 (KHTML, like Gecko; compatible; ClaudeBot/1.0; +claudebot@anthropic.com)"
216.73.216.169 - - [29/Jul/2026:06:40:27 -0600] "GET /dex.php?loknya=%2Fscripts HTTP/1.1" 200 20237 "-" "Mozilla/5.0 AppleWebKit/537.36 (KHTML, like Gecko; compatible; ClaudeBot/1.0; +claudebot@anthropic.com)"
