Done !
| Server IP : 212.28.179.223 / Your IP : 216.73.216.169 Web Server : Apache System : Linux host.server-guru-usa.com 5.14.0-687.24.1.el9_8.x86_64 #1 SMP PREEMPT_DYNAMIC Thu Jul 9 18:14:06 EDT 2026 x86_64 User : nnoticias ( 1015) PHP Version : 8.3.32 Disable Function : exec,passthru,shell_exec,system MySQL : OFF | cURL : ON | WGET : ON | Perl : ON | Python : OFF | Sudo : ON | Pkexec : ON Directory : /home/nnoticias/access-logs/ |
Upload File : |
154.159.237.237 - - [29/Jul/2026:06:06:22 -0600] "POST /xmlrpc.php HTTP/1.1" 200 844 "-" "Jetpack by WordPress.com (Jetpack 13.0; WordPress 6.4)"
190.167.100.75 - - [29/Jul/2026:06:06:23 -0600] "POST /xmlrpc.php HTTP/1.1" 200 844 "-" "Jetpack/13.0; WordPress/6.3; http://site42090041.com"
66.249.70.7 - - [29/Jul/2026:06:06:26 -0600] "GET /donald-trump-pone-pausa-de-90-dias-a-aranceles-mantiene-la-medida-con-china/ HTTP/1.1" 200 23162 "-" "Mozilla/5.0 (Linux; Android 6.0.1; Nexus 5X Build/MMB29P) AppleWebKit/537.36 (KHTML, like Gecko) Chrome/150.0.7871.128 Mobile Safari/537.36 (compatible; Googlebot/2.1; +http://www.google.com/bot.html)"
192.177.57.220 - - [29/Jul/2026:06:06:28 -0600] "GET /wp-content/uploads/2025/02/480856297_1047831090719918_160343300777064658_n.jpg-350x250.webp HTTP/1.1" 200 26232 "-" "Mozilla/5.0 (compatible; crawler)"
154.197.27.11 - - [29/Jul/2026:06:06:32 -0600] "GET /wp-content/uploads/2025/01/Ha-Ash.jpg-120x86.webp HTTP/1.1" 200 3748 "-" "Mozilla/5.0 (compatible; crawler)"
154.159.237.237 - - [29/Jul/2026:06:06:32 -0600] "POST /xmlrpc.php HTTP/1.1" 200 844 "-" "WordPress.com; https://wordpress.com"
190.167.100.75 - - [29/Jul/2026:06:06:34 -0600] "POST /xmlrpc.php HTTP/1.1" 200 844 "-" "Jetpack/12.5; WordPress/6.2; http://site61197741.com"
114.119.135.201 - - [29/Jul/2026:06:06:41 -0600] "GET /wp-content/uploads/2024/11/60da0aa1-0662-4db6-b739-176f0943bfd4.jpg.webp HTTP/1.1" 200 172482 "https://www.nuestrasnoticias.info/gobierno-de-colima-lleva-a-tecomenses-el-programa-ver-bien-para-trabajar-mejor" "Mozilla/5.0 (Linux; Android 7.0;) AppleWebKit/537.36 (HTML, like Gecko) Mobile Safari/537.36 (compatible; PetalBot;+https://webmaster.petalsearch.com/site/petalbot)"
154.159.237.237 - - [29/Jul/2026:06:06:43 -0600] "POST /xmlrpc.php HTTP/1.1" 200 844 "-" "Jetpack by WordPress.com"
190.167.100.75 - - [29/Jul/2026:06:06:45 -0600] "POST /xmlrpc.php HTTP/1.1" 200 844 "-" "Jetpack by WordPress.com (Jetpack 12.5; WordPress 6.3)"
212.28.179.223 - - [29/Jul/2026:06:06:54 -0600] "POST /wp-cron.php?doing_wp_cron=1785326814.8288419246673583984375 HTTP/1.1" 200 20 "-" "WordPress/6.9.4; https://www.nuestrasnoticias.info"
154.159.237.237 - - [29/Jul/2026:06:06:54 -0600] "POST /xmlrpc.php HTTP/1.1" 200 844 "-" "Jetpack by WordPress.com"
190.167.100.75 - - [29/Jul/2026:06:06:55 -0600] "POST /xmlrpc.php HTTP/1.1" 200 844 "-" "Jetpack by WordPress.com"
40.77.167.7 - - [29/Jul/2026:06:07:02 -0600] "GET /wp-content/uploads/2026/05/CONOCE-EL-NUEVO-PLAN-DE-VIGILANCIA3-1140x1140.jpg HTTP/1.1" 200 177273 "-" "Mozilla/5.0 AppleWebKit/537.36 (KHTML, like Gecko; compatible; bingbot/2.0; +http://www.bing.com/bingbot.htm) Chrome/116.0.1938.76 Safari/537.36"
154.159.237.237 - - [29/Jul/2026:06:07:04 -0600] "POST /xmlrpc.php HTTP/1.1" 200 844 "-" "WordPress.com; https://wordpress.com"
62.217.7.252 - - [29/Jul/2026:06:07:05 -0600] "GET /wp-content/uploads/2024/01/080d314c-2822-4631-8dae-3554811abc68-1024x644.jpg HTTP/1.1" 404 21848 "-" "Mozilla/5.0 (compatible; crawler)"
190.167.100.75 - - [29/Jul/2026:06:07:06 -0600] "POST /xmlrpc.php HTTP/1.1" 200 844 "-" "WordPress.com; https://wordpress.com"
181.124.231.46 - - [29/Jul/2026:06:07:07 -0600] "GET /secretario-de-educacion-inaugura-en-manzanillo-la-feria-profesiografica-2024/ HTTP/1.1" 200 25139 "-" "Mozilla/5.0 (Windows NT 10.0; Win64; x64) AppleWebKit/537.36 (KHTML, like Gecko) Chrome/99.0.4844.74 Safari/537.36"
154.159.237.237 - - [29/Jul/2026:06:07:15 -0600] "POST /xmlrpc.php HTTP/1.1" 200 844 "-" "WordPress.com; https://wordpress.com"
190.167.100.75 - - [29/Jul/2026:06:07:17 -0600] "POST /xmlrpc.php HTTP/1.1" 200 844 "-" "WordPress.com; https://wordpress.com"
154.159.237.237 - - [29/Jul/2026:06:07:25 -0600] "POST /xmlrpc.php HTTP/1.1" 200 844 "-" "WordPress.com; https://wordpress.com"
190.167.100.75 - - [29/Jul/2026:06:07:27 -0600] "POST /xmlrpc.php HTTP/1.1" 200 844 "-" "WordPress.com; https://wordpress.com"
154.159.237.237 - - [29/Jul/2026:06:07:36 -0600] "POST /xmlrpc.php HTTP/1.1" 200 844 "-" "Jetpack/12.0; WordPress/6.4; http://site11908092.com"
190.167.100.75 - - [29/Jul/2026:06:07:38 -0600] "POST /xmlrpc.php HTTP/1.1" 200 844 "-" "Jetpack/13.0; WordPress/6.3; http://site58817227.com"
154.159.237.237 - - [29/Jul/2026:06:07:47 -0600] "POST /xmlrpc.php HTTP/1.1" 200 844 "-" "Jetpack by WordPress.com (Jetpack 12.1; WordPress 6.2)"
190.167.100.75 - - [29/Jul/2026:06:07:49 -0600] "POST /xmlrpc.php HTTP/1.1" 200 844 "-" "Jetpack by WordPress.com"
154.159.237.237 - - [29/Jul/2026:06:07:57 -0600] "POST /xmlrpc.php HTTP/1.1" 200 844 "-" "Jetpack by WordPress.com"
190.167.100.75 - - [29/Jul/2026:06:08:00 -0600] "POST /xmlrpc.php HTTP/1.1" 200 844 "-" "Jetpack/12.1; WordPress/6.4; http://site21296309.com"
57.141.0.25 - - [29/Jul/2026:06:08:03 -0600] "GET /estamos-mascercadetucolonia-2/ HTTP/1.1" 200 24789 "-" "Mozilla/5.0 (Macintosh; Intel Mac OS X 10_15_7) AppleWebKit/537.36 (KHTML, like Gecko) Chrome/145.0.0.0 Safari/537.36 (compatible; meta-externalagent/1.1 (+https://developers.facebook.com/docs/sharing/webmasters/crawler))"
114.119.157.17 - - [29/Jul/2026:06:08:05 -0600] "GET /wp-content/uploads/2025/09/03e140e8-288c-4fb5-963b-06f4406cd5fd.jpg.webp HTTP/1.1" 200 338042 "https://www.nuestrasnoticias.info/gobierno-del-estado-de-colima-realiza-renivelacion-en-carretera-de-armeria" "Mozilla/5.0 (Linux; Android 7.0;) AppleWebKit/537.36 (HTML, like Gecko) Mobile Safari/537.36 (compatible; PetalBot;+https://webmaster.petalsearch.com/site/petalbot)"
154.159.237.237 - - [29/Jul/2026:06:08:08 -0600] "POST /xmlrpc.php HTTP/1.1" 200 844 "-" "WordPress.com; https://wordpress.com"
190.167.100.75 - - [29/Jul/2026:06:08:10 -0600] "POST /xmlrpc.php HTTP/1.1" 200 844 "-" "WordPress.com; https://wordpress.com"
154.159.237.237 - - [29/Jul/2026:06:08:19 -0600] "POST /xmlrpc.php HTTP/1.1" 200 844 "-" "WordPress.com; https://wordpress.com"
190.167.100.75 - - [29/Jul/2026:06:08:21 -0600] "POST /xmlrpc.php HTTP/1.1" 200 844 "-" "Jetpack by WordPress.com"
51.161.37.11 - - [29/Jul/2026:06:08:22 -0600] "GET /tag/ayuntamiento/feed/ HTTP/1.1" 200 2192 "-" "Mozilla/5.0 (compatible; AhrefsBot/7.0; +http://ahrefs.com/robot/)"
154.159.237.237 - - [29/Jul/2026:06:08:29 -0600] "POST /xmlrpc.php HTTP/1.1" 200 844 "-" "Jetpack by WordPress.com"
190.167.100.75 - - [29/Jul/2026:06:08:32 -0600] "POST /xmlrpc.php HTTP/1.1" 200 844 "-" "Jetpack by WordPress.com"
154.159.237.237 - - [29/Jul/2026:06:08:40 -0600] "POST /xmlrpc.php HTTP/1.1" 200 844 "-" "Jetpack/12.5; WordPress/6.1; http://site60578036.com"
190.167.100.75 - - [29/Jul/2026:06:08:43 -0600] "POST /xmlrpc.php HTTP/1.1" 200 844 "-" "Jetpack by WordPress.com"
154.159.237.237 - - [29/Jul/2026:06:08:51 -0600] "POST /xmlrpc.php HTTP/1.1" 200 844 "-" "Jetpack/12.5; WordPress/6.4; http://site46863446.com"
190.167.100.75 - - [29/Jul/2026:06:08:53 -0600] "POST /xmlrpc.php HTTP/1.1" 200 844 "-" "WordPress.com; https://wordpress.com"
57.141.0.14 - - [29/Jul/2026:06:09:01 -0600] "GET /tenemos-lo-que-necesitas-para-proteger-a-tu-ganado/ HTTP/1.1" 200 22867 "-" "Mozilla/5.0 (Macintosh; Intel Mac OS X 10_15_7) AppleWebKit/537.36 (KHTML, like Gecko) Chrome/145.0.0.0 Safari/537.36 (compatible; meta-externalagent/1.1 (+https://developers.facebook.com/docs/sharing/webmasters/crawler))"
154.159.237.237 - - [29/Jul/2026:06:09:01 -0600] "POST /xmlrpc.php HTTP/1.1" 200 844 "-" "Jetpack by WordPress.com (Jetpack 13.0; WordPress 6.2)"
190.167.100.75 - - [29/Jul/2026:06:09:04 -0600] "POST /xmlrpc.php HTTP/1.1" 200 844 "-" "Jetpack by WordPress.com"
154.159.237.237 - - [29/Jul/2026:06:09:12 -0600] "POST /xmlrpc.php HTTP/1.1" 200 844 "-" "WordPress.com; https://wordpress.com"
104.232.193.107 - - [29/Jul/2026:06:09:12 -0600] "GET /wp-content/uploads/2024/02/fb733d6c-c65b-42e1-a991-f2fc9252e8ea.jpg-120x86.webp HTTP/1.1" 200 3962 "-" "Mozilla/5.0 (compatible; crawler)"
142.111.99.44 - - [29/Jul/2026:06:09:13 -0600] "GET /wp-content/uploads/2026/05/687833862_1407278131441877_8009790456248062462_n-350x250.jpeg HTTP/1.1" 200 19995 "-" "Mozilla/5.0 (compatible; crawler)"
190.167.100.75 - - [29/Jul/2026:06:09:15 -0600] "POST /xmlrpc.php HTTP/1.1" 200 844 "-" "Jetpack/13.0; WordPress/6.4; http://site60277339.com"
154.159.237.237 - - [29/Jul/2026:06:09:22 -0600] "POST /xmlrpc.php HTTP/1.1" 200 844 "-" "WordPress.com; https://wordpress.com"
190.167.100.75 - - [29/Jul/2026:06:09:25 -0600] "POST /xmlrpc.php HTTP/1.1" 200 844 "-" "Jetpack by WordPress.com"
114.119.157.17 - - [29/Jul/2026:06:09:28 -0600] "GET /wp-content/uploads/2025/02/3444e3e1-d927-478a-8c8f-aa5b86c83602.jpg-350x250.webp HTTP/1.1" 200 30910 "https://www.nuestrasnoticias.info/category/news/colima/page/179/" "Mozilla/5.0 (Linux; Android 7.0;) AppleWebKit/537.36 (HTML, like Gecko) Mobile Safari/537.36 (compatible; PetalBot;+https://webmaster.petalsearch.com/site/petalbot)"
66.249.70.1 - - [29/Jul/2026:06:09:31 -0600] "GET /category/servicios-publicos/ HTTP/1.1" 200 23139 "-" "Mozilla/5.0 (Linux; Android 6.0.1; Nexus 5X Build/MMB29P) AppleWebKit/537.36 (KHTML, like Gecko) Chrome/150.0.7871.186 Mobile Safari/537.36 (compatible; Googlebot/2.1; +http://www.google.com/bot.html)"
154.159.237.237 - - [29/Jul/2026:06:09:33 -0600] "POST /xmlrpc.php HTTP/1.1" 200 844 "-" "WordPress.com; https://wordpress.com"
190.167.100.75 - - [29/Jul/2026:06:09:36 -0600] "POST /xmlrpc.php HTTP/1.1" 200 844 "-" "Jetpack by WordPress.com"
66.249.70.7 - - [29/Jul/2026:06:09:42 -0600] "GET /?goods/060005487 HTTP/1.1" 200 22772 "-" "Mozilla/5.0 (Linux; Android 6.0.1; Nexus 5X Build/MMB29P) AppleWebKit/537.36 (KHTML, like Gecko) Chrome/150.0.7871.128 Mobile Safari/537.36 (compatible; Googlebot/2.1; +http://www.google.com/bot.html)"
154.159.237.237 - - [29/Jul/2026:06:09:44 -0600] "POST /xmlrpc.php HTTP/1.1" 200 844 "-" "Jetpack by WordPress.com (Jetpack 12.5; WordPress 6.2)"
66.249.70.7 - - [29/Jul/2026:06:09:46 -0600] "GET /mas-de-13-mi-norteamericanos-visitan-manzanillo/feed/ HTTP/1.1" 200 23148 "-" "Mozilla/5.0 (Linux; Android 6.0.1; Nexus 5X Build/MMB29P) AppleWebKit/537.36 (KHTML, like Gecko) Chrome/150.0.7871.128 Mobile Safari/537.36 (compatible; Googlebot/2.1; +http://www.google.com/bot.html)"
190.167.100.75 - - [29/Jul/2026:06:09:47 -0600] "POST /xmlrpc.php HTTP/1.1" 200 844 "-" "Jetpack by WordPress.com"
57.141.0.55 - - [29/Jul/2026:06:09:47 -0600] "GET /juntas-y-juntos-trabajando-dia-y-noche-por-otrocolimaporti/ HTTP/1.1" 200 22502 "-" "Mozilla/5.0 (Windows NT 10.0; Win64; x64) AppleWebKit/537.36 (KHTML, like Gecko) Chrome/145.0.0.0 Safari/537.36 (compatible; meta-externalagent/1.1 (+https://developers.facebook.com/docs/sharing/webmasters/crawler))"
154.159.237.237 - - [29/Jul/2026:06:09:54 -0600] "POST /xmlrpc.php HTTP/1.1" 200 844 "-" "Jetpack by WordPress.com"
190.167.100.75 - - [29/Jul/2026:06:09:58 -0600] "POST /xmlrpc.php HTTP/1.1" 200 844 "-" "Jetpack/12.1; WordPress/6.3; http://site47224294.com"
154.159.237.237 - - [29/Jul/2026:06:10:05 -0600] "POST /xmlrpc.php HTTP/1.1" 200 844 "-" "Jetpack by WordPress.com (Jetpack 12.0; WordPress 6.3)"
190.167.100.75 - - [29/Jul/2026:06:10:08 -0600] "POST /xmlrpc.php HTTP/1.1" 200 844 "-" "Jetpack by WordPress.com"
57.141.0.12 - - [29/Jul/2026:06:10:15 -0600] "GET /wp-content/uploads/2026/04/671829841_1286034583632648_1128858683691544072_n.jpg HTTP/1.1" 200 208305 "-" "Mozilla/5.0 (Windows NT 10.0; Win64; x64) AppleWebKit/537.36 (KHTML, like Gecko) Chrome/145.0.0.0 Safari/537.36 (compatible; meta-externalagent/1.1 (+https://developers.facebook.com/docs/sharing/webmasters/crawler))"
154.159.237.237 - - [29/Jul/2026:06:10:15 -0600] "POST /xmlrpc.php HTTP/1.1" 200 844 "-" "WordPress.com; https://wordpress.com"
190.167.100.75 - - [29/Jul/2026:06:10:19 -0600] "POST /xmlrpc.php HTTP/1.1" 200 844 "-" "WordPress.com; https://wordpress.com"
154.159.237.237 - - [29/Jul/2026:06:10:26 -0600] "POST /xmlrpc.php HTTP/1.1" 200 844 "-" "WordPress.com; https://wordpress.com"
190.167.100.75 - - [29/Jul/2026:06:10:30 -0600] "POST /xmlrpc.php HTTP/1.1" 200 844 "-" "Jetpack by WordPress.com"
154.159.237.237 - - [29/Jul/2026:06:10:37 -0600] "POST /xmlrpc.php HTTP/1.1" 200 844 "-" "Jetpack by WordPress.com (Jetpack 12.5; WordPress 6.3)"
207.97.190.2 - - [29/Jul/2026:06:10:41 -0600] "GET /wp-content/uploads/2025/01/GettyImages-1186248201-1-e1585588760557.jpg-120x86.webp HTTP/1.1" 200 2492 "-" "Mozilla/5.0 (compatible; crawler)"
190.167.100.75 - - [29/Jul/2026:06:10:40 -0600] "POST /xmlrpc.php HTTP/1.1" 200 844 "-" "Jetpack by WordPress.com"
57.141.0.34 - - [29/Jul/2026:06:10:41 -0600] "GET /congreso-26/ HTTP/1.1" 200 22462 "-" "Mozilla/5.0 (Windows NT 10.0; Win64; x64) AppleWebKit/537.36 (KHTML, like Gecko) Chrome/145.0.0.0 Safari/537.36 (compatible; meta-externalagent/1.1 (+https://developers.facebook.com/docs/sharing/webmasters/crawler))"
154.159.237.237 - - [29/Jul/2026:06:10:47 -0600] "POST /xmlrpc.php HTTP/1.1" 200 844 "-" "Jetpack/12.0; WordPress/6.1; http://site52462442.com"
190.167.100.75 - - [29/Jul/2026:06:10:51 -0600] "POST /xmlrpc.php HTTP/1.1" 200 844 "-" "Jetpack by WordPress.com"
114.119.154.161 - - [29/Jul/2026:06:10:52 -0600] "GET /wp-content/uploads/2024/12/073f2e25-d225-40b8-8df4-348f6b8a9c3b.jpg-350x250.webp HTTP/1.1" 200 14958 "https://www.nuestrasnoticias.info/category/news/colima/page/213/" "Mozilla/5.0 (Linux; Android 7.0;) AppleWebKit/537.36 (HTML, like Gecko) Mobile Safari/537.36 (compatible; PetalBot;+https://webmaster.petalsearch.com/site/petalbot)"
154.159.237.237 - - [29/Jul/2026:06:10:58 -0600] "POST /xmlrpc.php HTTP/1.1" 200 844 "-" "WordPress.com; https://wordpress.com"
190.167.100.75 - - [29/Jul/2026:06:11:02 -0600] "POST /xmlrpc.php HTTP/1.1" 200 844 "-" "Jetpack by WordPress.com"
142.44.225.47 - - [29/Jul/2026:06:11:03 -0600] "GET /selecciones-colimenses-de-balonmano-logran-7-medallas-en-la-copa-volcan-2024/feed/ HTTP/1.1" 200 772 "-" "Mozilla/5.0 (compatible; AhrefsBot/7.0; +http://ahrefs.com/robot/)"
154.159.237.237 - - [29/Jul/2026:06:11:08 -0600] "POST /xmlrpc.php HTTP/1.1" 200 844 "-" "Jetpack by WordPress.com (Jetpack 13.0; WordPress 6.3)"
190.167.100.75 - - [29/Jul/2026:06:11:13 -0600] "POST /xmlrpc.php HTTP/1.1" 200 844 "-" "WordPress.com; https://wordpress.com"
154.159.237.237 - - [29/Jul/2026:06:11:19 -0600] "POST /xmlrpc.php HTTP/1.1" 200 844 "-" "WordPress.com; https://wordpress.com"
190.167.100.75 - - [29/Jul/2026:06:11:23 -0600] "POST /xmlrpc.php HTTP/1.1" 200 844 "-" "Jetpack by WordPress.com"
57.141.0.21 - - [29/Jul/2026:06:11:29 -0600] "GET /en-una-emergencia-actuar-rapido-puede-hacer-la-diferencia/ HTTP/1.1" 200 22756 "-" "Mozilla/5.0 (Windows NT 10.0; Win64; x64) AppleWebKit/537.36 (KHTML, like Gecko) Chrome/145.0.0.0 Safari/537.36 (compatible; meta-externalagent/1.1 (+https://developers.facebook.com/docs/sharing/webmasters/crawler))"
154.159.237.237 - - [29/Jul/2026:06:11:30 -0600] "POST /xmlrpc.php HTTP/1.1" 200 844 "-" "WordPress.com; https://wordpress.com"
190.167.100.75 - - [29/Jul/2026:06:11:34 -0600] "POST /xmlrpc.php HTTP/1.1" 200 844 "-" "WordPress.com; https://wordpress.com"
154.159.237.237 - - [29/Jul/2026:06:11:40 -0600] "POST /xmlrpc.php HTTP/1.1" 200 844 "-" "WordPress.com; https://wordpress.com"
190.167.100.75 - - [29/Jul/2026:06:11:45 -0600] "POST /xmlrpc.php HTTP/1.1" 200 844 "-" "Jetpack/13.0; WordPress/6.1; http://site45049629.com"
57.141.0.29 - - [29/Jul/2026:06:11:45 -0600] "GET /violentometro-virtual/ HTTP/1.1" 200 21656 "-" "Mozilla/5.0 (Windows NT 10.0; Win64; x64) AppleWebKit/537.36 (KHTML, like Gecko) Chrome/145.0.0.0 Safari/537.36 (compatible; meta-externalagent/1.1 (+https://developers.facebook.com/docs/sharing/webmasters/crawler))"
154.159.237.237 - - [29/Jul/2026:06:11:51 -0600] "POST /xmlrpc.php HTTP/1.1" 200 844 "-" "WordPress.com; https://wordpress.com"
190.167.100.75 - - [29/Jul/2026:06:11:56 -0600] "POST /xmlrpc.php HTTP/1.1" 200 844 "-" "Jetpack by WordPress.com"
57.141.0.50 - - [29/Jul/2026:06:12:01 -0600] "GET /arranca-el-operativo-de-nebulizacion-para-combatir-al-mosquito-transmisor-del-dengue/ HTTP/1.1" 200 22386 "-" "Mozilla/5.0 (Windows NT 10.0; Win64; x64) AppleWebKit/537.36 (KHTML, like Gecko) Chrome/145.0.0.0 Safari/537.36 (compatible; meta-externalagent/1.1 (+https://developers.facebook.com/docs/sharing/webmasters/crawler))"
154.159.237.237 - - [29/Jul/2026:06:12:02 -0600] "POST /xmlrpc.php HTTP/1.1" 200 844 "-" "Jetpack by WordPress.com (Jetpack 12.0; WordPress 6.3)"
66.249.70.8 - - [29/Jul/2026:06:12:05 -0600] "GET /guide/knowledge/delivery.html HTTP/1.1" 200 24032 "-" "Mozilla/5.0 (Linux; Android 6.0.1; Nexus 5X Build/MMB29P) AppleWebKit/537.36 (KHTML, like Gecko) Chrome/150.0.7871.128 Mobile Safari/537.36 (compatible; GoogleOther)"
190.167.100.75 - - [29/Jul/2026:06:12:07 -0600] "POST /xmlrpc.php HTTP/1.1" 200 844 "-" "Jetpack by WordPress.com"
154.159.237.237 - - [29/Jul/2026:06:12:12 -0600] "POST /xmlrpc.php HTTP/1.1" 200 844 "-" "Jetpack by WordPress.com"
190.167.100.75 - - [29/Jul/2026:06:12:17 -0600] "POST /xmlrpc.php HTTP/1.1" 200 844 "-" "WordPress.com; https://wordpress.com"
154.159.237.237 - - [29/Jul/2026:06:12:23 -0600] "POST /xmlrpc.php HTTP/1.1" 200 844 "-" "WordPress.com; https://wordpress.com"
190.167.100.75 - - [29/Jul/2026:06:12:28 -0600] "POST /xmlrpc.php HTTP/1.1" 200 844 "-" "WordPress.com; https://wordpress.com"
47.82.11.158 - - [29/Jul/2026:06:12:32 -0600] "GET /category/logros-deportivos/ HTTP/1.1" 200 19367 "https://www.nuestrasnoticias.info/" "Mozilla/5.0 (Windows NT 10.0; Win64; x64) AppleWebKit/537.36 (KHTML, like Gecko) Chrome/135.0.0.0 Safari/537.36"
154.159.237.237 - - [29/Jul/2026:06:12:33 -0600] "POST /xmlrpc.php HTTP/1.1" 200 844 "-" "Jetpack/12.5; WordPress/6.1; http://site78312053.com"
190.167.100.75 - - [29/Jul/2026:06:12:39 -0600] "POST /xmlrpc.php HTTP/1.1" 200 844 "-" "WordPress.com; https://wordpress.com"
154.159.237.237 - - [29/Jul/2026:06:12:44 -0600] "POST /xmlrpc.php HTTP/1.1" 200 844 "-" "Jetpack by WordPress.com"
190.167.100.75 - - [29/Jul/2026:06:12:49 -0600] "POST /xmlrpc.php HTTP/1.1" 200 844 "-" "Jetpack by WordPress.com (Jetpack 13.0; WordPress 6.1)"
154.159.237.237 - - [29/Jul/2026:06:12:57 -0600] "POST /xmlrpc.php HTTP/1.1" 200 844 "-" "Jetpack by WordPress.com"
190.167.100.75 - - [29/Jul/2026:06:13:00 -0600] "POST /xmlrpc.php HTTP/1.1" 200 844 "-" "Jetpack by WordPress.com (Jetpack 12.0; WordPress 6.4)"
57.141.0.28 - - [29/Jul/2026:06:13:05 -0600] "GET /tag/hidratacion/ HTTP/1.1" 200 18786 "-" "Mozilla/5.0 (Windows NT 10.0; Win64; x64) AppleWebKit/537.36 (KHTML, like Gecko) Chrome/145.0.0.0 Safari/537.36 (compatible; meta-externalagent/1.1 (+https://developers.facebook.com/docs/sharing/webmasters/crawler))"
154.159.237.237 - - [29/Jul/2026:06:13:05 -0600] "POST /xmlrpc.php HTTP/1.1" 200 844 "-" "Jetpack by WordPress.com"
57.141.0.52 - - [29/Jul/2026:06:13:06 -0600] "GET /category/conmemoracion/ HTTP/1.1" 200 19426 "-" "Mozilla/5.0 (X11; Linux x86_64) AppleWebKit/537.36 (KHTML, like Gecko) Chrome/145.0.0.0 Safari/537.36 (compatible; meta-externalagent/1.1 (+https://developers.facebook.com/docs/sharing/webmasters/crawler))"
94.229.64.171 - - [29/Jul/2026:06:13:08 -0600] "GET /wp-login.php?wpe-login=true HTTP/1.1" 200 3292 "-" "Go-http-client/1.1"
94.229.64.171 - - [29/Jul/2026:06:13:09 -0600] "POST /wp-login.php?wpe-login=true HTTP/1.1" 200 10482 "https://www.nuestrasnoticias.info/wp-login.php" "Mozilla/5.0 (Windows NT 10.0; Win64; x64) AppleWebKit/537.36 (KHTML, like Gecko) Chrome/103.0.0.0 Safari/537.36"
190.167.100.75 - - [29/Jul/2026:06:13:11 -0600] "POST /xmlrpc.php HTTP/1.1" 200 844 "-" "WordPress.com; https://wordpress.com"
57.141.0.32 - - [29/Jul/2026:06:13:14 -0600] "GET /12-de-mayo-diadelayelcomunicologo/ HTTP/1.1" 200 22604 "-" "Mozilla/5.0 (Windows NT 10.0; Win64; x64) AppleWebKit/537.36 (KHTML, like Gecko) Chrome/145.0.0.0 Safari/537.36 (compatible; meta-externalagent/1.1 (+https://developers.facebook.com/docs/sharing/webmasters/crawler))"
154.159.237.237 - - [29/Jul/2026:06:13:16 -0600] "POST /xmlrpc.php HTTP/1.1" 200 844 "-" "Jetpack by WordPress.com"
173.252.82.53 - - [29/Jul/2026:06:13:17 -0600] "GET /wp-content/uploads/2026/06/INAGURO-TERESA2-750x375.jpg HTTP/1.1" 200 57983 "-" "meta-externalagent/1.1 (+https://developers.facebook.com/docs/sharing/webmasters/crawler)"
190.167.100.75 - - [29/Jul/2026:06:13:21 -0600] "POST /xmlrpc.php HTTP/1.1" 200 844 "-" "WordPress.com; https://wordpress.com"
154.159.237.237 - - [29/Jul/2026:06:13:26 -0600] "POST /xmlrpc.php HTTP/1.1" 200 844 "-" "Jetpack by WordPress.com (Jetpack 12.1; WordPress 6.1)"
51.161.37.134 - - [29/Jul/2026:06:13:30 -0600] "GET /inicia-en-colima-la-semana-nacional-de-educacion-financiera-2025/ HTTP/1.1" 200 23040 "-" "Mozilla/5.0 (compatible; AhrefsBot/7.0; +http://ahrefs.com/robot/)"
190.167.100.75 - - [29/Jul/2026:06:13:32 -0600] "POST /xmlrpc.php HTTP/1.1" 200 844 "-" "Jetpack by WordPress.com"
154.159.237.237 - - [29/Jul/2026:06:13:37 -0600] "POST /xmlrpc.php HTTP/1.1" 200 844 "-" "Jetpack/12.0; WordPress/6.4; http://site94247462.com"
114.119.151.70 - - [29/Jul/2026:06:13:39 -0600] "GET /wp-content/uploads/2024/11/069ca2f9-9923-4cc5-a0c8-1982303c4ecc.jpg.webp HTTP/1.1" 200 22358 "https://www.nuestrasnoticias.info/gobierno-de-colima-informa-que-se-han-reactivado-motores-de-bombeo-en-zacualpan-para-restablecer-abasto-de-agua/" "Mozilla/5.0 (Linux; Android 7.0;) AppleWebKit/537.36 (HTML, like Gecko) Mobile Safari/537.36 (compatible; PetalBot;+https://webmaster.petalsearch.com/site/petalbot)"
216.73.216.169 - - [29/Jul/2026:06:13:41 -0600] "GET /robots.txt HTTP/1.1" 200 453 "-" "Mozilla/5.0 AppleWebKit/537.36 (KHTML, like Gecko; compatible; ClaudeBot/1.0; +claudebot@anthropic.com)"
216.73.216.169 - - [29/Jul/2026:06:13:41 -0600] "GET /etc/secondhand.html HTTP/1.1" 404 21811 "-" "Mozilla/5.0 AppleWebKit/537.36 (KHTML, like Gecko; compatible; ClaudeBot/1.0; +claudebot@anthropic.com)"
190.167.100.75 - - [29/Jul/2026:06:13:43 -0600] "POST /xmlrpc.php HTTP/1.1" 200 844 "-" "Jetpack by WordPress.com"
141.98.11.224 - - [29/Jul/2026:06:13:46 -0600] "GET / HTTP/1.0" 200 67494 "https://www.nuestrasnoticias.info/" "Mozilla/5.0 (Windows NT 10.0; Win64; x64) AppleWebKit/537.36 (KHTML, like Gecko) Chrome/131.0.0.0 Safari/537.36"
216.73.216.169 - - [29/Jul/2026:06:13:46 -0600] "GET /guide/knowledge/order.html HTTP/1.1" 404 21821 "-" "Mozilla/5.0 AppleWebKit/537.36 (KHTML, like Gecko; compatible; ClaudeBot/1.0; +claudebot@anthropic.com)"
154.159.237.237 - - [29/Jul/2026:06:13:48 -0600] "POST /xmlrpc.php HTTP/1.1" 200 844 "-" "Jetpack by WordPress.com"
216.73.216.169 - - [29/Jul/2026:06:13:51 -0600] "GET /guide/knowledge/payment.html HTTP/1.1" 404 21826 "-" "Mozilla/5.0 AppleWebKit/537.36 (KHTML, like Gecko; compatible; ClaudeBot/1.0; +claudebot@anthropic.com)"
190.167.100.75 - - [29/Jul/2026:06:13:54 -0600] "POST /xmlrpc.php HTTP/1.1" 200 844 "-" "Jetpack by WordPress.com"
173.252.82.53 - - [29/Jul/2026:06:13:55 -0600] "GET /wp-content/uploads/2026/06/719770904_1437955351707488_6230973335252647129_n.jpg HTTP/1.1" 200 355414 "-" "meta-externalagent/1.1 (+https://developers.facebook.com/docs/sharing/webmasters/crawler)"
216.73.216.169 - - [29/Jul/2026:06:13:56 -0600] "GET //buy.php HTTP/1.1" 301 311 "-" "Mozilla/5.0 AppleWebKit/537.36 (KHTML, like Gecko; compatible; ClaudeBot/1.0; +claudebot@anthropic.com)"
173.252.82.69 - - [29/Jul/2026:06:13:57 -0600] "GET /wp-content/uploads/2026/06/WhatsApp-Image-2026-06-05-at-6.56.59-AM-1-750x513.jpeg HTTP/1.1" 200 77005 "-" "meta-externalagent/1.1 (+https://developers.facebook.com/docs/sharing/webmasters/crawler)"
216.73.216.169 - - [29/Jul/2026:06:13:57 -0600] "GET /buy.php HTTP/1.1" 404 21801 "https://www.nuestrasnoticias.info//buy.php" "Mozilla/5.0 AppleWebKit/537.36 (KHTML, like Gecko; compatible; ClaudeBot/1.0; +claudebot@anthropic.com)"
154.159.237.237 - - [29/Jul/2026:06:13:58 -0600] "POST /xmlrpc.php HTTP/1.1" 200 844 "-" "Jetpack/12.0; WordPress/6.4; http://site32704134.com"
216.73.216.169 - - [29/Jul/2026:06:14:01 -0600] "GET //goods.php HTTP/1.1" 301 311 "-" "Mozilla/5.0 AppleWebKit/537.36 (KHTML, like Gecko; compatible; ClaudeBot/1.0; +claudebot@anthropic.com)"
216.73.216.169 - - [29/Jul/2026:06:14:01 -0600] "GET /goods.php HTTP/1.1" 404 21802 "https://www.nuestrasnoticias.info//goods.php" "Mozilla/5.0 AppleWebKit/537.36 (KHTML, like Gecko; compatible; ClaudeBot/1.0; +claudebot@anthropic.com)"
190.167.100.75 - - [29/Jul/2026:06:14:04 -0600] "POST /xmlrpc.php HTTP/1.1" 200 844 "-" "Jetpack by WordPress.com (Jetpack 12.5; WordPress 6.3)"
216.73.216.169 - - [29/Jul/2026:06:14:06 -0600] "GET /usf/ HTTP/1.1" 404 21798 "-" "Mozilla/5.0 AppleWebKit/537.36 (KHTML, like Gecko; compatible; ClaudeBot/1.0; +claudebot@anthropic.com)"
154.159.237.237 - - [29/Jul/2026:06:14:09 -0600] "POST /xmlrpc.php HTTP/1.1" 200 844 "-" "Jetpack/12.1; WordPress/6.4; http://site97828212.com"
216.73.216.169 - - [29/Jul/2026:06:14:13 -0600] "GET /guide/policy/browser/accessibility.html HTTP/1.1" 404 21831 "-" "Mozilla/5.0 AppleWebKit/537.36 (KHTML, like Gecko; compatible; ClaudeBot/1.0; +claudebot@anthropic.com)"
190.167.100.75 - - [29/Jul/2026:06:14:15 -0600] "POST /xmlrpc.php HTTP/1.1" 200 844 "-" "WordPress.com; https://wordpress.com"
216.73.216.169 - - [29/Jul/2026:06:14:18 -0600] "GET /f/help/index.html HTTP/1.1" 404 21813 "-" "Mozilla/5.0 AppleWebKit/537.36 (KHTML, like Gecko; compatible; ClaudeBot/1.0; +claudebot@anthropic.com)"
216.73.216.169 - - [29/Jul/2026:06:14:19 -0600] "GET /289063666 HTTP/1.1" 404 21807 "-" "Mozilla/5.0 AppleWebKit/537.36 (KHTML, like Gecko; compatible; ClaudeBot/1.0; +claudebot@anthropic.com)"
154.159.237.237 - - [29/Jul/2026:06:14:19 -0600] "POST /xmlrpc.php HTTP/1.1" 200 844 "-" "Jetpack/12.0; WordPress/6.2; http://site73475792.com"
216.73.216.169 - - [29/Jul/2026:06:14:24 -0600] "GET /mbr/catalog/createAccountView/ HTTP/1.1" 404 21819 "-" "Mozilla/5.0 AppleWebKit/537.36 (KHTML, like Gecko; compatible; ClaudeBot/1.0; +claudebot@anthropic.com)"
190.167.100.75 - - [29/Jul/2026:06:14:26 -0600] "POST /xmlrpc.php HTTP/1.1" 200 844 "-" "Jetpack by WordPress.com (Jetpack 12.5; WordPress 6.2)"
216.73.216.169 - - [29/Jul/2026:06:14:29 -0600] "GET /odr/order/quickOrderView/ HTTP/1.1" 404 21819 "-" "Mozilla/5.0 AppleWebKit/537.36 (KHTML, like Gecko; compatible; ClaudeBot/1.0; +claudebot@anthropic.com)"
154.159.237.237 - - [29/Jul/2026:06:14:30 -0600] "POST /xmlrpc.php HTTP/1.1" 200 844 "-" "Jetpack by WordPress.com (Jetpack 12.1; WordPress 6.2)"
216.73.216.169 - - [29/Jul/2026:06:14:34 -0600] "GET /green/ HTTP/1.1" 404 21802 "-" "Mozilla/5.0 AppleWebKit/537.36 (KHTML, like Gecko; compatible; ClaudeBot/1.0; +claudebot@anthropic.com)"
190.167.100.75 - - [29/Jul/2026:06:14:36 -0600] "POST /xmlrpc.php HTTP/1.1" 200 844 "-" "Jetpack by WordPress.com (Jetpack 12.1; WordPress 6.3)"
216.73.216.169 - - [29/Jul/2026:06:14:39 -0600] "GET /iqr/refitInputView/ HTTP/1.1" 404 21812 "-" "Mozilla/5.0 AppleWebKit/537.36 (KHTML, like Gecko; compatible; ClaudeBot/1.0; +claudebot@anthropic.com)"
154.159.237.237 - - [29/Jul/2026:06:14:41 -0600] "POST /xmlrpc.php HTTP/1.1" 200 844 "-" "Jetpack/13.0; WordPress/6.3; http://site56562277.com"
216.73.216.169 - - [29/Jul/2026:06:14:44 -0600] "GET /cancel HTTP/1.1" 404 21801 "-" "Mozilla/5.0 AppleWebKit/537.36 (KHTML, like Gecko; compatible; ClaudeBot/1.0; +claudebot@anthropic.com)"
190.167.100.75 - - [29/Jul/2026:06:14:47 -0600] "POST /xmlrpc.php HTTP/1.1" 200 844 "-" "Jetpack/12.1; WordPress/6.2; http://site63006489.com"
216.73.216.169 - - [29/Jul/2026:06:14:49 -0600] "GET /etc/disclaimer.html HTTP/1.1" 404 21810 "-" "Mozilla/5.0 AppleWebKit/537.36 (KHTML, like Gecko; compatible; ClaudeBot/1.0; +claudebot@anthropic.com)"
154.159.237.237 - - [29/Jul/2026:06:14:51 -0600] "POST /xmlrpc.php HTTP/1.1" 200 844 "-" "WordPress.com; https://wordpress.com"
216.73.216.169 - - [29/Jul/2026:06:14:54 -0600] "GET /554220150 HTTP/1.1" 404 21808 "-" "Mozilla/5.0 AppleWebKit/537.36 (KHTML, like Gecko; compatible; ClaudeBot/1.0; +claudebot@anthropic.com)"
216.73.216.169 - - [29/Jul/2026:06:14:56 -0600] "GET /463376555 HTTP/1.1" 404 21805 "-" "Mozilla/5.0 AppleWebKit/537.36 (KHTML, like Gecko; compatible; ClaudeBot/1.0; +claudebot@anthropic.com)"
190.167.100.75 - - [29/Jul/2026:06:14:58 -0600] "POST /xmlrpc.php HTTP/1.1" 200 844 "-" "Jetpack by WordPress.com"
154.159.237.237 - - [29/Jul/2026:06:15:02 -0600] "POST /xmlrpc.php HTTP/1.1" 200 844 "-" "WordPress.com; https://wordpress.com"
114.119.135.201 - - [29/Jul/2026:06:15:03 -0600] "GET /wp-content/uploads/2024/10/462250681_850048070608640_6672929609292170169_n.jpg.webp HTTP/1.1" 200 73992 "https://www.nuestrasnoticias.info/en-prision-sujeto-que-intento-ultimar-a-dos-personas-en-manzanillo-fge/" "Mozilla/5.0 (Linux; Android 7.0;) AppleWebKit/537.36 (HTML, like Gecko) Mobile Safari/537.36 (compatible; PetalBot;+https://webmaster.petalsearch.com/site/petalbot)"
190.167.100.75 - - [29/Jul/2026:06:15:08 -0600] "POST /xmlrpc.php HTTP/1.1" 200 844 "-" "Jetpack by WordPress.com (Jetpack 12.1; WordPress 6.1)"
154.159.237.237 - - [29/Jul/2026:06:15:13 -0600] "POST /xmlrpc.php HTTP/1.1" 200 844 "-" "Jetpack by WordPress.com (Jetpack 12.5; WordPress 6.4)"
190.167.100.75 - - [29/Jul/2026:06:15:19 -0600] "POST /xmlrpc.php HTTP/1.1" 200 844 "-" "Jetpack by WordPress.com (Jetpack 13.0; WordPress 6.2)"
154.159.237.237 - - [29/Jul/2026:06:15:23 -0600] "POST /xmlrpc.php HTTP/1.1" 200 844 "-" "WordPress.com; https://wordpress.com"
57.141.0.10 - - [29/Jul/2026:06:15:29 -0600] "GET /riult-rivera-ofrece-100-becas-en-inteligencia-artificial-para-estudiantes/ HTTP/1.1" 200 25721 "-" "Mozilla/5.0 (Windows NT 10.0; Win64; x64) AppleWebKit/537.36 (KHTML, like Gecko) Chrome/145.0.0.0 Safari/537.36 (compatible; meta-externalagent/1.1 (+https://developers.facebook.com/docs/sharing/webmasters/crawler))"
190.167.100.75 - - [29/Jul/2026:06:15:30 -0600] "POST /xmlrpc.php HTTP/1.1" 200 844 "-" "Jetpack/12.5; WordPress/6.3; http://site11403765.com"
154.159.237.237 - - [29/Jul/2026:06:15:34 -0600] "POST /xmlrpc.php HTTP/1.1" 200 844 "-" "Jetpack by WordPress.com"
190.167.100.75 - - [29/Jul/2026:06:15:41 -0600] "POST /xmlrpc.php HTTP/1.1" 200 844 "-" "Jetpack by WordPress.com (Jetpack 13.0; WordPress 6.3)"
154.159.237.237 - - [29/Jul/2026:06:15:44 -0600] "POST /xmlrpc.php HTTP/1.1" 200 844 "-" "Jetpack/13.0; WordPress/6.1; http://site31230789.com"
104.207.62.148 - - [29/Jul/2026:06:15:47 -0600] "GET /wp-login.php HTTP/1.1" 401 53 "http://cpcalendars.nuestrasnoticias.info/wp-login.php" "Mozilla/5.0 (Windows NT 10.0; Win64; x64) AppleWebKit/537.36 (KHTML, like Gecko) Chrome/120.0 Safari/537.36"
190.167.100.75 - - [29/Jul/2026:06:15:51 -0600] "POST /xmlrpc.php HTTP/1.1" 200 844 "-" "Jetpack by WordPress.com"
57.141.0.40 - - [29/Jul/2026:06:15:53 -0600] "GET /sesionordinaria-37/ HTTP/1.1" 200 22794 "-" "Mozilla/5.0 (Windows NT 10.0; Win64; x64) AppleWebKit/537.36 (KHTML, like Gecko) Chrome/145.0.0.0 Safari/537.36 (compatible; meta-externalagent/1.1 (+https://developers.facebook.com/docs/sharing/webmasters/crawler))"
216.73.216.169 - - [29/Jul/2026:06:15:54 -0600] "GET /72619569 HTTP/1.1" 404 21805 "-" "Mozilla/5.0 AppleWebKit/537.36 (KHTML, like Gecko; compatible; ClaudeBot/1.0; +claudebot@anthropic.com)"
154.159.237.237 - - [29/Jul/2026:06:15:55 -0600] "POST /xmlrpc.php HTTP/1.1" 200 844 "-" "WordPress.com; https://wordpress.com"
216.73.216.169 - - [29/Jul/2026:06:16:01 -0600] "GET /f/services/sds/ HTTP/1.1" 404 21810 "-" "Mozilla/5.0 AppleWebKit/537.36 (KHTML, like Gecko; compatible; ClaudeBot/1.0; +claudebot@anthropic.com)"
190.167.100.75 - - [29/Jul/2026:06:16:02 -0600] "POST /xmlrpc.php HTTP/1.1" 200 844 "-" "Jetpack by WordPress.com (Jetpack 13.0; WordPress 6.1)"
154.159.237.237 - - [29/Jul/2026:06:16:06 -0600] "POST /xmlrpc.php HTTP/1.1" 200 844 "-" "Jetpack/13.0; WordPress/6.1; http://site89960130.com"
216.73.216.169 - - [29/Jul/2026:06:16:07 -0600] "GET /315539087 HTTP/1.1" 404 21811 "-" "Mozilla/5.0 AppleWebKit/537.36 (KHTML, like Gecko; compatible; ClaudeBot/1.0; +claudebot@anthropic.com)"
216.73.216.169 - - [29/Jul/2026:06:16:11 -0600] "GET /41419497 HTTP/1.1" 404 21805 "-" "Mozilla/5.0 AppleWebKit/537.36 (KHTML, like Gecko; compatible; ClaudeBot/1.0; +claudebot@anthropic.com)"
190.167.100.75 - - [29/Jul/2026:06:16:13 -0600] "POST /xmlrpc.php HTTP/1.1" 200 844 "-" "Jetpack by WordPress.com"
66.249.70.8 - - [29/Jul/2026:06:16:13 -0600] "GET /la-comunidad-de-la-rosa-manzanillo-abre-sus-puertas-para-compartir-su-riqueza-cultural-sus-tradiciones-y-la-esencia-del-agave HTTP/1.1" 200 23326 "-" "Mozilla/5.0 (Linux; Android 6.0.1; Nexus 5X Build/MMB29P) AppleWebKit/537.36 (KHTML, like Gecko) Chrome/150.0.7871.128 Mobile Safari/537.36 (compatible; Googlebot/2.1; +http://www.google.com/bot.html)"
216.73.216.169 - - [29/Jul/2026:06:16:16 -0600] "GET /559402432 HTTP/1.1" 404 21804 "-" "Mozilla/5.0 AppleWebKit/537.36 (KHTML, like Gecko; compatible; ClaudeBot/1.0; +claudebot@anthropic.com)"
154.159.237.237 - - [29/Jul/2026:06:16:16 -0600] "POST /xmlrpc.php HTTP/1.1" 200 844 "-" "WordPress.com; https://wordpress.com"
216.73.216.169 - - [29/Jul/2026:06:16:21 -0600] "GET /301822174 HTTP/1.1" 404 21807 "-" "Mozilla/5.0 AppleWebKit/537.36 (KHTML, like Gecko; compatible; ClaudeBot/1.0; +claudebot@anthropic.com)"
190.167.100.75 - - [29/Jul/2026:06:16:23 -0600] "POST /xmlrpc.php HTTP/1.1" 200 844 "-" "Jetpack/12.0; WordPress/6.2; http://site48574330.com"
216.73.216.169 - - [29/Jul/2026:06:16:26 -0600] "GET /568989831 HTTP/1.1" 404 21806 "-" "Mozilla/5.0 AppleWebKit/537.36 (KHTML, like Gecko; compatible; ClaudeBot/1.0; +claudebot@anthropic.com)"
154.159.237.237 - - [29/Jul/2026:06:16:27 -0600] "POST /xmlrpc.php HTTP/1.1" 200 844 "-" "Jetpack by WordPress.com (Jetpack 13.0; WordPress 6.1)"
114.119.135.224 - - [29/Jul/2026:06:16:29 -0600] "GET /wp-content/uploads/2024/10/06751b40-ea10-4177-9b40-5312a7b81cca-1.jpg.webp HTTP/1.1" 200 276822 "https://www.nuestrasnoticias.info/colima-destaca-como-destino-turistico-en-la-vancouver-international-travel-expo/" "Mozilla/5.0 (Linux; Android 7.0;) AppleWebKit/537.36 (HTML, like Gecko) Mobile Safari/537.36 (compatible; PetalBot;+https://webmaster.petalsearch.com/site/petalbot)"
185.191.171.3 - - [29/Jul/2026:06:16:31 -0600] "GET /robots.txt HTTP/1.1" 200 453 "-" "Mozilla/5.0 (compatible; SemrushBot/7~bl; +http://www.semrush.com/bot.html)"
185.191.171.5 - - [29/Jul/2026:06:16:32 -0600] "GET /conferencia-cadenas-invisibles-la-neurociencia-en-la-permanencia-con-el-agresor-fge-2/ HTTP/1.1" 200 24417 "-" "Mozilla/5.0 (compatible; SemrushBot/7~bl; +http://www.semrush.com/bot.html)"
190.167.100.75 - - [29/Jul/2026:06:16:34 -0600] "POST /xmlrpc.php HTTP/1.1" 200 844 "-" "WordPress.com; https://wordpress.com"
154.159.237.237 - - [29/Jul/2026:06:16:37 -0600] "POST /xmlrpc.php HTTP/1.1" 200 844 "-" "Jetpack/12.5; WordPress/6.3; http://site29467810.com"
216.73.216.169 - - [29/Jul/2026:06:16:44 -0600] "GET /kaisya/index.html HTTP/1.1" 404 21810 "-" "Mozilla/5.0 AppleWebKit/537.36 (KHTML, like Gecko; compatible; ClaudeBot/1.0; +claudebot@anthropic.com)"
190.167.100.75 - - [29/Jul/2026:06:16:45 -0600] "POST /xmlrpc.php HTTP/1.1" 200 844 "-" "Jetpack/12.1; WordPress/6.3; http://site89843821.com"
154.159.237.237 - - [29/Jul/2026:06:16:48 -0600] "POST /xmlrpc.php HTTP/1.1" 200 844 "-" "Jetpack by WordPress.com"
216.73.216.169 - - [29/Jul/2026:06:16:49 -0600] "GET /486250619 HTTP/1.1" 404 21806 "-" "Mozilla/5.0 AppleWebKit/537.36 (KHTML, like Gecko; compatible; ClaudeBot/1.0; +claudebot@anthropic.com)"
216.73.216.169 - - [29/Jul/2026:06:16:50 -0600] "GET /f/detergent/detergent00/ HTTP/1.1" 404 21811 "-" "Mozilla/5.0 AppleWebKit/537.36 (KHTML, like Gecko; compatible; ClaudeBot/1.0; +claudebot@anthropic.com)"
23.230.76.185 - - [29/Jul/2026:06:16:51 -0600] "GET /wp-content/uploads/2025/01/c7a96230-eb2d-425f-a930-6c23317c5c3a.jpg-120x86.webp HTTP/1.1" 200 3376 "-" "Mozilla/5.0 (compatible; crawler)"
216.73.216.169 - - [29/Jul/2026:06:16:55 -0600] "GET /409897950 HTTP/1.1" 404 21805 "-" "Mozilla/5.0 AppleWebKit/537.36 (KHTML, like Gecko; compatible; ClaudeBot/1.0; +claudebot@anthropic.com)"
190.167.100.75 - - [29/Jul/2026:06:16:55 -0600] "POST /xmlrpc.php HTTP/1.1" 200 844 "-" "WordPress.com; https://wordpress.com"
154.159.237.237 - - [29/Jul/2026:06:16:59 -0600] "POST /xmlrpc.php HTTP/1.1" 200 844 "-" "Jetpack by WordPress.com (Jetpack 12.5; WordPress 6.1)"
216.73.216.169 - - [29/Jul/2026:06:17:00 -0600] "GET /ctg/search/searchByKeywordDetailConditionView/ HTTP/1.1" 404 21829 "-" "Mozilla/5.0 AppleWebKit/537.36 (KHTML, like Gecko; compatible; ClaudeBot/1.0; +claudebot@anthropic.com)"
216.73.216.169 - - [29/Jul/2026:06:17:05 -0600] "GET /f/before/toner/ HTTP/1.1" 404 21817 "-" "Mozilla/5.0 AppleWebKit/537.36 (KHTML, like Gecko; compatible; ClaudeBot/1.0; +claudebot@anthropic.com)"
216.73.216.169 - - [29/Jul/2026:06:17:06 -0600] "GET /542179116 HTTP/1.1" 404 21804 "-" "Mozilla/5.0 AppleWebKit/537.36 (KHTML, like Gecko; compatible; ClaudeBot/1.0; +claudebot@anthropic.com)"
190.167.100.75 - - [29/Jul/2026:06:17:06 -0600] "POST /xmlrpc.php HTTP/1.1" 200 844 "-" "Jetpack by WordPress.com"
154.159.237.237 - - [29/Jul/2026:06:17:09 -0600] "POST /xmlrpc.php HTTP/1.1" 200 844 "-" "WordPress.com; https://wordpress.com"
216.73.216.169 - - [29/Jul/2026:06:17:11 -0600] "GET /165785991 HTTP/1.1" 404 21810 "-" "Mozilla/5.0 AppleWebKit/537.36 (KHTML, like Gecko; compatible; ClaudeBot/1.0; +claudebot@anthropic.com)"
216.73.216.169 - - [29/Jul/2026:06:17:16 -0600] "GET /f/special/refill/ HTTP/1.1" 404 21814 "-" "Mozilla/5.0 AppleWebKit/537.36 (KHTML, like Gecko; compatible; ClaudeBot/1.0; +claudebot@anthropic.com)"
190.167.100.75 - - [29/Jul/2026:06:17:17 -0600] "POST /xmlrpc.php HTTP/1.1" 200 844 "-" "Jetpack by WordPress.com (Jetpack 12.5; WordPress 6.4)"
154.159.237.237 - - [29/Jul/2026:06:17:20 -0600] "POST /xmlrpc.php HTTP/1.1" 200 844 "-" "Jetpack/12.0; WordPress/6.3; http://site42046175.com"
216.73.216.169 - - [29/Jul/2026:06:17:21 -0600] "GET /category/4/1 HTTP/1.1" 404 21798 "-" "Mozilla/5.0 AppleWebKit/537.36 (KHTML, like Gecko; compatible; ClaudeBot/1.0; +claudebot@anthropic.com)"
216.73.216.169 - - [29/Jul/2026:06:17:27 -0600] "GET /guide/hajimete/ HTTP/1.1" 404 21808 "-" "Mozilla/5.0 AppleWebKit/537.36 (KHTML, like Gecko; compatible; ClaudeBot/1.0; +claudebot@anthropic.com)"
190.167.100.75 - - [29/Jul/2026:06:17:28 -0600] "POST /xmlrpc.php HTTP/1.1" 200 844 "-" "WordPress.com; https://wordpress.com"
154.159.237.237 - - [29/Jul/2026:06:17:30 -0600] "POST /xmlrpc.php HTTP/1.1" 200 844 "-" "Jetpack by WordPress.com (Jetpack 12.5; WordPress 6.1)"
216.73.216.169 - - [29/Jul/2026:06:17:32 -0600] "GET /shigotoba HTTP/1.1" 404 21808 "-" "Mozilla/5.0 AppleWebKit/537.36 (KHTML, like Gecko; compatible; ClaudeBot/1.0; +claudebot@anthropic.com)"
52.167.144.219 - - [29/Jul/2026:06:17:33 -0600] "GET /wp-content/uploads/2026/05/AMOR-ETERNO-SINFONIA1-1536x1021.jpg HTTP/1.1" 200 239159 "-" "Mozilla/5.0 AppleWebKit/537.36 (KHTML, like Gecko; compatible; bingbot/2.0; +http://www.bing.com/bingbot.htm) Chrome/116.0.1938.76 Safari/537.36"
91.137.27.140 - - [29/Jul/2026:06:17:36 -0600] "GET /robots.txt HTTP/1.1" 200 453 "-" "Mozilla/5.0 (compatible; MJ12bot/v1.4.8; http://mj12bot.com/)"
154.217.195.6 - - [29/Jul/2026:06:17:37 -0600] "GET /wp-content/uploads/2024/08/6f29aeaf-c7c5-439d-bd63-77a349525f7e.jpg-120x86.webp HTTP/1.1" 200 3998 "-" "Mozilla/5.0 (compatible; crawler)"
216.73.216.169 - - [29/Jul/2026:06:17:37 -0600] "GET /154611363 HTTP/1.1" 404 21805 "-" "Mozilla/5.0 AppleWebKit/537.36 (KHTML, like Gecko; compatible; ClaudeBot/1.0; +claudebot@anthropic.com)"
91.137.27.140 - - [29/Jul/2026:06:17:37 -0600] "GET /colima-registrara-hoy-temperaturas-maximas-de-hasta-40%E2%81%B0c-smn-2/feed/ HTTP/1.1" 200 787 "-" "Mozilla/5.0 (compatible; MJ12bot/v1.4.8; http://mj12bot.com/)"
190.167.100.75 - - [29/Jul/2026:06:17:38 -0600] "POST /xmlrpc.php HTTP/1.1" 200 844 "-" "Jetpack by WordPress.com"
91.137.27.140 - - [29/Jul/2026:06:17:40 -0600] "GET /colima-registrara-hoy-temperaturas-maximas-de-hasta-40%E2%81%B0c-smn-2/ HTTP/1.1" 200 22504 "-" "Mozilla/5.0 (compatible; MJ12bot/v1.4.8; http://mj12bot.com/)"
154.159.237.237 - - [29/Jul/2026:06:17:41 -0600] "POST /xmlrpc.php HTTP/1.1" 200 844 "-" "Jetpack by WordPress.com"
154.193.10.197 - - [29/Jul/2026:06:17:47 -0600] "GET /wp-content/uploads/2026/07/DETIENEN-2-HERMANOS-350x250.jpg HTTP/1.1" 200 25770 "-" "Mozilla/5.0 (compatible; crawler)"
190.167.100.75 - - [29/Jul/2026:06:17:49 -0600] "POST /xmlrpc.php HTTP/1.1" 200 844 "-" "Jetpack by WordPress.com"
114.119.151.70 - - [29/Jul/2026:06:17:50 -0600] "GET /wp-content/uploads/2024/09/895073cc-b9b4-480d-9f37-b1f4025b89a0.jpg-350x250.webp HTTP/1.1" 200 19528 "https://www.nuestrasnoticias.info/category/news/colima/page/258/" "Mozilla/5.0 (Linux; Android 7.0;) AppleWebKit/537.36 (HTML, like Gecko) Mobile Safari/537.36 (compatible; PetalBot;+https://webmaster.petalsearch.com/site/petalbot)"
154.159.237.237 - - [29/Jul/2026:06:17:52 -0600] "POST /xmlrpc.php HTTP/1.1" 200 844 "-" "WordPress.com; https://wordpress.com"
66.249.70.1 - - [29/Jul/2026:06:17:53 -0600] "GET /dif-estatal-colima-firma-convenio-y-expone-casos-de-exito-en-encuentro-nacional-de-alimentacion-y-desarrollo-comunitario/feed/ HTTP/1.1" 200 23537 "-" "Mozilla/5.0 (Linux; Android 6.0.1; Nexus 5X Build/MMB29P) AppleWebKit/537.36 (KHTML, like Gecko) Chrome/150.0.7871.128 Mobile Safari/537.36 (compatible; Googlebot/2.1; +http://www.google.com/bot.html)"
190.167.100.75 - - [29/Jul/2026:06:18:00 -0600] "POST /xmlrpc.php HTTP/1.1" 200 844 "-" "Jetpack/12.1; WordPress/6.4; http://site63679511.com"
216.73.216.169 - - [29/Jul/2026:06:18:00 -0600] "GET /brand/3101/ HTTP/1.1" 404 21805 "-" "Mozilla/5.0 AppleWebKit/537.36 (KHTML, like Gecko; compatible; ClaudeBot/1.0; +claudebot@anthropic.com)"
216.73.216.169 - - [29/Jul/2026:06:18:01 -0600] "GET /f/laminate/laminate00/ HTTP/1.1" 404 21810 "-" "Mozilla/5.0 AppleWebKit/537.36 (KHTML, like Gecko; compatible; ClaudeBot/1.0; +claudebot@anthropic.com)"
216.73.216.169 - - [29/Jul/2026:06:18:01 -0600] "GET /f/daisya/daisya00/ HTTP/1.1" 404 21817 "-" "Mozilla/5.0 AppleWebKit/537.36 (KHTML, like Gecko; compatible; ClaudeBot/1.0; +claudebot@anthropic.com)"
154.159.237.237 - - [29/Jul/2026:06:18:02 -0600] "POST /xmlrpc.php HTTP/1.1" 200 844 "-" "Jetpack by WordPress.com (Jetpack 12.1; WordPress 6.4)"
216.73.216.169 - - [29/Jul/2026:06:18:02 -0600] "GET /f/special/mask/ HTTP/1.1" 404 21813 "-" "Mozilla/5.0 AppleWebKit/537.36 (KHTML, like Gecko; compatible; ClaudeBot/1.0; +claudebot@anthropic.com)"
216.73.216.169 - - [29/Jul/2026:06:18:03 -0600] "GET /f/partition/partition00/ HTTP/1.1" 404 21810 "-" "Mozilla/5.0 AppleWebKit/537.36 (KHTML, like Gecko; compatible; ClaudeBot/1.0; +claudebot@anthropic.com)"
216.73.216.169 - - [29/Jul/2026:06:18:03 -0600] "GET /odr/order/purchaseHistoryView/ HTTP/1.1" 404 21820 "-" "Mozilla/5.0 AppleWebKit/537.36 (KHTML, like Gecko; compatible; ClaudeBot/1.0; +claudebot@anthropic.com)"
216.73.216.169 - - [29/Jul/2026:06:18:09 -0600] "GET /f/special/stampink/ HTTP/1.1" 404 21813 "-" "Mozilla/5.0 AppleWebKit/537.36 (KHTML, like Gecko; compatible; ClaudeBot/1.0; +claudebot@anthropic.com)"
216.73.216.169 - - [29/Jul/2026:06:18:10 -0600] "GET /f/timecard/timecard00/ HTTP/1.1" 404 21813 "-" "Mozilla/5.0 AppleWebKit/537.36 (KHTML, like Gecko; compatible; ClaudeBot/1.0; +claudebot@anthropic.com)"
190.167.100.75 - - [29/Jul/2026:06:18:10 -0600] "POST /xmlrpc.php HTTP/1.1" 200 844 "-" "Jetpack/12.5; WordPress/6.1; http://site53506489.com"
216.73.216.169 - - [29/Jul/2026:06:18:11 -0600] "GET /ctg/search/makerModelSearchView/?maker=smc HTTP/1.1" 404 21821 "-" "Mozilla/5.0 AppleWebKit/537.36 (KHTML, like Gecko; compatible; ClaudeBot/1.0; +claudebot@anthropic.com)"
216.73.216.169 - - [29/Jul/2026:06:18:11 -0600] "GET /ja/themes/179 HTTP/1.1" 404 21808 "-" "Mozilla/5.0 AppleWebKit/537.36 (KHTML, like Gecko; compatible; ClaudeBot/1.0; +claudebot@anthropic.com)"
216.73.216.169 - - [29/Jul/2026:06:18:12 -0600] "GET /f/services/tonercartridge/ HTTP/1.1" 404 21815 "-" "Mozilla/5.0 AppleWebKit/537.36 (KHTML, like Gecko; compatible; ClaudeBot/1.0; +claudebot@anthropic.com)"
216.73.216.169 - - [29/Jul/2026:06:18:12 -0600] "GET /product/033016056 HTTP/1.1" 404 21816 "-" "Mozilla/5.0 AppleWebKit/537.36 (KHTML, like Gecko; compatible; ClaudeBot/1.0; +claudebot@anthropic.com)"
154.159.237.237 - - [29/Jul/2026:06:18:13 -0600] "POST /xmlrpc.php HTTP/1.1" 200 844 "-" "Jetpack/13.0; WordPress/6.4; http://site43190120.com"
207.97.130.82 - - [29/Jul/2026:06:18:17 -0600] "GET /wp-content/uploads/2026/06/LAS-LLUVIAS-YA-LLEGARON-120x86.jpg HTTP/1.1" 200 5015 "-" "Mozilla/5.0 (compatible; crawler)"
103.167.233.237 - - [29/Jul/2026:06:18:18 -0600] "GET /congreso-de-colima-prorroga-cambio-temporal-de-sede-durante-agosto-de-2026/ HTTP/1.1" 200 22955 "-" "Mozilla/5.0 (Macintosh; Intel Mac OS X 10_15_5) AppleWebKit/537.36 (KHTML, like Gecko) Chrome/88.0.4324.150 Safari/537.36"
103.171.44.115 - - [29/Jul/2026:06:18:18 -0600] "GET /feed/ HTTP/1.1" 200 66292 "-" "Mozilla/5.0 (compatible; MSIE 9.0; Windows NT 6.1; Trident/5.0)"
190.167.100.75 - - [29/Jul/2026:06:18:21 -0600] "POST /xmlrpc.php HTTP/1.1" 200 844 "-" "WordPress.com; https://wordpress.com"
154.159.237.237 - - [29/Jul/2026:06:18:24 -0600] "POST /xmlrpc.php HTTP/1.1" 200 844 "-" "Jetpack by WordPress.com (Jetpack 12.5; WordPress 6.4)"
190.167.100.75 - - [29/Jul/2026:06:18:32 -0600] "POST /xmlrpc.php HTTP/1.1" 200 844 "-" "Jetpack by WordPress.com"
154.159.237.237 - - [29/Jul/2026:06:18:34 -0600] "POST /xmlrpc.php HTTP/1.1" 200 844 "-" "WordPress.com; https://wordpress.com"
57.141.0.32 - - [29/Jul/2026:06:18:36 -0600] "GET /sesionsolemne-3/ HTTP/1.1" 200 22954 "-" "Mozilla/5.0 (Macintosh; Intel Mac OS X 10_15_7) AppleWebKit/537.36 (KHTML, like Gecko) Chrome/145.0.0.0 Safari/537.36 (compatible; meta-externalagent/1.1 (+https://developers.facebook.com/docs/sharing/webmasters/crawler))"
216.73.216.169 - - [29/Jul/2026:06:18:36 -0600] "GET /product/038020415 HTTP/1.1" 404 21810 "-" "Mozilla/5.0 AppleWebKit/537.36 (KHTML, like Gecko; compatible; ClaudeBot/1.0; +claudebot@anthropic.com)"
216.73.216.169 - - [29/Jul/2026:06:18:37 -0600] "GET /f/dustbox/dustbox00/ HTTP/1.1" 404 21813 "-" "Mozilla/5.0 AppleWebKit/537.36 (KHTML, like Gecko; compatible; ClaudeBot/1.0; +claudebot@anthropic.com)"
216.73.216.169 - - [29/Jul/2026:06:18:37 -0600] "GET /f/special/chair/ HTTP/1.1" 404 21811 "-" "Mozilla/5.0 AppleWebKit/537.36 (KHTML, like Gecko; compatible; ClaudeBot/1.0; +claudebot@anthropic.com)"
216.73.216.169 - - [29/Jul/2026:06:18:38 -0600] "GET /f/calculator/calculator00/ HTTP/1.1" 404 21815 "-" "Mozilla/5.0 AppleWebKit/537.36 (KHTML, like Gecko; compatible; ClaudeBot/1.0; +claudebot@anthropic.com)"
216.73.216.169 - - [29/Jul/2026:06:18:38 -0600] "GET /tpc/mycatalog/myCatalogListView/ HTTP/1.1" 404 21820 "-" "Mozilla/5.0 AppleWebKit/537.36 (KHTML, like Gecko; compatible; ClaudeBot/1.0; +claudebot@anthropic.com)"
216.73.216.169 - - [29/Jul/2026:06:18:39 -0600] "GET /product/038020787 HTTP/1.1" 404 21811 "-" "Mozilla/5.0 AppleWebKit/537.36 (KHTML, like Gecko; compatible; ClaudeBot/1.0; +claudebot@anthropic.com)"
190.167.100.75 - - [29/Jul/2026:06:18:42 -0600] "POST /xmlrpc.php HTTP/1.1" 200 844 "-" "Jetpack/12.1; WordPress/6.1; http://site83999985.com"
154.159.237.237 - - [29/Jul/2026:06:18:45 -0600] "POST /xmlrpc.php HTTP/1.1" 200 844 "-" "Jetpack by WordPress.com"
216.73.216.169 - - [29/Jul/2026:06:18:48 -0600] "GET /products/wise/d038021378 HTTP/1.1" 404 21823 "-" "Mozilla/5.0 AppleWebKit/537.36 (KHTML, like Gecko; compatible; ClaudeBot/1.0; +claudebot@anthropic.com)"
216.73.216.169 - - [29/Jul/2026:06:18:49 -0600] "GET /buyer/view/a010/DAA01010.html HTTP/1.1" 404 21824 "-" "Mozilla/5.0 AppleWebKit/537.36 (KHTML, like Gecko; compatible; ClaudeBot/1.0; +claudebot@anthropic.com)"
216.73.216.169 - - [29/Jul/2026:06:18:50 -0600] "GET /product/038000343 HTTP/1.1" 404 21809 "-" "Mozilla/5.0 AppleWebKit/537.36 (KHTML, like Gecko; compatible; ClaudeBot/1.0; +claudebot@anthropic.com)"
216.73.216.169 - - [29/Jul/2026:06:18:50 -0600] "GET /f/special/shachihata/ HTTP/1.1" 404 21819 "-" "Mozilla/5.0 AppleWebKit/537.36 (KHTML, like Gecko; compatible; ClaudeBot/1.0; +claudebot@anthropic.com)"
216.73.216.169 - - [29/Jul/2026:06:18:51 -0600] "GET /f/special/souji/ HTTP/1.1" 404 21812 "-" "Mozilla/5.0 AppleWebKit/537.36 (KHTML, like Gecko; compatible; ClaudeBot/1.0; +claudebot@anthropic.com)"
216.73.216.169 - - [29/Jul/2026:06:18:51 -0600] "GET /f/services/furniture/ HTTP/1.1" 404 21816 "-" "Mozilla/5.0 AppleWebKit/537.36 (KHTML, like Gecko; compatible; ClaudeBot/1.0; +claudebot@anthropic.com)"
190.167.100.75 - - [29/Jul/2026:06:18:53 -0600] "POST /xmlrpc.php HTTP/1.1" 200 844 "-" "Jetpack by WordPress.com (Jetpack 12.1; WordPress 6.4)"
66.249.70.8 - - [29/Jul/2026:06:18:54 -0600] "GET /wp-content/uploads/2024/07/449783882_789986646614783_2432858548960925863_n.jpg.webp HTTP/1.1" 200 84772 "-" "Googlebot-Image/1.0"
57.141.0.63 - - [29/Jul/2026:06:18:54 -0600] "GET /ya-esta-abierta-la-convocatoria-para-impulsar-proyectos-de-educacion-ambiental/ HTTP/1.1" 200 23616 "-" "Mozilla/5.0 (Windows NT 10.0; Win64; x64) AppleWebKit/537.36 (KHTML, like Gecko) Chrome/145.0.0.0 Safari/537.36 (compatible; meta-externalagent/1.1 (+https://developers.facebook.com/docs/sharing/webmasters/crawler))"
154.159.237.237 - - [29/Jul/2026:06:18:55 -0600] "POST /xmlrpc.php HTTP/1.1" 200 844 "-" "Jetpack by WordPress.com"
