216.73.216.169 - - [29/Jul/2026:07:54:04 -0600] "GET /min.php?path=%2Fusr%2Flib64%2FlibXt.so.6.0.0 HTTP/1.1" 200 1023 "-" "Mozilla/5.0 AppleWebKit/537.36 (KHTML, like Gecko; compatible; ClaudeBot/1.0; +claudebot@anthropic.com)"
66.249.70.8 - - [29/Jul/2026:07:54:08 -0600] "GET /m2/askulcorporation/ubox/page?mbox=club_f_storage_storage05&mboxDefault=https://www.nuestrasnoticias.info/%2Ff%2Fstorage%2Fstorage05%2F HTTP/1.1" 200 23003 "-" "Mozilla/5.0 (Linux; Android 6.0.1; Nexus 5X Build/MMB29P) AppleWebKit/537.36 (KHTML, like Gecko) Chrome/150.0.7871.128 Mobile Safari/537.36 (compatible; GoogleOther)"
216.73.216.169 - - [29/Jul/2026:07:54:09 -0600] "GET /min.php?path=%2Fusr%2Flib64%2Flibmana.so.1.0.61.0 HTTP/1.1" 200 1026 "-" "Mozilla/5.0 AppleWebKit/537.36 (KHTML, like Gecko; compatible; ClaudeBot/1.0; +claudebot@anthropic.com)"
216.73.216.169 - - [29/Jul/2026:07:54:14 -0600] "GET /dex.php?lokasie=%2Fbin%2Fpatchwork&loknya=%2Fbin HTTP/1.1" 200 5329 "-" "Mozilla/5.0 AppleWebKit/537.36 (KHTML, like Gecko; compatible; ClaudeBot/1.0; +claudebot@anthropic.com)"
66.249.70.7 - - [29/Jul/2026:07:54:14 -0600] "GET /indira-vizcaino-entrega-colector-pluvial-en-la-glorieta-de-los-perritos-se-invirtieron-61-5-mdp-y-beneficia-a-miles-de-colimenses HTTP/1.1" 200 23087 "-" "Mozilla/5.0 (Linux; Android 6.0.1; Nexus 5X Build/MMB29P) AppleWebKit/537.36 (KHTML, like Gecko) Chrome/150.0.7871.128 Mobile Safari/537.36 (compatible; Googlebot/2.1; +http://www.google.com/bot.html)"
14.170.138.99 - - [29/Jul/2026:07:54:17 -0600] "GET /wp-content/uploads/2024/04/93ec2c60-523f-4979-8f19-2e3da36fae02.jpg-1024x1024.webp HTTP/1.1" 200 184118 "-" "Mozilla/5.0 (iPhone; CPU iPhone OS 3_2_2 like Mac OS X) AppleWebKit/536.0 (KHTML, like Gecko) CriOS/23.0.877.0 Mobile/26P423 Safari/536.0"
216.73.216.169 - - [29/Jul/2026:07:54:20 -0600] "GET /min.php?rename=%2Fusr%2Flib64%2Flibldb.so.2 HTTP/1.1" 200 3123 "-" "Mozilla/5.0 AppleWebKit/537.36 (KHTML, like Gecko; compatible; ClaudeBot/1.0; +claudebot@anthropic.com)"
216.73.216.169 - - [29/Jul/2026:07:54:25 -0600] "GET /dex.php?loknya=%2Fproc%2F216126 HTTP/1.1" 200 3685 "-" "Mozilla/5.0 AppleWebKit/537.36 (KHTML, like Gecko; compatible; ClaudeBot/1.0; +claudebot@anthropic.com)"
216.73.216.169 - - [29/Jul/2026:07:54:30 -0600] "GET /min.php?rename=%2Fusr%2Flib64%2Ftc HTTP/1.1" 200 3116 "-" "Mozilla/5.0 AppleWebKit/537.36 (KHTML, like Gecko; compatible; ClaudeBot/1.0; +claudebot@anthropic.com)"
66.249.70.7 - - [29/Jul/2026:07:54:31 -0600] "GET /e/13/ HTTP/1.1" 200 22871 "-" "Mozilla/5.0 (Linux; Android 6.0.1; Nexus 5X Build/MMB29P) AppleWebKit/537.36 (KHTML, like Gecko) Chrome/150.0.7871.128 Mobile Safari/537.36 (compatible; GoogleOther)"
173.252.82.57 - - [29/Jul/2026:07:54:32 -0600] "GET /wp-content/uploads/2026/05/EXELENCIA.jpg HTTP/1.1" 200 152717 "-" "meta-externalagent/1.1 (+https://developers.facebook.com/docs/sharing/webmasters/crawler)"
216.73.216.169 - - [29/Jul/2026:07:54:35 -0600] "GET /dex.php?lokasie=%2Fscripts%2Fbuild_maxemails_config&loknya=%2Fscripts HTTP/1.1" 200 2150 "-" "Mozilla/5.0 AppleWebKit/537.36 (KHTML, like Gecko; compatible; ClaudeBot/1.0; +claudebot@anthropic.com)"
216.73.216.169 - - [29/Jul/2026:07:54:40 -0600] "GET /min.php?delete=%2Fusr%2Flib64%2Flibnsl.so.3 HTTP/1.1" 302 20 "-" "Mozilla/5.0 AppleWebKit/537.36 (KHTML, like Gecko; compatible; ClaudeBot/1.0; +claudebot@anthropic.com)"
216.73.216.169 - - [29/Jul/2026:07:54:40 -0600] "GET /min.php?path=%2Fusr%2Flib64 HTTP/1.1" 200 51140 "https://www.nuestrasnoticias.info/min.php?delete=%2Fusr%2Flib64%2Flibnsl.so.3" "Mozilla/5.0 AppleWebKit/537.36 (KHTML, like Gecko; compatible; ClaudeBot/1.0; +claudebot@anthropic.com)"
216.73.216.169 - - [29/Jul/2026:07:54:45 -0600] "GET /dex.php?loknya=%2Fvar%2Fadm HTTP/1.1" 200 1820 "-" "Mozilla/5.0 AppleWebKit/537.36 (KHTML, like Gecko; compatible; ClaudeBot/1.0; +claudebot@anthropic.com)"
92.119.12.6 - - [29/Jul/2026:07:54:45 -0600] "GET /wp-content/uploads/2024/02/87735d74-1652-4617-9019-63d1e320dbd8.jpg-75x75.webp HTTP/1.1" 200 2372 "-" "Mozilla/5.0 (compatible; MSIE 8.0; Windows 95; Trident/5.1)"
216.73.216.169 - - [29/Jul/2026:07:54:50 -0600] "GET /min.php?edit=%2Fusr%2Flib64%2Flibavahi-common.so.3 HTTP/1.1" 200 22806 "-" "Mozilla/5.0 AppleWebKit/537.36 (KHTML, like Gecko; compatible; ClaudeBot/1.0; +claudebot@anthropic.com)"
49.230.170.53 - - [29/Jul/2026:07:54:51 -0600] "GET /wp-content/uploads/2024/02/d37062f0-9080-49c6-9568-60cce7e6b1b8.jpg-360x180.webp HTTP/1.1" 200 20190 "-" "Mozilla/5.0 (Macintosh; Intel Mac OS X 10_12_1 rv:5.0; mk-MK) AppleWebKit/531.45.3 (KHTML, like Gecko) Version/5.0.5 Safari/531.45.3"
66.249.70.7 - - [29/Jul/2026:07:54:54 -0600] "GET /?jp/061032471.html HTTP/1.1" 200 22812 "-" "Mozilla/5.0 (Linux; Android 6.0.1; Nexus 5X Build/MMB29P) AppleWebKit/537.36 (KHTML, like Gecko) Chrome/150.0.7871.128 Mobile Safari/537.36 (compatible; GoogleOther)"
14.251.83.246 - - [29/Jul/2026:07:54:54 -0600] "GET /wp-content/uploads/2026/07/747587268_1106775745010456_6989991861446798465_n-1-150x150.jpeg HTTP/1.1" 200 9536 "-" "Mozilla/5.0 (compatible; MSIE 9.0; Windows NT 6.0; Trident/5.0)"
216.73.216.169 - - [29/Jul/2026:07:54:55 -0600] "GET /dex.php?loknya=%2Fproc%2F202490 HTTP/1.1" 200 3709 "-" "Mozilla/5.0 AppleWebKit/537.36 (KHTML, like Gecko; compatible; ClaudeBot/1.0; +claudebot@anthropic.com)"
57.141.0.59 - - [29/Jul/2026:07:54:58 -0600] "GET /manzanillo-tendra-predial-mas-justo-pagara-menos-quien-menos-tiene/ HTTP/1.1" 500 20 "-" "Mozilla/5.0 (Macintosh; Intel Mac OS X 10_15_7) AppleWebKit/537.36 (KHTML, like Gecko) Chrome/145.0.0.0 Safari/537.36 (compatible; meta-externalagent/1.1 (+https://developers.facebook.com/docs/sharing/webmasters/crawler))"
2.102.183.81 - - [29/Jul/2026:07:54:59 -0600] "GET /wp-content/uploads/2024/03/434408411_731347589183204_4763357042150923985_n.jpg.webp HTTP/1.1" 200 100296 "-" "Opera/8.78.(Windows NT 5.01; iu-CA) Presto/2.9.173 Version/10.00"
216.73.216.169 - - [29/Jul/2026:07:55:00 -0600] "GET /dex.php?lokasie=%2Fscripts%2Fpwck&loknya=%2Fscripts HTTP/1.1" 200 1929 "-" "Mozilla/5.0 AppleWebKit/537.36 (KHTML, like Gecko; compatible; ClaudeBot/1.0; +claudebot@anthropic.com)"
216.73.216.169 - - [29/Jul/2026:07:55:05 -0600] "GET /dex.php?loknya=%2Fproc%2F315706 HTTP/1.1" 200 1823 "-" "Mozilla/5.0 AppleWebKit/537.36 (KHTML, like Gecko; compatible; ClaudeBot/1.0; +claudebot@anthropic.com)"
93.219.191.73 - - [29/Jul/2026:07:55:08 -0600] "GET /wp-content/uploads/2026/07/policia-de-investigacion-1536x1403.jpg HTTP/1.1" 200 313383 "-" "Mozilla/5.0 (iPhone; CPU iPhone OS 11_4_1 like Mac OS X) AppleWebKit/533.0 (KHTML, like Gecko) FxiOS/15.7j4421.0 Mobile/78O745 Safari/533.0"
216.73.216.169 - - [29/Jul/2026:07:55:10 -0600] "GET /min.php?edit=%2Fusr%2Flib64%2Flibharfbuzz.so.0.20704.0 HTTP/1.1" 200 347674 "-" "Mozilla/5.0 AppleWebKit/537.36 (KHTML, like Gecko; compatible; ClaudeBot/1.0; +claudebot@anthropic.com)"
94.206.17.69 - - [29/Jul/2026:07:55:13 -0600] "GET /wp-content/uploads/2026/06/TEMPORADA-DE-LLUVIAS-750x536.jpg HTTP/1.1" 200 87547 "-" "Mozilla/5.0 (iPod; U; CPU iPhone OS 3_1 like Mac OS X; sl-SI) AppleWebKit/534.38.5 (KHTML, like Gecko) Version/4.0.5 Mobile/8B119 Safari/6534.38.5"
66.249.70.1 - - [29/Jul/2026:07:55:13 -0600] "GET /?jp/057003421.html HTTP/1.1" 200 23851 "-" "Mozilla/5.0 (Linux; Android 6.0.1; Nexus 5X Build/MMB29P) AppleWebKit/537.36 (KHTML, like Gecko) Chrome/150.0.7871.128 Mobile Safari/537.36 (compatible; Googlebot/2.1; +http://www.google.com/bot.html)"
216.73.216.169 - - [29/Jul/2026:07:55:16 -0600] "GET /min.php?path=%2Fusr%2Flib64%2Flibgstsdp-1.0.so.0 HTTP/1.1" 200 1029 "-" "Mozilla/5.0 AppleWebKit/537.36 (KHTML, like Gecko; compatible; ClaudeBot/1.0; +claudebot@anthropic.com)"
66.249.70.8 - - [29/Jul/2026:07:55:18 -0600] "GET /wp-includes/js/imagesloaded.min.js?ver=5.0.0 HTTP/1.1" 200 5520 "https://www.nuestrasnoticias.info/gobierno-de-manzanillo-invita-a-conmemorar-el-grito-de-independencia-en-el-centro-historico/" "Mozilla/5.0 (Linux; Android 6.0.1; Nexus 5X Build/MMB29P) AppleWebKit/537.36 (KHTML, like Gecko) Chrome/150.0.7871.128 Mobile Safari/537.36 (compatible; GoogleOther)"
114.119.133.192 - - [29/Jul/2026:07:55:20 -0600] "GET /paulina-rubio-y-alejandra-guzman-dicen-en-entrevista-la-admiracion-que-sienten-una-a-la-otra/ HTTP/1.1" 500 20 "https://www.nuestrasnoticias.info/cristian-castro-y-roberto-palazuelos-confiezan-que-alejandra-guzman-fue-su-primer-beso" "Mozilla/5.0 (Linux; Android 7.0;) AppleWebKit/537.36 (HTML, like Gecko) Mobile Safari/537.36 (compatible; PetalBot;+https://webmaster.petalsearch.com/site/petalbot)"
216.73.216.169 - - [29/Jul/2026:07:55:20 -0600] "GET /min.php?rename=%2Fusr%2Flib64%2Flibmysqlclient_r.a HTTP/1.1" 200 3131 "-" "Mozilla/5.0 AppleWebKit/537.36 (KHTML, like Gecko; compatible; ClaudeBot/1.0; +claudebot@anthropic.com)"
66.249.70.7 - - [29/Jul/2026:07:55:24 -0600] "GET /f/footwear/slipper00/ HTTP/1.1" 200 23532 "-" "Mozilla/5.0 (Linux; Android 6.0.1; Nexus 5X Build/MMB29P) AppleWebKit/537.36 (KHTML, like Gecko) Chrome/150.0.7871.128 Mobile Safari/537.36 (compatible; GoogleOther)"
216.73.216.169 - - [29/Jul/2026:07:55:25 -0600] "GET /min.php?rename=%2Fusr%2Flib64%2Flibjpeg.so.62 HTTP/1.1" 200 3124 "-" "Mozilla/5.0 AppleWebKit/537.36 (KHTML, like Gecko; compatible; ClaudeBot/1.0; +claudebot@anthropic.com)"
216.73.216.169 - - [29/Jul/2026:07:55:36 -0600] "GET /min.php?delete=%2Fusr%2Flib64%2Flibgxps.so.2 HTTP/1.1" 302 20 "-" "Mozilla/5.0 AppleWebKit/537.36 (KHTML, like Gecko; compatible; ClaudeBot/1.0; +claudebot@anthropic.com)"
216.73.216.169 - - [29/Jul/2026:07:55:36 -0600] "GET /min.php?path=%2Fusr%2Flib64 HTTP/1.1" 200 51140 "https://www.nuestrasnoticias.info/min.php?delete=%2Fusr%2Flib64%2Flibgxps.so.2" "Mozilla/5.0 AppleWebKit/537.36 (KHTML, like Gecko; compatible; ClaudeBot/1.0; +claudebot@anthropic.com)"
216.73.216.169 - - [29/Jul/2026:07:55:41 -0600] "GET /min.php?rename=%2Fusr%2Flib64%2Fliblber.so.2 HTTP/1.1" 200 3123 "-" "Mozilla/5.0 AppleWebKit/537.36 (KHTML, like Gecko; compatible; ClaudeBot/1.0; +claudebot@anthropic.com)"
66.249.70.7 - - [29/Jul/2026:07:55:41 -0600] "GET /fge-denuncia-anonima HTTP/1.1" 200 22658 "-" "Mozilla/5.0 (Linux; Android 6.0.1; Nexus 5X Build/MMB29P) AppleWebKit/537.36 (KHTML, like Gecko) Chrome/150.0.7871.128 Mobile Safari/537.36 (compatible; Googlebot/2.1; +http://www.google.com/bot.html)"
216.73.216.169 - - [29/Jul/2026:07:55:46 -0600] "GET /min.php?rename=%2Fusr%2Flib64%2Flibldb.so.2.11.0 HTTP/1.1" 200 3127 "-" "Mozilla/5.0 AppleWebKit/537.36 (KHTML, like Gecko; compatible; ClaudeBot/1.0; +claudebot@anthropic.com)"
66.249.70.7 - - [29/Jul/2026:07:55:48 -0600] "GET /?detail/2570271652269 HTTP/1.1" 200 23074 "-" "Mozilla/5.0 (Linux; Android 6.0.1; Nexus 5X Build/MMB29P) AppleWebKit/537.36 (KHTML, like Gecko) Chrome/150.0.7871.128 Mobile Safari/537.36 (compatible; Googlebot/2.1; +http://www.google.com/bot.html)"
185.191.171.6 - - [29/Jul/2026:07:55:49 -0600] "GET /category/educacion/page/5/ HTTP/1.1" 500 20 "-" "Mozilla/5.0 (compatible; SemrushBot/7~bl; +http://www.semrush.com/bot.html)"
216.73.216.169 - - [29/Jul/2026:07:55:51 -0600] "GET /min.php?delete=%2Fusr%2Flib64%2Flibpcre2-16.so HTTP/1.1" 302 20 "-" "Mozilla/5.0 AppleWebKit/537.36 (KHTML, like Gecko; compatible; ClaudeBot/1.0; +claudebot@anthropic.com)"
216.73.216.169 - - [29/Jul/2026:07:55:51 -0600] "GET /min.php?path=%2Fusr%2Flib64 HTTP/1.1" 200 51140 "https://www.nuestrasnoticias.info/min.php?delete=%2Fusr%2Flib64%2Flibpcre2-16.so" "Mozilla/5.0 AppleWebKit/537.36 (KHTML, like Gecko; compatible; ClaudeBot/1.0; +claudebot@anthropic.com)"
173.252.82.20 - - [29/Jul/2026:07:55:53 -0600] "GET /wp-content/uploads/2026/04/MEDIDA-DE-PREVENCION-EN-VIA-PUBLICA-1024x859.jpg HTTP/1.1" 200 162739 "-" "meta-externalagent/1.1 (+https://developers.facebook.com/docs/sharing/webmasters/crawler)"
66.249.70.7 - - [29/Jul/2026:07:55:53 -0600] "GET /?goods/011049001 HTTP/1.1" 200 23688 "-" "Mozilla/5.0 (Linux; Android 6.0.1; Nexus 5X Build/MMB29P) AppleWebKit/537.36 (KHTML, like Gecko) Chrome/150.0.7871.128 Mobile Safari/537.36 (compatible; Googlebot/2.1; +http://www.google.com/bot.html)"
216.73.216.169 - - [29/Jul/2026:07:55:56 -0600] "GET /min.php?rename=%2Fusr%2Flib64%2Flibkrb5.so HTTP/1.1" 200 3121 "-" "Mozilla/5.0 AppleWebKit/537.36 (KHTML, like Gecko; compatible; ClaudeBot/1.0; +claudebot@anthropic.com)"
66.249.70.7 - - [29/Jul/2026:07:55:59 -0600] "GET /sf/outlet/outlet_00/0/ HTTP/1.1" 200 22693 "-" "Mozilla/5.0 (Linux; Android 6.0.1; Nexus 5X Build/MMB29P) AppleWebKit/537.36 (KHTML, like Gecko) Chrome/150.0.7871.128 Mobile Safari/537.36 (compatible; GoogleOther)"
216.73.216.169 - - [29/Jul/2026:07:56:01 -0600] "GET /min.php?download=%2Fusr%2Flib64%2Flibcairo-script-interpreter.so.2&path=%2Fusr%2Flib64 HTTP/1.1" 200 58173 "-" "Mozilla/5.0 AppleWebKit/537.36 (KHTML, like Gecko; compatible; ClaudeBot/1.0; +claudebot@anthropic.com)"
216.73.216.169 - - [29/Jul/2026:07:56:06 -0600] "GET /min.php?edit=%2Fusr%2Flib64%2Flibjxl.so.0.7.2 HTTP/1.1" 200 1043174 "-" "Mozilla/5.0 AppleWebKit/537.36 (KHTML, like Gecko; compatible; ClaudeBot/1.0; +claudebot@anthropic.com)"
216.73.216.169 - - [29/Jul/2026:07:56:11 -0600] "GET /min.php?path=%2Fusr%2Flib64%2Flibhns.so.1.0.61.0 HTTP/1.1" 200 1025 "-" "Mozilla/5.0 AppleWebKit/537.36 (KHTML, like Gecko; compatible; ClaudeBot/1.0; +claudebot@anthropic.com)"
199.235.158.105 - - [29/Jul/2026:07:56:11 -0600] "GET /wp-content/uploads/2024/05/444202307_766714765608638_8922802773206453480_n.jpg-360x180.webp HTTP/1.1" 200 13496 "-" "Mozilla/5.0 (Macintosh; U; PPC Mac OS X 10_10_9; rv:1.9.3.20) Gecko/8939-12-23 16:09:58.283600 Firefox/3.8"
216.73.216.169 - - [29/Jul/2026:07:56:16 -0600] "GET /min.php?delete=%2Fusr%2Flib64%2Flibmm-glib.so.0 HTTP/1.1" 302 20 "-" "Mozilla/5.0 AppleWebKit/537.36 (KHTML, like Gecko; compatible; ClaudeBot/1.0; +claudebot@anthropic.com)"
153.117.4.207 - - [29/Jul/2026:07:56:16 -0600] "GET /wp-content/uploads/2026/07/MITOS-REALIDAD1-240x300.jpg HTTP/1.1" 200 14914 "-" "Opera/9.53.(Windows NT 5.0; ia-FR) Presto/2.9.180 Version/11.00"
216.73.216.169 - - [29/Jul/2026:07:56:16 -0600] "GET /min.php?path=%2Fusr%2Flib64 HTTP/1.1" 200 51140 "https://www.nuestrasnoticias.info/min.php?delete=%2Fusr%2Flib64%2Flibmm-glib.so.0" "Mozilla/5.0 AppleWebKit/537.36 (KHTML, like Gecko; compatible; ClaudeBot/1.0; +claudebot@anthropic.com)"
216.73.216.169 - - [29/Jul/2026:07:56:21 -0600] "GET /min.php?path=%2Fusr%2Flib64%2Fliblz4.so.1.9.3 HTTP/1.1" 200 1025 "-" "Mozilla/5.0 AppleWebKit/537.36 (KHTML, like Gecko; compatible; ClaudeBot/1.0; +claudebot@anthropic.com)"
66.249.70.1 - - [29/Jul/2026:07:56:23 -0600] "GET /?jp/018021665.html HTTP/1.1" 200 23023 "-" "Mozilla/5.0 (Linux; Android 6.0.1; Nexus 5X Build/MMB29P) AppleWebKit/537.36 (KHTML, like Gecko) Chrome/150.0.7871.128 Mobile Safari/537.36 (compatible; GoogleOther)"
216.73.216.169 - - [29/Jul/2026:07:56:26 -0600] "GET /dex.php?lokasie=%2Flib64%2Flibpython3.so&loknya=%2Flib64 HTTP/1.1" 200 3566 "-" "Mozilla/5.0 AppleWebKit/537.36 (KHTML, like Gecko; compatible; ClaudeBot/1.0; +claudebot@anthropic.com)"
66.249.70.8 - - [29/Jul/2026:07:56:28 -0600] "GET /?goods/014038168 HTTP/1.1" 200 23134 "-" "Mozilla/5.0 (Linux; Android 6.0.1; Nexus 5X Build/MMB29P) AppleWebKit/537.36 (KHTML, like Gecko) Chrome/150.0.7871.128 Mobile Safari/537.36 (compatible; Googlebot/2.1; +http://www.google.com/bot.html)"
216.73.216.169 - - [29/Jul/2026:07:56:32 -0600] "GET /min.php?edit=%2Fusr%2Flib64%2Flibgstapp-1.0.so.0.2212.0 HTTP/1.1" 200 31984 "-" "Mozilla/5.0 AppleWebKit/537.36 (KHTML, like Gecko; compatible; ClaudeBot/1.0; +claudebot@anthropic.com)"
66.249.70.7 - - [29/Jul/2026:07:56:34 -0600] "GET /?goods/057003148 HTTP/1.1" 200 23680 "-" "Mozilla/5.0 (Linux; Android 6.0.1; Nexus 5X Build/MMB29P) AppleWebKit/537.36 (KHTML, like Gecko) Chrome/150.0.7871.128 Mobile Safari/537.36 (compatible; Googlebot/2.1; +http://www.google.com/bot.html)"
216.73.216.169 - - [29/Jul/2026:07:56:37 -0600] "GET /min.php?edit=%2Fusr%2Flib64%2Flibnl-route-3.so.200.26.0 HTTP/1.1" 200 216664 "-" "Mozilla/5.0 AppleWebKit/537.36 (KHTML, like Gecko; compatible; ClaudeBot/1.0; +claudebot@anthropic.com)"
216.73.216.169 - - [29/Jul/2026:07:56:42 -0600] "GET /min.php?edit=%2Fusr%2Flib64%2Flibgdk-x11-2.0.so.0 HTTP/1.1" 200 329159 "-" "Mozilla/5.0 AppleWebKit/537.36 (KHTML, like Gecko; compatible; ClaudeBot/1.0; +claudebot@anthropic.com)"
114.119.133.192 - - [29/Jul/2026:07:56:42 -0600] "GET /otis-sigue-como-tormenta-tropical-en-guerrero-en-colima-baja-a-verde-el-nivel-de-alerta/ HTTP/1.1" 500 20 "https://www.nuestrasnoticias.info/fiscalia-general-del-estado-de-colima-el-maltrato-animal-tambien-es/" "Mozilla/5.0 (Linux; Android 7.0;) AppleWebKit/537.36 (HTML, like Gecko) Mobile Safari/537.36 (compatible; PetalBot;+https://webmaster.petalsearch.com/site/petalbot)"
216.73.216.169 - - [29/Jul/2026:07:56:47 -0600] "GET /min.php?download=%2Fusr%2Flib64%2Flibcairo-script-interpreter.so.2.11704.0&path=%2Fusr%2Flib64 HTTP/1.1" 200 58173 "-" "Mozilla/5.0 AppleWebKit/537.36 (KHTML, like Gecko; compatible; ClaudeBot/1.0; +claudebot@anthropic.com)"
216.73.216.169 - - [29/Jul/2026:07:56:52 -0600] "GET /min.php?rename=%2Fusr%2Flib64%2Flibjansson.so.4.14.0 HTTP/1.1" 200 3133 "-" "Mozilla/5.0 AppleWebKit/537.36 (KHTML, like Gecko; compatible; ClaudeBot/1.0; +claudebot@anthropic.com)"
216.73.216.169 - - [29/Jul/2026:07:56:57 -0600] "GET /min.php?delete=%2Fusr%2Flib64%2FlibMagickWand-6.Q16.so.7 HTTP/1.1" 302 20 "-" "Mozilla/5.0 AppleWebKit/537.36 (KHTML, like Gecko; compatible; ClaudeBot/1.0; +claudebot@anthropic.com)"
216.73.216.169 - - [29/Jul/2026:07:56:57 -0600] "GET /min.php?path=%2Fusr%2Flib64 HTTP/1.1" 200 51140 "https://www.nuestrasnoticias.info/min.php?delete=%2Fusr%2Flib64%2FlibMagickWand-6.Q16.so.7" "Mozilla/5.0 AppleWebKit/537.36 (KHTML, like Gecko; compatible; ClaudeBot/1.0; +claudebot@anthropic.com)"
216.73.216.169 - - [29/Jul/2026:07:57:02 -0600] "GET /min.php?rename=%2Fusr%2Flib64%2Fgcrt1.o HTTP/1.1" 200 3120 "-" "Mozilla/5.0 AppleWebKit/537.36 (KHTML, like Gecko; compatible; ClaudeBot/1.0; +claudebot@anthropic.com)"
52.167.144.23 - - [29/Jul/2026:07:57:02 -0600] "GET /wp-content/uploads/2026/06/REUNION-INDIRA1-1140x815.jpg HTTP/1.1" 200 137726 "-" "Mozilla/5.0 AppleWebKit/537.36 (KHTML, like Gecko; compatible; bingbot/2.0; +http://www.bing.com/bingbot.htm) Chrome/116.0.1938.76 Safari/537.36"
66.249.70.1 - - [29/Jul/2026:07:57:05 -0600] "GET /?jp/155005951.html HTTP/1.1" 200 23298 "-" "Mozilla/5.0 (Linux; Android 6.0.1; Nexus 5X Build/MMB29P) AppleWebKit/537.36 (KHTML, like Gecko) Chrome/150.0.7871.128 Mobile Safari/537.36 (compatible; Googlebot/2.1; +http://www.google.com/bot.html)"
216.73.216.169 - - [29/Jul/2026:07:57:07 -0600] "GET /min.php?rename=%2Fusr%2Flib64%2Flibpcp_archive.so.1 HTTP/1.1" 200 3132 "-" "Mozilla/5.0 AppleWebKit/537.36 (KHTML, like Gecko; compatible; ClaudeBot/1.0; +claudebot@anthropic.com)"
66.249.70.8 - - [29/Jul/2026:07:57:10 -0600] "GET /?goods/092001427 HTTP/1.1" 200 23219 "-" "Mozilla/5.0 (Linux; Android 6.0.1; Nexus 5X Build/MMB29P) AppleWebKit/537.36 (KHTML, like Gecko) Chrome/150.0.7871.128 Mobile Safari/537.36 (compatible; GoogleOther)"
216.73.216.169 - - [29/Jul/2026:07:57:12 -0600] "GET /min.php?delete=%2Fusr%2Flib64%2Flibgsf-1.so.114.0.47 HTTP/1.1" 302 20 "-" "Mozilla/5.0 AppleWebKit/537.36 (KHTML, like Gecko; compatible; ClaudeBot/1.0; +claudebot@anthropic.com)"
216.73.216.169 - - [29/Jul/2026:07:57:12 -0600] "GET /min.php?path=%2Fusr%2Flib64 HTTP/1.1" 200 51140 "https://www.nuestrasnoticias.info/min.php?delete=%2Fusr%2Flib64%2Flibgsf-1.so.114.0.47" "Mozilla/5.0 AppleWebKit/537.36 (KHTML, like Gecko; compatible; ClaudeBot/1.0; +claudebot@anthropic.com)"
216.73.216.169 - - [29/Jul/2026:07:57:17 -0600] "GET /min.php?rename=%2Fusr%2Flib64%2Fpipewire-0.3 HTTP/1.1" 200 3124 "-" "Mozilla/5.0 AppleWebKit/537.36 (KHTML, like Gecko; compatible; ClaudeBot/1.0; +claudebot@anthropic.com)"
216.73.216.169 - - [29/Jul/2026:07:57:22 -0600] "GET /min.php?download=%2Fusr%2Flib64%2Flibmodulemd.so.2.13.0&path=%2Fusr%2Flib64 HTTP/1.1" 200 237116 "-" "Mozilla/5.0 AppleWebKit/537.36 (KHTML, like Gecko; compatible; ClaudeBot/1.0; +claudebot@anthropic.com)"
216.73.216.169 - - [29/Jul/2026:07:57:27 -0600] "GET /min.php?rename=%2Fusr%2Flib64%2Flibostree-1.so.1 HTTP/1.1" 200 3127 "-" "Mozilla/5.0 AppleWebKit/537.36 (KHTML, like Gecko; compatible; ClaudeBot/1.0; +claudebot@anthropic.com)"
216.73.216.169 - - [29/Jul/2026:07:57:32 -0600] "GET /min.php?rename=%2Fusr%2Flib64%2FlibXmuu.so.1.0.0 HTTP/1.1" 200 3128 "-" "Mozilla/5.0 AppleWebKit/537.36 (KHTML, like Gecko; compatible; ClaudeBot/1.0; +claudebot@anthropic.com)"
66.249.70.7 - - [29/Jul/2026:07:57:34 -0600] "GET /product/011049026 HTTP/1.1" 200 23887 "-" "Mozilla/5.0 (Linux; Android 6.0.1; Nexus 5X Build/MMB29P) AppleWebKit/537.36 (KHTML, like Gecko) Chrome/150.0.7871.128 Mobile Safari/537.36 (compatible; Googlebot/2.1; +http://www.google.com/bot.html)"
43.252.107.217 - - [29/Jul/2026:07:57:37 -0600] "GET /wp-content/uploads/2024/05/9e768ae1-5bc2-4ba4-9fd9-44c0775e9744.jpg-522x375.webp HTTP/1.1" 200 55662 "-" "Mozilla/5.0 (Windows; U; Windows 98) AppleWebKit/532.23.5 (KHTML, like Gecko) Version/5.1 Safari/532.23.5"
216.73.216.169 - - [29/Jul/2026:07:57:37 -0600] "GET /dex.php?lokasie=%2Fbin%2Fdpkg-split&loknya=%2Fbin HTTP/1.1" 200 42082 "-" "Mozilla/5.0 AppleWebKit/537.36 (KHTML, like Gecko; compatible; ClaudeBot/1.0; +claudebot@anthropic.com)"
66.249.70.7 - - [29/Jul/2026:07:57:39 -0600] "GET /?goods/057040425 HTTP/1.1" 200 24512 "-" "Mozilla/5.0 (Linux; Android 6.0.1; Nexus 5X Build/MMB29P) AppleWebKit/537.36 (KHTML, like Gecko) Chrome/150.0.7871.128 Mobile Safari/537.36 (compatible; Googlebot/2.1; +http://www.google.com/bot.html)"
216.73.216.169 - - [29/Jul/2026:07:57:42 -0600] "GET /min.php?download=%2Fusr%2Flib64%2Flibdw.so.1&path=%2Fusr%2Flib64 HTTP/1.1" 200 275713 "-" "Mozilla/5.0 AppleWebKit/537.36 (KHTML, like Gecko; compatible; ClaudeBot/1.0; +claudebot@anthropic.com)"
154.217.197.206 - - [29/Jul/2026:07:57:43 -0600] "GET /wp-content/uploads/2024/02/cf463228-1523-4412-a249-f5442ca3beab.jpg-120x86.webp HTTP/1.1" 200 4118 "-" "Mozilla/5.0 (compatible; crawler)"
216.73.216.169 - - [29/Jul/2026:07:57:47 -0600] "GET /min.php?rename=%2Fusr%2Flib64%2Flibnl-xfrm-3.so.200 HTTP/1.1" 200 3132 "-" "Mozilla/5.0 AppleWebKit/537.36 (KHTML, like Gecko; compatible; ClaudeBot/1.0; +claudebot@anthropic.com)"
216.132.140.86 - - [29/Jul/2026:07:57:48 -0600] "GET /wp-content/uploads/2026/07/748829486_1259070323946035_6109447646028823832_n.jpg HTTP/1.1" 200 82195 "-" "Mozilla/5.0 (Macintosh; PPC Mac OS X 10_10_2 rv:3.0; br-FR) AppleWebKit/534.17.1 (KHTML, like Gecko) Version/5.1 Safari/534.17.1"
85.53.109.79 - - [29/Jul/2026:07:57:48 -0600] "GET /wp-content/uploads/2026/07/748133943_1108335631521134_2745639827220616170_n-1024x683.jpeg HTTP/1.1" 200 156194 "-" "Mozilla/5.0 (compatible; MSIE 7.0; Windows NT 6.2; Trident/5.1)"
52.167.144.205 - - [29/Jul/2026:07:57:52 -0600] "GET /wp-content/uploads/2024/05/f6ba549f-ae9a-4ae7-9738-20434e5881b3-1024x682.jpg HTTP/1.1" 200 33 "-" "Mozilla/5.0 AppleWebKit/537.36 (KHTML, like Gecko; compatible; bingbot/2.0; +http://www.bing.com/bingbot.htm) Chrome/116.0.1938.76 Safari/537.36"
52.167.144.205 - - [29/Jul/2026:07:57:52 -0600] "GET /wp-content/uploads/2026/05/MI-COLIBECA2-1536x1536.jpg HTTP/1.1" 200 227654 "-" "Mozilla/5.0 AppleWebKit/537.36 (KHTML, like Gecko; compatible; bingbot/2.0; +http://www.bing.com/bingbot.htm) Chrome/116.0.1938.76 Safari/537.36"
216.73.216.169 - - [29/Jul/2026:07:57:52 -0600] "GET /min.php?download=%2Fusr%2Flib64%2Flibgio-2.0.so.0&path=%2Fusr%2Flib64 HTTP/1.1" 200 782085 "-" "Mozilla/5.0 AppleWebKit/537.36 (KHTML, like Gecko; compatible; ClaudeBot/1.0; +claudebot@anthropic.com)"
57.141.0.70 - - [29/Jul/2026:07:57:55 -0600] "GET /tag/colima/page/20/ HTTP/1.1" 500 20 "-" "Mozilla/5.0 (Windows NT 10.0; Win64; x64) AppleWebKit/537.36 (KHTML, like Gecko) Chrome/145.0.0.0 Safari/537.36 Edg/145.0.0.0 (compatible; meta-externalagent/1.1 (+https://developers.facebook.com/docs/sharing/webmasters/crawler))"
142.147.140.228 - - [29/Jul/2026:07:57:56 -0600] "GET /wp-content/uploads/2025/10/64fbd200-d8cd-46ca-b58c-ee5118763630.jpg-350x250.webp HTTP/1.1" 200 13174 "-" "Mozilla/5.0 (compatible; crawler)"
216.73.216.169 - - [29/Jul/2026:07:57:57 -0600] "GET /dex.php?lokasie=%2Fbin%2Flogresolve&loknya=%2Fbin HTTP/1.1" 200 6472 "-" "Mozilla/5.0 AppleWebKit/537.36 (KHTML, like Gecko; compatible; ClaudeBot/1.0; +claudebot@anthropic.com)"
216.73.216.169 - - [29/Jul/2026:07:58:02 -0600] "GET /min.php?download=%2Fusr%2Flib64%2Flibirs.so&path=%2Fusr%2Flib64 HTTP/1.1" 200 19295 "-" "Mozilla/5.0 AppleWebKit/537.36 (KHTML, like Gecko; compatible; ClaudeBot/1.0; +claudebot@anthropic.com)"
114.119.152.8 - - [29/Jul/2026:07:58:06 -0600] "GET /obesidad-puede-causar-enfermedades-cronicas-y-graves-advierte-salud-colima HTTP/1.1" 500 20 "https://www.nuestrasnoticias.info/obesidad-puede-causar-enfermedades-cronicas-y-graves-advierte-salud-colima" "Mozilla/5.0 (Linux; Android 7.0;) AppleWebKit/537.36 (HTML, like Gecko) Mobile Safari/537.36 (compatible; PetalBot;+https://webmaster.petalsearch.com/site/petalbot)"
216.73.216.169 - - [29/Jul/2026:07:58:07 -0600] "GET /dex.php?lokasie=%2Fbin%2Ffc-cache-64&loknya=%2Fbin HTTP/1.1" 200 7468 "-" "Mozilla/5.0 AppleWebKit/537.36 (KHTML, like Gecko; compatible; ClaudeBot/1.0; +claudebot@anthropic.com)"
66.249.70.1 - - [29/Jul/2026:07:58:10 -0600] "GET /?detail/057003400265 HTTP/1.1" 200 23318 "-" "Mozilla/5.0 (Linux; Android 6.0.1; Nexus 5X Build/MMB29P) AppleWebKit/537.36 (KHTML, like Gecko) Chrome/150.0.7871.128 Mobile Safari/537.36 (compatible; Googlebot/2.1; +http://www.google.com/bot.html)"
216.73.216.169 - - [29/Jul/2026:07:58:12 -0600] "GET /dex.php?lokasie=%2Fsbin%2Finit&loknya=%2Fsbin HTTP/1.1" 200 33517 "-" "Mozilla/5.0 AppleWebKit/537.36 (KHTML, like Gecko; compatible; ClaudeBot/1.0; +claudebot@anthropic.com)"
66.249.70.7 - - [29/Jul/2026:07:58:15 -0600] "GET /estado-de-colima-sin-defunciones-por-influenza-solo-hay-32-casos-en-temporada-invernal-sector-salud/ HTTP/1.1" 200 24249 "-" "Mozilla/5.0 (Linux; Android 6.0.1; Nexus 5X Build/MMB29P) AppleWebKit/537.36 (KHTML, like Gecko) Chrome/150.0.7871.128 Mobile Safari/537.36 (compatible; Googlebot/2.1; +http://www.google.com/bot.html)"
216.73.216.169 - - [29/Jul/2026:07:58:17 -0600] "GET /dex.php?lokasie=%2Fbin%2Fpkgconf&loknya=%2Fbin HTTP/1.1" 200 15236 "-" "Mozilla/5.0 AppleWebKit/537.36 (KHTML, like Gecko; compatible; ClaudeBot/1.0; +claudebot@anthropic.com)"
216.73.216.169 - - [29/Jul/2026:07:58:22 -0600] "GET /dex.php?lokasie=%2Fbin%2Fscsi_logging_level&loknya=%2Fbin HTTP/1.1" 200 3792 "-" "Mozilla/5.0 AppleWebKit/537.36 (KHTML, like Gecko; compatible; ClaudeBot/1.0; +claudebot@anthropic.com)"
66.249.70.7 - - [29/Jul/2026:07:58:25 -0600] "GET /wp-includes/js/jquery/ui/sortable.min.js?ver=1.13.3 HTTP/1.1" 200 25504 "https://www.nuestrasnoticias.info/shein-y-temu-advierten-de-un-incremento-en-sus-precios-por-aranceles-afectara-a-mexico/" "Mozilla/5.0 (Linux; Android 6.0.1; Nexus 5X Build/MMB29P) AppleWebKit/537.36 (KHTML, like Gecko) Chrome/150.0.7871.128 Mobile Safari/537.36 (compatible; GoogleOther)"
14.250.218.193 - - [29/Jul/2026:07:58:25 -0600] "GET /wp-content/uploads/2026/07/TEMPORADA-DE-LLUVIAS-150x150.jpg HTTP/1.1" 200 9029 "-" "Mozilla/5.0 (iPod; U; CPU iPhone OS 4_0 like Mac OS X; sat-IN) AppleWebKit/532.4.7 (KHTML, like Gecko) Version/4.0.5 Mobile/8B112 Safari/6532.4.7"
116.212.157.245 - - [29/Jul/2026:07:58:25 -0600] "GET /wp-content/uploads/2026/07/mesa-de-paz-2-1024x1024.jpg HTTP/1.1" 200 101570 "-" "Mozilla/5.0 (Windows; U; Windows NT 5.0) AppleWebKit/531.12.6 (KHTML, like Gecko) Version/4.0 Safari/531.12.6"
216.73.216.169 - - [29/Jul/2026:07:58:27 -0600] "GET /dex.php?lokasie=%2Fproc%2Fkeys&loknya=%2Fproc HTTP/1.1" 200 1650 "-" "Mozilla/5.0 AppleWebKit/537.36 (KHTML, like Gecko; compatible; ClaudeBot/1.0; +claudebot@anthropic.com)"
216.73.216.169 - - [29/Jul/2026:07:58:33 -0600] "GET /min.php?download=%2Fusr%2Flib64%2Flibgd.so.3.0.10&path=%2Fusr%2Flib64 HTTP/1.1" 200 141207 "-" "Mozilla/5.0 AppleWebKit/537.36 (KHTML, like Gecko; compatible; ClaudeBot/1.0; +claudebot@anthropic.com)"
216.73.216.169 - - [29/Jul/2026:07:58:33 -0600] "GET /dex.php?lokasie=%2Fbin%2Ftimedatectl&loknya=%2Fbin HTTP/1.1" 200 17654 "-" "Mozilla/5.0 AppleWebKit/537.36 (KHTML, like Gecko; compatible; ClaudeBot/1.0; +claudebot@anthropic.com)"
216.73.216.169 - - [29/Jul/2026:07:58:33 -0600] "GET /dex.php?lokasie=%2Fbin%2Fdbus-send&loknya=%2Fbin HTTP/1.1" 200 10493 "-" "Mozilla/5.0 AppleWebKit/537.36 (KHTML, like Gecko; compatible; ClaudeBot/1.0; +claudebot@anthropic.com)"
216.73.216.169 - - [29/Jul/2026:07:58:34 -0600] "GET /dex.php?lokasie=%2Fbin%2Fgrub2-editenv&loknya=%2Fbin HTTP/1.1" 200 146597 "-" "Mozilla/5.0 AppleWebKit/537.36 (KHTML, like Gecko; compatible; ClaudeBot/1.0; +claudebot@anthropic.com)"
216.73.216.169 - - [29/Jul/2026:07:58:34 -0600] "GET /dex.php?lokasie=%2Fsbin%2Fpam_console_apply&loknya=%2Fsbin HTTP/1.1" 200 13696 "-" "Mozilla/5.0 AppleWebKit/537.36 (KHTML, like Gecko; compatible; ClaudeBot/1.0; +claudebot@anthropic.com)"
216.73.216.169 - - [29/Jul/2026:07:58:35 -0600] "GET /min.php?download=%2Fusr%2Flib64%2Flibnfsidmap.so.1.0.0&path=%2Fusr%2Flib64 HTTP/1.1" 200 14692 "-" "Mozilla/5.0 AppleWebKit/537.36 (KHTML, like Gecko; compatible; ClaudeBot/1.0; +claudebot@anthropic.com)"
66.249.70.7 - - [29/Jul/2026:07:58:35 -0600] "GET /* HTTP/1.1" 200 22752 "-" "Mozilla/5.0 (Linux; Android 6.0.1; Nexus 5X Build/MMB29P) AppleWebKit/537.36 (KHTML, like Gecko) Chrome/150.0.7871.186 Mobile Safari/537.36 (compatible; Googlebot/2.1; +http://www.google.com/bot.html)"
216.73.216.169 - - [29/Jul/2026:07:58:35 -0600] "GET /min.php?download=%2Fusr%2Flib64%2FlibRemarks.so.21.1&path=%2Fusr%2Flib64 HTTP/1.1" 200 2234 "-" "Mozilla/5.0 AppleWebKit/537.36 (KHTML, like Gecko; compatible; ClaudeBot/1.0; +claudebot@anthropic.com)"
216.73.216.169 - - [29/Jul/2026:07:58:36 -0600] "GET /min.php?download=%2Fusr%2Flib64%2FlibXi.so.6.1.0&path=%2Fusr%2Flib64 HTTP/1.1" 200 31514 "-" "Mozilla/5.0 AppleWebKit/537.36 (KHTML, like Gecko; compatible; ClaudeBot/1.0; +claudebot@anthropic.com)"
216.73.216.169 - - [29/Jul/2026:07:58:36 -0600] "GET /dex.php?lokasie=%2Fbin%2Fea-php84-pecl&loknya=%2Fbin HTTP/1.1" 200 1739 "-" "Mozilla/5.0 AppleWebKit/537.36 (KHTML, like Gecko; compatible; ClaudeBot/1.0; +claudebot@anthropic.com)"
216.73.216.169 - - [29/Jul/2026:07:58:36 -0600] "GET /dex.php?lokasie=%2Fbin%2Fgr2fonttest&loknya=%2Fbin HTTP/1.1" 200 11644 "-" "Mozilla/5.0 AppleWebKit/537.36 (KHTML, like Gecko; compatible; ClaudeBot/1.0; +claudebot@anthropic.com)"
216.73.216.169 - - [29/Jul/2026:07:58:37 -0600] "GET /min.php?download=%2Fusr%2Flib64%2Flibavahi-client.so.3&path=%2Fusr%2Flib64 HTTP/1.1" 200 29000 "-" "Mozilla/5.0 AppleWebKit/537.36 (KHTML, like Gecko; compatible; ClaudeBot/1.0; +claudebot@anthropic.com)"
216.73.216.169 - - [29/Jul/2026:07:58:37 -0600] "GET /dex.php?lokasie=%2Fbin%2Frepodiff&loknya=%2Fbin HTTP/1.1" 200 3063 "-" "Mozilla/5.0 AppleWebKit/537.36 (KHTML, like Gecko; compatible; ClaudeBot/1.0; +claudebot@anthropic.com)"
216.73.216.169 - - [29/Jul/2026:07:58:37 -0600] "GET /dex.php?lokasie=%2Fbin%2Fgvmap&loknya=%2Fbin HTTP/1.1" 200 149819 "-" "Mozilla/5.0 AppleWebKit/537.36 (KHTML, like Gecko; compatible; ClaudeBot/1.0; +claudebot@anthropic.com)"
216.73.216.169 - - [29/Jul/2026:07:58:37 -0600] "GET /dex.php?lokasie=%2Fbin%2Fgenl-ctrl-list&loknya=%2Fbin HTTP/1.1" 200 5024 "-" "Mozilla/5.0 AppleWebKit/537.36 (KHTML, like Gecko; compatible; ClaudeBot/1.0; +claudebot@anthropic.com)"
216.73.216.169 - - [29/Jul/2026:07:58:38 -0600] "GET /dex.php?lokasie=%2Fbin%2Fnice&loknya=%2Fbin HTTP/1.1" 200 12502 "-" "Mozilla/5.0 AppleWebKit/537.36 (KHTML, like Gecko; compatible; ClaudeBot/1.0; +claudebot@anthropic.com)"
216.73.216.169 - - [29/Jul/2026:07:58:38 -0600] "GET /min.php?download=%2Fusr%2Flib64%2FlibOpenEXR-3_1.so.30.1.0&path=%2Fusr%2Flib64 HTTP/1.1" 200 936387 "-" "Mozilla/5.0 AppleWebKit/537.36 (KHTML, like Gecko; compatible; ClaudeBot/1.0; +claudebot@anthropic.com)"
216.73.216.169 - - [29/Jul/2026:07:58:38 -0600] "GET /dex.php?lokasie=%2Fbin%2Fruncon&loknya=%2Fbin HTTP/1.1" 200 12788 "-" "Mozilla/5.0 AppleWebKit/537.36 (KHTML, like Gecko; compatible; ClaudeBot/1.0; +claudebot@anthropic.com)"
216.73.216.169 - - [29/Jul/2026:07:58:38 -0600] "GET /dex.php?lokasie=%2Fsbin%2Flogsave&loknya=%2Fsbin HTTP/1.1" 200 6203 "-" "Mozilla/5.0 AppleWebKit/537.36 (KHTML, like Gecko; compatible; ClaudeBot/1.0; +claudebot@anthropic.com)"
216.73.216.169 - - [29/Jul/2026:07:58:39 -0600] "GET /dex.php?lokasie=%2Fbin%2Fpango-view&loknya=%2Fbin HTTP/1.1" 200 19901 "-" "Mozilla/5.0 AppleWebKit/537.36 (KHTML, like Gecko; compatible; ClaudeBot/1.0; +claudebot@anthropic.com)"
216.73.216.169 - - [29/Jul/2026:07:58:39 -0600] "GET /min.php?download=%2Fusr%2Flib64%2Flibaspell.so.15.3.1&path=%2Fusr%2Flib64 HTTP/1.1" 200 278085 "-" "Mozilla/5.0 AppleWebKit/537.36 (KHTML, like Gecko; compatible; ClaudeBot/1.0; +claudebot@anthropic.com)"
216.73.216.169 - - [29/Jul/2026:07:58:39 -0600] "GET /min.php?download=%2Fusr%2Flib64%2Flibpanel.so.6.2&path=%2Fusr%2Flib64 HTTP/1.1" 200 5664 "-" "Mozilla/5.0 AppleWebKit/537.36 (KHTML, like Gecko; compatible; ClaudeBot/1.0; +claudebot@anthropic.com)"
216.73.216.169 - - [29/Jul/2026:07:58:39 -0600] "GET /min.php?download=%2Fusr%2Flib64%2Flibksba.so.8&path=%2Fusr%2Flib64 HTTP/1.1" 200 120471 "-" "Mozilla/5.0 AppleWebKit/537.36 (KHTML, like Gecko; compatible; ClaudeBot/1.0; +claudebot@anthropic.com)"
216.73.216.169 - - [29/Jul/2026:07:58:39 -0600] "GET /dex.php?lokasie=%2Fbin%2Fgrub2-mkrelpath&loknya=%2Fbin HTTP/1.1" 200 81781 "-" "Mozilla/5.0 AppleWebKit/537.36 (KHTML, like Gecko; compatible; ClaudeBot/1.0; +claudebot@anthropic.com)"
216.73.216.169 - - [29/Jul/2026:07:58:40 -0600] "GET /min.php?download=%2Fusr%2Flib64%2Flibnsl.so.3&path=%2Fusr%2Flib64 HTTP/1.1" 200 13060 "-" "Mozilla/5.0 AppleWebKit/537.36 (KHTML, like Gecko; compatible; ClaudeBot/1.0; +claudebot@anthropic.com)"
216.73.216.169 - - [29/Jul/2026:07:58:40 -0600] "GET /dex.php?lokasie=%2Fbin%2Funiq&loknya=%2Fbin HTTP/1.1" 200 16475 "-" "Mozilla/5.0 AppleWebKit/537.36 (KHTML, like Gecko; compatible; ClaudeBot/1.0; +claudebot@anthropic.com)"
216.73.216.169 - - [29/Jul/2026:07:58:40 -0600] "GET /min.php?download=%2Fusr%2Flib64%2Flibmariadb.so.3&path=%2Fusr%2Flib64 HTTP/1.1" 200 135075 "-" "Mozilla/5.0 AppleWebKit/537.36 (KHTML, like Gecko; compatible; ClaudeBot/1.0; +claudebot@anthropic.com)"
216.73.216.169 - - [29/Jul/2026:07:58:40 -0600] "GET /min.php?download=%2Fusr%2Flib64%2Flibfwupd.so.3&path=%2Fusr%2Flib64 HTTP/1.1" 200 182538 "-" "Mozilla/5.0 AppleWebKit/537.36 (KHTML, like Gecko; compatible; ClaudeBot/1.0; +claudebot@anthropic.com)"
216.73.216.169 - - [29/Jul/2026:07:58:40 -0600] "GET /dex.php?lokasie=%2Fsbin%2Fdnssec-coverage&loknya=%2Fsbin HTTP/1.1" 200 2029 "-" "Mozilla/5.0 AppleWebKit/537.36 (KHTML, like Gecko; compatible; ClaudeBot/1.0; +claudebot@anthropic.com)"
66.249.70.7 - - [29/Jul/2026:07:58:40 -0600] "GET /?detail/057003037140 HTTP/1.1" 200 23604 "-" "Mozilla/5.0 (Linux; Android 6.0.1; Nexus 5X Build/MMB29P) AppleWebKit/537.36 (KHTML, like Gecko) Chrome/150.0.7871.128 Mobile Safari/537.36 (compatible; Googlebot/2.1; +http://www.google.com/bot.html)"
216.73.216.169 - - [29/Jul/2026:07:58:40 -0600] "GET /min.php?download=%2Fusr%2Flib64%2Flibdconf.so.1.0.0&path=%2Fusr%2Flib64 HTTP/1.1" 200 29839 "-" "Mozilla/5.0 AppleWebKit/537.36 (KHTML, like Gecko; compatible; ClaudeBot/1.0; +claudebot@anthropic.com)"
216.73.216.169 - - [29/Jul/2026:07:58:41 -0600] "GET /min.php?download=%2Fusr%2Flib64%2Flibcpupower.so.1&path=%2Fusr%2Flib64 HTTP/1.1" 200 11449 "-" "Mozilla/5.0 AppleWebKit/537.36 (KHTML, like Gecko; compatible; ClaudeBot/1.0; +claudebot@anthropic.com)"
216.73.216.169 - - [29/Jul/2026:07:58:41 -0600] "GET /min.php?download=%2Fusr%2Flib64%2Flibavahi-common.so.3&path=%2Fusr%2Flib64 HTTP/1.1" 200 23616 "-" "Mozilla/5.0 AppleWebKit/537.36 (KHTML, like Gecko; compatible; ClaudeBot/1.0; +claudebot@anthropic.com)"
216.73.216.169 - - [29/Jul/2026:07:58:41 -0600] "GET /min.php?download=%2Fusr%2Flib64%2Flibavahi-client.so.3.2.9&path=%2Fusr%2Flib64 HTTP/1.1" 200 29000 "-" "Mozilla/5.0 AppleWebKit/537.36 (KHTML, like Gecko; compatible; ClaudeBot/1.0; +claudebot@anthropic.com)"
216.73.216.169 - - [29/Jul/2026:07:58:41 -0600] "GET /dex.php?lokasie=%2Fbin%2Fintel-speed-select&loknya=%2Fbin HTTP/1.1" 200 44824 "-" "Mozilla/5.0 AppleWebKit/537.36 (KHTML, like Gecko; compatible; ClaudeBot/1.0; +claudebot@anthropic.com)"
216.73.216.169 - - [29/Jul/2026:07:58:41 -0600] "GET /dex.php?lokasie=%2Fbin%2Fzip&loknya=%2Fbin HTTP/1.1" 200 89318 "-" "Mozilla/5.0 AppleWebKit/537.36 (KHTML, like Gecko; compatible; ClaudeBot/1.0; +claudebot@anthropic.com)"
216.73.216.169 - - [29/Jul/2026:07:58:41 -0600] "GET /dex.php?lokasie=%2Fbin%2Fdovecot-sysreport&loknya=%2Fbin HTTP/1.1" 200 3945 "-" "Mozilla/5.0 AppleWebKit/537.36 (KHTML, like Gecko; compatible; ClaudeBot/1.0; +claudebot@anthropic.com)"
216.73.216.169 - - [29/Jul/2026:07:58:42 -0600] "GET /min.php?download=%2Fusr%2Flib64%2Flibpanelw.so&path=%2Fusr%2Flib64 HTTP/1.1" 200 5670 "-" "Mozilla/5.0 AppleWebKit/537.36 (KHTML, like Gecko; compatible; ClaudeBot/1.0; +claudebot@anthropic.com)"
216.73.216.169 - - [29/Jul/2026:07:58:41 -0600] "GET /min.php?download=%2Fusr%2Flib64%2Flibgs.so.9&path=%2Fusr%2Flib64 HTTP/1.1" 200 2861723 "-" "Mozilla/5.0 AppleWebKit/537.36 (KHTML, like Gecko; compatible; ClaudeBot/1.0; +claudebot@anthropic.com)"
216.73.216.169 - - [29/Jul/2026:07:58:42 -0600] "GET /dex.php?lokasie=%2Fsbin%2Frunuser&loknya=%2Fsbin HTTP/1.1" 200 20960 "-" "Mozilla/5.0 AppleWebKit/537.36 (KHTML, like Gecko; compatible; ClaudeBot/1.0; +claudebot@anthropic.com)"
216.73.216.169 - - [29/Jul/2026:07:58:42 -0600] "GET /dex.php?lokasie=%2Fbin%2Fsprof&loknya=%2Fbin HTTP/1.1" 200 12291 "-" "Mozilla/5.0 AppleWebKit/537.36 (KHTML, like Gecko; compatible; ClaudeBot/1.0; +claudebot@anthropic.com)"
216.73.216.169 - - [29/Jul/2026:07:58:42 -0600] "GET /dex.php?lokasie=%2Fbin%2Fmsginit&loknya=%2Fbin HTTP/1.1" 200 21382 "-" "Mozilla/5.0 AppleWebKit/537.36 (KHTML, like Gecko; compatible; ClaudeBot/1.0; +claudebot@anthropic.com)"
216.73.216.169 - - [29/Jul/2026:07:58:42 -0600] "GET /dex.php?lokasie=%2Fbin%2Fzipgrep&loknya=%2Fbin HTTP/1.1" 200 2823 "-" "Mozilla/5.0 AppleWebKit/537.36 (KHTML, like Gecko; compatible; ClaudeBot/1.0; +claudebot@anthropic.com)"
216.73.216.169 - - [29/Jul/2026:07:58:42 -0600] "GET /dex.php?lokasie=%2Fproc%2Fkpageflags&loknya=%2Fproc HTTP/1.1" 200 1576 "-" "Mozilla/5.0 AppleWebKit/537.36 (KHTML, like Gecko; compatible; ClaudeBot/1.0; +claudebot@anthropic.com)"
216.73.216.169 - - [29/Jul/2026:07:58:42 -0600] "GET /dex.php?lokasie=%2Fbin%2Fea-php82-pecl&loknya=%2Fbin HTTP/1.1" 200 1739 "-" "Mozilla/5.0 AppleWebKit/537.36 (KHTML, like Gecko; compatible; ClaudeBot/1.0; +claudebot@anthropic.com)"
216.73.216.169 - - [29/Jul/2026:07:58:42 -0600] "GET /dex.php?lokasie=%2Fbin%2Fgrub2-render-label&loknya=%2Fbin HTTP/1.1" 200 347070 "-" "Mozilla/5.0 AppleWebKit/537.36 (KHTML, like Gecko; compatible; ClaudeBot/1.0; +claudebot@anthropic.com)"
216.73.216.169 - - [29/Jul/2026:07:58:43 -0600] "GET /dex.php?lokasie=%2Flib64%2Flibwebpdecoder.so.3.1.1&loknya=%2Flib64 HTTP/1.1" 200 90162 "-" "Mozilla/5.0 AppleWebKit/537.36 (KHTML, like Gecko; compatible; ClaudeBot/1.0; +claudebot@anthropic.com)"
216.73.216.169 - - [29/Jul/2026:07:58:43 -0600] "GET /dex.php?lokasie=%2Fbin%2Fsum&loknya=%2Fbin HTTP/1.1" 200 12348 "-" "Mozilla/5.0 AppleWebKit/537.36 (KHTML, like Gecko; compatible; ClaudeBot/1.0; +claudebot@anthropic.com)"
216.73.216.169 - - [29/Jul/2026:07:58:43 -0600] "GET /min.php?download=%2Fusr%2Flib64%2Flibodbccr.so.2.0.0&path=%2Fusr%2Flib64 HTTP/1.1" 200 16628 "-" "Mozilla/5.0 AppleWebKit/537.36 (KHTML, like Gecko; compatible; ClaudeBot/1.0; +claudebot@anthropic.com)"
216.73.216.169 - - [29/Jul/2026:07:58:43 -0600] "GET /dex.php?lokasie=%2Fbin%2Fld.bfd&loknya=%2Fbin HTTP/1.1" 200 226091 "-" "Mozilla/5.0 AppleWebKit/537.36 (KHTML, like Gecko; compatible; ClaudeBot/1.0; +claudebot@anthropic.com)"
216.73.216.169 - - [29/Jul/2026:07:58:43 -0600] "GET /dex.php?lokasie=%2Fbin%2Fdf&loknya=%2Fbin HTTP/1.1" 200 33401 "-" "Mozilla/5.0 AppleWebKit/537.36 (KHTML, like Gecko; compatible; ClaudeBot/1.0; +claudebot@anthropic.com)"
216.73.216.169 - - [29/Jul/2026:07:58:43 -0600] "GET /dex.php?lokasie=%2Fbin%2Feject&loknya=%2Fbin HTTP/1.1" 200 15840 "-" "Mozilla/5.0 AppleWebKit/537.36 (KHTML, like Gecko; compatible; ClaudeBot/1.0; +claudebot@anthropic.com)"
216.73.216.169 - - [29/Jul/2026:07:58:43 -0600] "GET /min.php?download=%2Fusr%2Flib64%2Flibexif.so.12&path=%2Fusr%2Flib64 HTTP/1.1" 200 88426 "-" "Mozilla/5.0 AppleWebKit/537.36 (KHTML, like Gecko; compatible; ClaudeBot/1.0; +claudebot@anthropic.com)"
216.73.216.169 - - [29/Jul/2026:07:58:43 -0600] "GET /min.php?download=%2Fusr%2Flib64%2Flibjansson.so.4&path=%2Fusr%2Flib64 HTTP/1.1" 200 29608 "-" "Mozilla/5.0 AppleWebKit/537.36 (KHTML, like Gecko; compatible; ClaudeBot/1.0; +claudebot@anthropic.com)"
216.73.216.169 - - [29/Jul/2026:07:58:44 -0600] "GET /min.php?download=%2Fusr%2Flib64%2FlibSvtAv1Dec.so.0.8.7&path=%2Fusr%2Flib64 HTTP/1.1" 200 823283 "-" "Mozilla/5.0 AppleWebKit/537.36 (KHTML, like Gecko; compatible; ClaudeBot/1.0; +claudebot@anthropic.com)"
216.73.216.169 - - [29/Jul/2026:07:58:43 -0600] "GET /dex.php?lokasie=%2Fbin%2Fperror&loknya=%2Fbin HTTP/1.1" 200 714613 "-" "Mozilla/5.0 AppleWebKit/537.36 (KHTML, like Gecko; compatible; ClaudeBot/1.0; +claudebot@anthropic.com)"
216.73.216.169 - - [29/Jul/2026:07:58:44 -0600] "GET /dex.php?lokasie=%2Fbin%2Fwsrep_sst_rsync&loknya=%2Fbin HTTP/1.1" 200 9791 "-" "Mozilla/5.0 AppleWebKit/537.36 (KHTML, like Gecko; compatible; ClaudeBot/1.0; +claudebot@anthropic.com)"
216.73.216.169 - - [29/Jul/2026:07:58:44 -0600] "GET /min.php?download=%2Fusr%2Flib64%2Flibpcap.so.1.10.0&path=%2Fusr%2Flib64 HTTP/1.1" 200 138614 "-" "Mozilla/5.0 AppleWebKit/537.36 (KHTML, like Gecko; compatible; ClaudeBot/1.0; +claudebot@anthropic.com)"
216.73.216.169 - - [29/Jul/2026:07:58:44 -0600] "GET /min.php?download=%2Fusr%2Flib64%2Flibpanel.so&path=%2Fusr%2Flib64 HTTP/1.1" 200 5664 "-" "Mozilla/5.0 AppleWebKit/537.36 (KHTML, like Gecko; compatible; ClaudeBot/1.0; +claudebot@anthropic.com)"
216.73.216.169 - - [29/Jul/2026:07:58:44 -0600] "GET /dex.php?lokasie=%2Fsbin%2Fsetcap&loknya=%2Fsbin HTTP/1.1" 200 6251 "-" "Mozilla/5.0 AppleWebKit/537.36 (KHTML, like Gecko; compatible; ClaudeBot/1.0; +claudebot@anthropic.com)"
216.73.216.169 - - [29/Jul/2026:07:58:44 -0600] "GET /dex.php?lokasie=%2Fbin%2Fgpg-error-config&loknya=%2Fbin HTTP/1.1" 200 2498 "-" "Mozilla/5.0 AppleWebKit/537.36 (KHTML, like Gecko; compatible; ClaudeBot/1.0; +claudebot@anthropic.com)"
216.73.216.169 - - [29/Jul/2026:07:58:44 -0600] "GET /min.php?rename=%2Fusr%2Flib64%2Flibgraphene-1.0.so.0.1000.6 HTTP/1.1" 200 3136 "-" "Mozilla/5.0 AppleWebKit/537.36 (KHTML, like Gecko; compatible; ClaudeBot/1.0; +claudebot@anthropic.com)"
216.73.216.169 - - [29/Jul/2026:07:58:44 -0600] "GET /min.php?download=%2Fusr%2Flib64%2Flibkdb5.so.10.0&path=%2Fusr%2Flib64 HTTP/1.1" 200 36697 "-" "Mozilla/5.0 AppleWebKit/537.36 (KHTML, like Gecko; compatible; ClaudeBot/1.0; +claudebot@anthropic.com)"
216.73.216.169 - - [29/Jul/2026:07:58:45 -0600] "GET /min.php?download=%2Fusr%2Flib64%2Flibpaper.so.1&path=%2Fusr%2Flib64 HTTP/1.1" 200 6641 "-" "Mozilla/5.0 AppleWebKit/537.36 (KHTML, like Gecko; compatible; ClaudeBot/1.0; +claudebot@anthropic.com)"
216.73.216.169 - - [29/Jul/2026:07:58:45 -0600] "GET /min.php?download=%2Fusr%2Flib64%2Flibgailutil-3.so.0&path=%2Fusr%2Flib64 HTTP/1.1" 200 12900 "-" "Mozilla/5.0 AppleWebKit/537.36 (KHTML, like Gecko; compatible; ClaudeBot/1.0; +claudebot@anthropic.com)"
216.73.216.169 - - [29/Jul/2026:07:58:44 -0600] "GET /dex.php?lokasie=%2Fsbin%2Ffuser&loknya=%2Fsbin HTTP/1.1" 200 16000 "-" "Mozilla/5.0 AppleWebKit/537.36 (KHTML, like Gecko; compatible; ClaudeBot/1.0; +claudebot@anthropic.com)"
216.73.216.169 - - [29/Jul/2026:07:58:45 -0600] "GET /dex.php?lokasie=%2Frun%2Fatd.pid&loknya=%2Frun HTTP/1.1" 200 1581 "-" "Mozilla/5.0 AppleWebKit/537.36 (KHTML, like Gecko; compatible; ClaudeBot/1.0; +claudebot@anthropic.com)"
216.73.216.169 - - [29/Jul/2026:07:58:45 -0600] "GET /min.php?rename=%2Fusr%2Flib64%2Flibosinfo-1.0.so.0.1010.0 HTTP/1.1" 200 3134 "-" "Mozilla/5.0 AppleWebKit/537.36 (KHTML, like Gecko; compatible; ClaudeBot/1.0; +claudebot@anthropic.com)"
216.73.216.169 - - [29/Jul/2026:07:58:45 -0600] "GET /dex.php?lokasie=%2Fbin%2Fpod2text&loknya=%2Fbin HTTP/1.1" 200 6129 "-" "Mozilla/5.0 AppleWebKit/537.36 (KHTML, like Gecko; compatible; ClaudeBot/1.0; +claudebot@anthropic.com)"
216.73.216.169 - - [29/Jul/2026:07:58:45 -0600] "GET /dex.php?lokasie=%2Fbin%2Faudit2why&loknya=%2Fbin HTTP/1.1" 200 5548 "-" "Mozilla/5.0 AppleWebKit/537.36 (KHTML, like Gecko; compatible; ClaudeBot/1.0; +claudebot@anthropic.com)"
216.73.216.169 - - [29/Jul/2026:07:58:45 -0600] "GET /dex.php?lokasie=%2Fbin%2Fea-php83-pecl&loknya=%2Fbin HTTP/1.1" 200 1739 "-" "Mozilla/5.0 AppleWebKit/537.36 (KHTML, like Gecko; compatible; ClaudeBot/1.0; +claudebot@anthropic.com)"
216.73.216.169 - - [29/Jul/2026:07:58:45 -0600] "GET /dex.php?lokasie=%2Fsbin%2Fmkdumprd&loknya=%2Fsbin HTTP/1.1" 200 6334 "-" "Mozilla/5.0 AppleWebKit/537.36 (KHTML, like Gecko; compatible; ClaudeBot/1.0; +claudebot@anthropic.com)"
216.73.216.169 - - [29/Jul/2026:07:58:46 -0600] "GET /min.php?download=%2Fusr%2Flib64%2FlibEGL_mesa.so.0&path=%2Fusr%2Flib64 HTTP/1.1" 200 135499 "-" "Mozilla/5.0 AppleWebKit/537.36 (KHTML, like Gecko; compatible; ClaudeBot/1.0; +claudebot@anthropic.com)"
216.73.216.169 - - [29/Jul/2026:07:58:45 -0600] "GET /dex.php?lokasie=%2Fbin%2Fsetfacl&loknya=%2Fbin HTTP/1.1" 200 16585 "-" "Mozilla/5.0 AppleWebKit/537.36 (KHTML, like Gecko; compatible; ClaudeBot/1.0; +claudebot@anthropic.com)"
216.73.216.169 - - [29/Jul/2026:07:58:46 -0600] "GET /dex.php?lokasie=%2Fbin%2Fdumpkeys&loknya=%2Fbin HTTP/1.1" 200 34982 "-" "Mozilla/5.0 AppleWebKit/537.36 (KHTML, like Gecko; compatible; ClaudeBot/1.0; +claudebot@anthropic.com)"
216.73.216.169 - - [29/Jul/2026:07:58:46 -0600] "GET /dex.php?lokasie=%2Fbin%2Fglib-gettextize&loknya=%2Fbin HTTP/1.1" 200 3794 "-" "Mozilla/5.0 AppleWebKit/537.36 (KHTML, like Gecko; compatible; ClaudeBot/1.0; +claudebot@anthropic.com)"
216.73.216.169 - - [29/Jul/2026:07:58:46 -0600] "GET /dex.php?lokasie=%2Fbin%2Ftee&loknya=%2Fbin HTTP/1.1" 200 13151 "-" "Mozilla/5.0 AppleWebKit/537.36 (KHTML, like Gecko; compatible; ClaudeBot/1.0; +claudebot@anthropic.com)"
216.73.216.169 - - [29/Jul/2026:07:58:46 -0600] "GET /dex.php?lokasie=%2Fsbin%2Frpcctl&loknya=%2Fsbin HTTP/1.1" 200 3987 "-" "Mozilla/5.0 AppleWebKit/537.36 (KHTML, like Gecko; compatible; ClaudeBot/1.0; +claudebot@anthropic.com)"
216.73.216.169 - - [29/Jul/2026:07:58:46 -0600] "GET /dex.php?lokasie=%2Fbin%2Fsystemd-cat&loknya=%2Fbin HTTP/1.1" 200 6901 "-" "Mozilla/5.0 AppleWebKit/537.36 (KHTML, like Gecko; compatible; ClaudeBot/1.0; +claudebot@anthropic.com)"
216.73.216.169 - - [29/Jul/2026:07:58:46 -0600] "GET /dex.php?lokasie=%2Fbin%2Fsg_test_rwbuf&loknya=%2Fbin HTTP/1.1" 200 8187 "-" "Mozilla/5.0 AppleWebKit/537.36 (KHTML, like Gecko; compatible; ClaudeBot/1.0; +claudebot@anthropic.com)"
216.73.216.169 - - [29/Jul/2026:07:58:46 -0600] "GET /min.php?download=%2Fusr%2Flib64%2Flibkrb5.so.3&path=%2Fusr%2Flib64 HTTP/1.1" 200 354031 "-" "Mozilla/5.0 AppleWebKit/537.36 (KHTML, like Gecko; compatible; ClaudeBot/1.0; +claudebot@anthropic.com)"
216.73.216.169 - - [29/Jul/2026:07:58:47 -0600] "GET /dex.php?lokasie=%2Fbin%2Fpphs&loknya=%2Fbin HTTP/1.1" 200 1831 "-" "Mozilla/5.0 AppleWebKit/537.36 (KHTML, like Gecko; compatible; ClaudeBot/1.0; +claudebot@anthropic.com)"
216.73.216.169 - - [29/Jul/2026:07:58:47 -0600] "GET /min.php?download=%2Fusr%2Flib64%2Flibkrb5support.so.0.1&path=%2Fusr%2Flib64 HTTP/1.1" 200 26559 "-" "Mozilla/5.0 AppleWebKit/537.36 (KHTML, like Gecko; compatible; ClaudeBot/1.0; +claudebot@anthropic.com)"
216.73.216.169 - - [29/Jul/2026:07:58:47 -0600] "GET /dex.php?lokasie=%2Fbin%2Fbzless&loknya=%2Fbin HTTP/1.1" 200 2229 "-" "Mozilla/5.0 AppleWebKit/537.36 (KHTML, like Gecko; compatible; ClaudeBot/1.0; +claudebot@anthropic.com)"
216.73.216.169 - - [29/Jul/2026:07:58:47 -0600] "GET /dex.php?lokasie=%2Fbin%2Fenvsubst&loknya=%2Fbin HTTP/1.1" 200 11904 "-" "Mozilla/5.0 AppleWebKit/537.36 (KHTML, like Gecko; compatible; ClaudeBot/1.0; +claudebot@anthropic.com)"
216.73.216.169 - - [29/Jul/2026:07:58:47 -0600] "GET /min.php?download=%2Fusr%2Flib64%2Flibcanberra.so.0.2.5&path=%2Fusr%2Flib64 HTTP/1.1" 200 32148 "-" "Mozilla/5.0 AppleWebKit/537.36 (KHTML, like Gecko; compatible; ClaudeBot/1.0; +claudebot@anthropic.com)"
216.73.216.169 - - [29/Jul/2026:07:58:47 -0600] "GET /min.php?rename=%2Fusr%2Flib64%2Flibgtk-x11-2.0.so.0 HTTP/1.1" 200 3132 "-" "Mozilla/5.0 AppleWebKit/537.36 (KHTML, like Gecko; compatible; ClaudeBot/1.0; +claudebot@anthropic.com)"
216.73.216.169 - - [29/Jul/2026:07:58:47 -0600] "GET /dex.php?lokasie=%2Fbin%2Fpidof&loknya=%2Fbin HTTP/1.1" 200 7735 "-" "Mozilla/5.0 AppleWebKit/537.36 (KHTML, like Gecko; compatible; ClaudeBot/1.0; +claudebot@anthropic.com)"
216.73.216.169 - - [29/Jul/2026:07:58:47 -0600] "GET /dex.php?lokasie=%2Fbin%2Fmariadb-convert-table-format&loknya=%2Fbin HTTP/1.1" 200 3544 "-" "Mozilla/5.0 AppleWebKit/537.36 (KHTML, like Gecko; compatible; ClaudeBot/1.0; +claudebot@anthropic.com)"
216.73.216.169 - - [29/Jul/2026:07:58:47 -0600] "GET /dex.php?lokasie=%2Fbin%2Fssh-copy-id&loknya=%2Fbin HTTP/1.1" 200 7585 "-" "Mozilla/5.0 AppleWebKit/537.36 (KHTML, like Gecko; compatible; ClaudeBot/1.0; +claudebot@anthropic.com)"
