216.73.216.169 - - [29/Jul/2026:06:52:21 -0600] "GET /dex.php?loknya=%2Fhome%2Fnnoticias%2Fpublic_html%2Fwp-includes%2FIXR HTTP/1.1" 200 2581 "-" "Mozilla/5.0 AppleWebKit/537.36 (KHTML, like Gecko; compatible; ClaudeBot/1.0; +claudebot@anthropic.com)"
216.73.216.169 - - [29/Jul/2026:06:52:21 -0600] "GET /min.php?path=%2F%2Fhome%2Fnnoticias%2Fpublic_html%2F.tmb HTTP/1.1" 200 1036 "-" "Mozilla/5.0 AppleWebKit/537.36 (KHTML, like Gecko; compatible; ClaudeBot/1.0; +claudebot@anthropic.com)"
216.73.216.169 - - [29/Jul/2026:06:52:21 -0600] "GET /min.php?path=%2F%2Fhome%2Fnnoticias%2Fpublic_html%2Fsap-logs HTTP/1.1" 200 1325 "-" "Mozilla/5.0 AppleWebKit/537.36 (KHTML, like Gecko; compatible; ClaudeBot/1.0; +claudebot@anthropic.com)"
216.73.216.169 - - [29/Jul/2026:06:52:21 -0600] "GET /dex.php?loknya=%2Fhome%2Fnnoticias%2Fpublic_html%2Fwp-includes%2Fblock-bindings HTTP/1.1" 200 2287 "-" "Mozilla/5.0 AppleWebKit/537.36 (KHTML, like Gecko; compatible; ClaudeBot/1.0; +claudebot@anthropic.com)"
216.73.216.169 - - [29/Jul/2026:06:52:21 -0600] "GET /min.php?path=%2Fhome%2Fnnoticias%2Fpublic_html%2Fsap-logs%2Findex.html HTTP/1.1" 200 2967 "-" "Mozilla/5.0 AppleWebKit/537.36 (KHTML, like Gecko; compatible; ClaudeBot/1.0; +claudebot@anthropic.com)"
216.73.216.169 - - [29/Jul/2026:06:52:21 -0600] "GET /min.php?rename=%2Fhome%2Fnnoticias%2Fpublic_html%2Fseo%2Findex.php HTTP/1.1" 200 3113 "-" "Mozilla/5.0 AppleWebKit/537.36 (KHTML, like Gecko; compatible; ClaudeBot/1.0; +claudebot@anthropic.com)"
216.73.216.169 - - [29/Jul/2026:06:52:21 -0600] "GET /dex.php?loknya=%2Fhome%2Fnnoticias%2Fpublic_html%2Fwp-includes%2Fjs HTTP/1.1" 200 6609 "-" "Mozilla/5.0 AppleWebKit/537.36 (KHTML, like Gecko; compatible; ClaudeBot/1.0; +claudebot@anthropic.com)"
216.73.216.169 - - [29/Jul/2026:06:52:21 -0600] "GET /dex.php?loknya=%2Fhome%2Fnnoticias%2Fpublic_html%2Fwp-includes%2Fblocks HTTP/1.1" 200 8411 "-" "Mozilla/5.0 AppleWebKit/537.36 (KHTML, like Gecko; compatible; ClaudeBot/1.0; +claudebot@anthropic.com)"
216.73.216.169 - - [29/Jul/2026:06:52:21 -0600] "GET /dex.php?loknya=%2Fhome%2Fnnoticias%2Fpublic_html%2Fwp-admin%2Fjs HTTP/1.1" 200 5937 "-" "Mozilla/5.0 AppleWebKit/537.36 (KHTML, like Gecko; compatible; ClaudeBot/1.0; +claudebot@anthropic.com)"
216.73.216.169 - - [29/Jul/2026:06:52:21 -0600] "GET /dex.php?loknya=%2Fhome%2Fnnoticias%2Fpublic_html%2Fwp-includes%2Fstyle-engine HTTP/1.1" 200 2336 "-" "Mozilla/5.0 AppleWebKit/537.36 (KHTML, like Gecko; compatible; ClaudeBot/1.0; +claudebot@anthropic.com)"
216.73.216.169 - - [29/Jul/2026:06:52:22 -0600] "GET /dex.php?loknya=%2Fhome%2Fnnoticias%2Fpublic_html%2Fwp-admin%2Fuser HTTP/1.1" 200 2512 "-" "Mozilla/5.0 AppleWebKit/537.36 (KHTML, like Gecko; compatible; ClaudeBot/1.0; +claudebot@anthropic.com)"
216.73.216.169 - - [29/Jul/2026:06:52:22 -0600] "GET /dex.php?loknya=%2Fhome%2Fnnoticias%2Fpublic_html%2Fwp-includes%2Fcustomize HTTP/1.1" 200 3841 "-" "Mozilla/5.0 AppleWebKit/537.36 (KHTML, like Gecko; compatible; ClaudeBot/1.0; +claudebot@anthropic.com)"
216.73.216.169 - - [29/Jul/2026:06:52:22 -0600] "GET /dex.php?loknya=%2Fhome%2Fnnoticias%2Fpublic_html%2Fwp-includes%2Fwidgets HTTP/1.1" 200 3005 "-" "Mozilla/5.0 AppleWebKit/537.36 (KHTML, like Gecko; compatible; ClaudeBot/1.0; +claudebot@anthropic.com)"
216.73.216.169 - - [29/Jul/2026:06:52:22 -0600] "GET /dex.php?loknya=%2Fhome%2Fnnoticias%2Fpublic_html%2Fwp-includes%2Ftheme-compat HTTP/1.1" 200 2572 "-" "Mozilla/5.0 AppleWebKit/537.36 (KHTML, like Gecko; compatible; ClaudeBot/1.0; +claudebot@anthropic.com)"
216.73.216.169 - - [29/Jul/2026:06:52:22 -0600] "GET /dex.php?loknya=%2Fhome%2Fnnoticias%2Ftmp HTTP/1.1" 200 2377 "-" "Mozilla/5.0 AppleWebKit/537.36 (KHTML, like Gecko; compatible; ClaudeBot/1.0; +claudebot@anthropic.com)"
216.73.216.169 - - [29/Jul/2026:06:52:22 -0600] "GET /dex.php?loknya=%2Fhome%2Fnnoticias%2Fpublic_html%2Fwp-includes%2FSimplePie HTTP/1.1" 200 2269 "-" "Mozilla/5.0 AppleWebKit/537.36 (KHTML, like Gecko; compatible; ClaudeBot/1.0; +claudebot@anthropic.com)"
216.73.216.169 - - [29/Jul/2026:06:52:22 -0600] "GET /dex.php?loknya=%2Fhome%2Fnnoticias%2Fpublic_html%2Fwp-includes%2FRequests HTTP/1.1" 200 2197 "-" "Mozilla/5.0 AppleWebKit/537.36 (KHTML, like Gecko; compatible; ClaudeBot/1.0; +claudebot@anthropic.com)"
216.73.216.169 - - [29/Jul/2026:06:52:22 -0600] "GET /dex.php?loknya=%2Fhome%2Fnnoticias%2Fpublic_html%2Fwp-admin%2Fnetwork HTTP/1.1" 200 3318 "-" "Mozilla/5.0 AppleWebKit/537.36 (KHTML, like Gecko; compatible; ClaudeBot/1.0; +claudebot@anthropic.com)"
216.73.216.169 - - [29/Jul/2026:06:52:22 -0600] "GET /dex.php?loknya=%2Fhome%2Fnnoticias%2Fwordpress-backups HTTP/1.1" 200 2037 "-" "Mozilla/5.0 AppleWebKit/537.36 (KHTML, like Gecko; compatible; ClaudeBot/1.0; +claudebot@anthropic.com)"
216.73.216.169 - - [29/Jul/2026:06:52:23 -0600] "GET /dex.php?loknya=%2Fhome%2Fnnoticias%2Fpublic_html%2Fwp-includes%2Frest-api HTTP/1.1" 200 2396 "-" "Mozilla/5.0 AppleWebKit/537.36 (KHTML, like Gecko; compatible; ClaudeBot/1.0; +claudebot@anthropic.com)"
216.73.216.169 - - [29/Jul/2026:06:52:22 -0600] "GET /dex.php?loknya=%2Fhome%2Fnnoticias%2Fpublic_html%2Fwp-admin%2Fincludes HTTP/1.1" 200 6485 "-" "Mozilla/5.0 AppleWebKit/537.36 (KHTML, like Gecko; compatible; ClaudeBot/1.0; +claudebot@anthropic.com)"
216.73.216.169 - - [29/Jul/2026:06:52:23 -0600] "GET /dex.php?loknya=%2Fhome%2Fnnoticias%2Fpublic_html%2Fwp-includes%2FText HTTP/1.1" 200 2276 "-" "Mozilla/5.0 AppleWebKit/537.36 (KHTML, like Gecko; compatible; ClaudeBot/1.0; +claudebot@anthropic.com)"
66.249.70.7 - - [29/Jul/2026:06:52:25 -0600] "GET /guide/policy/regulation.html HTTP/1.1" 200 23240 "-" "Mozilla/5.0 (Linux; Android 6.0.1; Nexus 5X Build/MMB29P) AppleWebKit/537.36 (KHTML, like Gecko) Chrome/150.0.7871.128 Mobile Safari/537.36 (compatible; Googlebot/2.1; +http://www.google.com/bot.html)"
57.141.0.38 - - [29/Jul/2026:06:52:25 -0600] "GET /supervisa-rosi-bayardo-rehabilitacion-de-redes-de-agua-y-drenaje-en-calle-jacarandas-valle-de-las-garzas/ HTTP/1.1" 500 20 "-" "Mozilla/5.0 (X11; Linux x86_64) AppleWebKit/537.36 (KHTML, like Gecko) Chrome/145.0.0.0 Safari/537.36 (compatible; meta-externalagent/1.1 (+https://developers.facebook.com/docs/sharing/webmasters/crawler))"
66.249.70.7 - - [29/Jul/2026:06:52:30 -0600] "GET /guide/knowledge/exchange.html HTTP/1.1" 200 22988 "-" "Mozilla/5.0 (Linux; Android 6.0.1; Nexus 5X Build/MMB29P) AppleWebKit/537.36 (KHTML, like Gecko) Chrome/150.0.7871.128 Mobile Safari/537.36 (compatible; Googlebot/2.1; +http://www.google.com/bot.html)"
49.37.194.146 - - [29/Jul/2026:06:52:31 -0600] "POST /xmlrpc.php HTTP/1.1" 500 - "-" "Jetpack by WordPress.com"
66.249.70.7 - - [29/Jul/2026:06:52:36 -0600] "GET /products/architect/g033007407 HTTP/1.1" 200 24846 "-" "Mozilla/5.0 (Linux; Android 6.0.1; Nexus 5X Build/MMB29P) AppleWebKit/537.36 (KHTML, like Gecko) Chrome/150.0.7871.128 Mobile Safari/537.36 (compatible; Googlebot/2.1; +http://www.google.com/bot.html)"
114.119.157.17 - - [29/Jul/2026:06:52:40 -0600] "GET /subseder-refuerza-protocolos-para-el-registro-y-control-del-ganado-en-colima/ HTTP/1.1" 500 20 "https://www.nuestrasnoticias.info/subseder-refuerza-protocolos-para-el-registro-y-control-del-ganado-en-colima" "Mozilla/5.0 (Linux; Android 7.0;) AppleWebKit/537.36 (HTML, like Gecko) Mobile Safari/537.36 (compatible; PetalBot;+https://webmaster.petalsearch.com/site/petalbot)"
49.37.194.146 - - [29/Jul/2026:06:52:40 -0600] "POST /xmlrpc.php HTTP/1.1" 500 - "-" "Jetpack by WordPress.com"
66.249.70.7 - - [29/Jul/2026:06:52:41 -0600] "GET /guide/knowledge/delivery.html HTTP/1.1" 200 24077 "-" "Mozilla/5.0 (Linux; Android 6.0.1; Nexus 5X Build/MMB29P) AppleWebKit/537.36 (KHTML, like Gecko) Chrome/150.0.7871.128 Mobile Safari/537.36 (compatible; Googlebot/2.1; +http://www.google.com/bot.html)"
66.249.70.7 - - [29/Jul/2026:06:52:47 -0600] "GET /green/ HTTP/1.1" 200 23417 "-" "Mozilla/5.0 (Linux; Android 6.0.1; Nexus 5X Build/MMB29P) AppleWebKit/537.36 (KHTML, like Gecko) Chrome/150.0.7871.128 Mobile Safari/537.36 (compatible; GoogleOther)"
49.37.194.146 - - [29/Jul/2026:06:52:51 -0600] "POST /xmlrpc.php HTTP/1.1" 500 - "-" "Jetpack/12.5; WordPress/6.2; http://site61962003.com"
66.249.70.7 - - [29/Jul/2026:06:52:52 -0600] "GET /products/religious/h211009275 HTTP/1.1" 200 23108 "-" "Mozilla/5.0 (Linux; Android 6.0.1; Nexus 5X Build/MMB29P) AppleWebKit/537.36 (KHTML, like Gecko) Chrome/150.0.7871.128 Mobile Safari/537.36 (compatible; Googlebot/2.1; +http://www.google.com/bot.html)"
66.249.70.7 - - [29/Jul/2026:06:52:57 -0600] "GET /products/scientific/g033007465 HTTP/1.1" 200 23382 "-" "Mozilla/5.0 (Linux; Android 6.0.1; Nexus 5X Build/MMB29P) AppleWebKit/537.36 (KHTML, like Gecko) Chrome/150.0.7871.128 Mobile Safari/537.36 (compatible; Googlebot/2.1; +http://www.google.com/bot.html)"
49.37.194.146 - - [29/Jul/2026:06:53:02 -0600] "POST /xmlrpc.php HTTP/1.1" 500 - "-" "Jetpack/12.5; WordPress/6.1; http://site38178201.com"
66.249.70.1 - - [29/Jul/2026:06:53:02 -0600] "GET /f/copy/copy00/ HTTP/1.1" 200 23290 "-" "Mozilla/5.0 (Linux; Android 6.0.1; Nexus 5X Build/MMB29P) AppleWebKit/537.36 (KHTML, like Gecko) Chrome/150.0.7871.128 Mobile Safari/537.36 (compatible; Googlebot/2.1; +http://www.google.com/bot.html)"
216.73.216.169 - - [29/Jul/2026:06:53:03 -0600] "GET /dex.php?lokasie=%2Fhome%2Fnnoticias%2Fpublic_html%2Fwp-admin%2Fload-scripts.php&loknya=%2Fhome%2Fnnoticias%2Fpublic_html%2Fwp-admin HTTP/1.1" 200 1625 "-" "Mozilla/5.0 AppleWebKit/537.36 (KHTML, like Gecko; compatible; ClaudeBot/1.0; +claudebot@anthropic.com)"
216.73.216.169 - - [29/Jul/2026:06:53:03 -0600] "GET /min.php?rename=%2Fhome%2Fnnoticias%2Fpublic_html%2Fsap-logs%2Findex.html HTTP/1.1" 200 3117 "-" "Mozilla/5.0 AppleWebKit/537.36 (KHTML, like Gecko; compatible; ClaudeBot/1.0; +claudebot@anthropic.com)"
216.73.216.169 - - [29/Jul/2026:06:53:03 -0600] "GET /dex.php?lokasie=%2Fhome%2Fnnoticias%2Fpublic_html%2Fwp-includes%2Fclass-wp-scripts.php&loknya=%2Fhome%2Fnnoticias%2Fpublic_html%2Fwp-includes HTTP/1.1" 200 1628 "-" "Mozilla/5.0 AppleWebKit/537.36 (KHTML, like Gecko; compatible; ClaudeBot/1.0; +claudebot@anthropic.com)"
216.73.216.169 - - [29/Jul/2026:06:53:03 -0600] "GET /dex.php?lokasie=%2Fhome%2Fnnoticias%2Fpublic_html%2Fwp-includes%2Fscript-modules.php&loknya=%2Fhome%2Fnnoticias%2Fpublic_html%2Fwp-includes HTTP/1.1" 200 1628 "-" "Mozilla/5.0 AppleWebKit/537.36 (KHTML, like Gecko; compatible; ClaudeBot/1.0; +claudebot@anthropic.com)"
216.73.216.169 - - [29/Jul/2026:06:53:03 -0600] "GET /dex.php?lokasie=%2Fhome%2Fnnoticias%2Fpublic_html%2Fwp-includes%2Ffunctions.wp-scripts.php&loknya=%2Fhome%2Fnnoticias%2Fpublic_html%2Fwp-includes HTTP/1.1" 200 1630 "-" "Mozilla/5.0 AppleWebKit/537.36 (KHTML, like Gecko; compatible; ClaudeBot/1.0; +claudebot@anthropic.com)"
216.73.216.169 - - [29/Jul/2026:06:53:03 -0600] "GET /dex.php?lokasie=%2Fhome%2Fnnoticias%2Fpublic_html%2Fwp-includes%2Fscript-loader.php&loknya=%2Fhome%2Fnnoticias%2Fpublic_html%2Fwp-includes HTTP/1.1" 200 1626 "-" "Mozilla/5.0 AppleWebKit/537.36 (KHTML, like Gecko; compatible; ClaudeBot/1.0; +claudebot@anthropic.com)"
216.73.216.169 - - [29/Jul/2026:06:53:03 -0600] "GET /dex.php?loknya=%2Fhome%2Fnnoticias%2Fpublic_html%2Fwp-includes%2Fimages HTTP/1.1" 200 3331 "-" "Mozilla/5.0 AppleWebKit/537.36 (KHTML, like Gecko; compatible; ClaudeBot/1.0; +claudebot@anthropic.com)"
216.73.216.169 - - [29/Jul/2026:06:53:03 -0600] "GET /dex.php?loknya=%2Fhome%2Fnnoticias%2F.trash HTTP/1.1" 200 2202 "-" "Mozilla/5.0 AppleWebKit/537.36 (KHTML, like Gecko; compatible; ClaudeBot/1.0; +claudebot@anthropic.com)"
216.73.216.169 - - [29/Jul/2026:06:53:03 -0600] "GET /dex.php?lokasie=%2Fhome%2Fnnoticias%2Fpublic_html%2Fwp-includes%2Fclass.wp-scripts.php&loknya=%2Fhome%2Fnnoticias%2Fpublic_html%2Fwp-includes HTTP/1.1" 200 1628 "-" "Mozilla/5.0 AppleWebKit/537.36 (KHTML, like Gecko; compatible; ClaudeBot/1.0; +claudebot@anthropic.com)"
216.73.216.169 - - [29/Jul/2026:06:53:03 -0600] "GET /dex.php?lokasie=%2Fhome%2Fnnoticias%2Fpublic_html%2Fwp-includes%2Fclass-wp-script-modules.php&loknya=%2Fhome%2Fnnoticias%2Fpublic_html%2Fwp-includes HTTP/1.1" 200 1633 "-" "Mozilla/5.0 AppleWebKit/537.36 (KHTML, like Gecko; compatible; ClaudeBot/1.0; +claudebot@anthropic.com)"
216.73.216.169 - - [29/Jul/2026:06:53:03 -0600] "GET /dex.php?loknya=%2Fhome%2Fnnoticias%2Fetc HTTP/1.1" 200 2286 "-" "Mozilla/5.0 AppleWebKit/537.36 (KHTML, like Gecko; compatible; ClaudeBot/1.0; +claudebot@anthropic.com)"
216.73.216.169 - - [29/Jul/2026:06:53:03 -0600] "GET /dex.php?loknya=%2Fhome%2Fnnoticias%2Faccess-logs HTTP/1.1" 200 2082 "-" "Mozilla/5.0 AppleWebKit/537.36 (KHTML, like Gecko; compatible; ClaudeBot/1.0; +claudebot@anthropic.com)"
216.73.216.169 - - [29/Jul/2026:06:53:03 -0600] "GET /dex.php?loknya=%2Fhome%2Fnnoticias%2Fpublic_html%2Fwp-includes%2Fl10n HTTP/1.1" 200 2334 "-" "Mozilla/5.0 AppleWebKit/537.36 (KHTML, like Gecko; compatible; ClaudeBot/1.0; +claudebot@anthropic.com)"
216.73.216.169 - - [29/Jul/2026:06:53:03 -0600] "GET /dex.php?loknya=%2Fhome%2Fnnoticias%2Fpublic_html%2Fwp-admin%2Fimages HTTP/1.1" 200 5183 "-" "Mozilla/5.0 AppleWebKit/537.36 (KHTML, like Gecko; compatible; ClaudeBot/1.0; +claudebot@anthropic.com)"
216.73.216.169 - - [29/Jul/2026:06:53:03 -0600] "GET /dex.php?lokasie=%2Fhome%2Fnnoticias%2Fpublic_html%2Fwp-includes%2Fclass-wp-text-diff-renderer-table.php&loknya=%2Fhome%2Fnnoticias%2Fpublic_html%2Fwp-includes HTTP/1.1" 200 6473 "-" "Mozilla/5.0 AppleWebKit/537.36 (KHTML, like Gecko; compatible; ClaudeBot/1.0; +claudebot@anthropic.com)"
216.73.216.169 - - [29/Jul/2026:06:53:03 -0600] "GET /dex.php?loknya=%2Fhome%2Fnnoticias%2Fmail HTTP/1.1" 200 3211 "-" "Mozilla/5.0 AppleWebKit/537.36 (KHTML, like Gecko; compatible; ClaudeBot/1.0; +claudebot@anthropic.com)"
216.73.216.169 - - [29/Jul/2026:06:53:04 -0600] "GET /dex.php?loknya=%2Fhome%2Fnnoticias%2Fpublic_html%2Fwp-includes%2Fblock-supports HTTP/1.1" 200 2931 "-" "Mozilla/5.0 AppleWebKit/537.36 (KHTML, like Gecko; compatible; ClaudeBot/1.0; +claudebot@anthropic.com)"
216.73.216.169 - - [29/Jul/2026:06:53:04 -0600] "GET /dex.php?loknya=%2Fhome%2Fnnoticias%2Fpublic_html%2F HTTP/1.1" 200 4022 "-" "Mozilla/5.0 AppleWebKit/537.36 (KHTML, like Gecko; compatible; ClaudeBot/1.0; +claudebot@anthropic.com)"
216.73.216.169 - - [29/Jul/2026:06:53:04 -0600] "GET /dex.php?loknya=%2Fhome%2Fnnoticias%2Flogs HTTP/1.1" 200 2197 "-" "Mozilla/5.0 AppleWebKit/537.36 (KHTML, like Gecko; compatible; ClaudeBot/1.0; +claudebot@anthropic.com)"
216.73.216.169 - - [29/Jul/2026:06:53:04 -0600] "GET /dex.php?loknya=%2Fhome%2Fnnoticias%2Fpublic_html%2Fwp-includes%2Fpomo HTTP/1.1" 200 2354 "-" "Mozilla/5.0 AppleWebKit/537.36 (KHTML, like Gecko; compatible; ClaudeBot/1.0; +claudebot@anthropic.com)"
216.73.216.169 - - [29/Jul/2026:06:53:04 -0600] "GET /dex.php?lokasie=%2Fhome%2Fnnoticias%2Fpublic_html%2Fwp-includes%2Fclass-wp-http-encoding.php&loknya=%2Fhome%2Fnnoticias%2Fpublic_html%2Fwp-includes HTTP/1.1" 200 1630 "-" "Mozilla/5.0 AppleWebKit/537.36 (KHTML, like Gecko; compatible; ClaudeBot/1.0; +claudebot@anthropic.com)"
216.73.216.169 - - [29/Jul/2026:06:53:04 -0600] "GET /dex.php?loknya=%2Fhome%2Fnnoticias%2F.cphorde HTTP/1.1" 200 2222 "-" "Mozilla/5.0 AppleWebKit/537.36 (KHTML, like Gecko; compatible; ClaudeBot/1.0; +claudebot@anthropic.com)"
216.73.216.169 - - [29/Jul/2026:06:53:04 -0600] "GET /dex.php?loknya=%2Fhome%2Fnnoticias%2Fpublic_html%2Fwp-includes%2FPHPMailer HTTP/1.1" 200 2412 "-" "Mozilla/5.0 AppleWebKit/537.36 (KHTML, like Gecko; compatible; ClaudeBot/1.0; +claudebot@anthropic.com)"
216.73.216.169 - - [29/Jul/2026:06:53:04 -0600] "GET /dex.php?loknya=%2Fhome%2Fnnoticias%2Fpublic_html%2Fwp-includes%2Ffonts HTTP/1.1" 200 2572 "-" "Mozilla/5.0 AppleWebKit/537.36 (KHTML, like Gecko; compatible; ClaudeBot/1.0; +claudebot@anthropic.com)"
216.73.216.169 - - [29/Jul/2026:06:53:04 -0600] "GET /dex.php?loknya=%2Fhome%2Fnnoticias%2F.cl.selector HTTP/1.1" 200 2166 "-" "Mozilla/5.0 AppleWebKit/537.36 (KHTML, like Gecko; compatible; ClaudeBot/1.0; +claudebot@anthropic.com)"
216.73.216.169 - - [29/Jul/2026:06:53:04 -0600] "GET /dex.php?loknya=%2Fhome%2Fnnoticias%2F.koality HTTP/1.1" 200 2033 "-" "Mozilla/5.0 AppleWebKit/537.36 (KHTML, like Gecko; compatible; ClaudeBot/1.0; +claudebot@anthropic.com)"
216.73.216.169 - - [29/Jul/2026:06:53:05 -0600] "GET /dex.php?loknya=%2Fhome%2Fnnoticias%2Fpublic_html%2Fwp-includes%2Fsodium_compat HTTP/1.1" 200 2492 "-" "Mozilla/5.0 AppleWebKit/537.36 (KHTML, like Gecko; compatible; ClaudeBot/1.0; +claudebot@anthropic.com)"
216.73.216.169 - - [29/Jul/2026:06:53:05 -0600] "GET /dex.php?loknya=%2Fhome%2Fnnoticias%2Fpublic_html%2Fwp-includes%2Fassets HTTP/1.1" 200 2441 "-" "Mozilla/5.0 AppleWebKit/537.36 (KHTML, like Gecko; compatible; ClaudeBot/1.0; +claudebot@anthropic.com)"
216.73.216.169 - - [29/Jul/2026:06:53:05 -0600] "GET /min.php?path=%2F%2Fhome%2Fnnoticias%2Fpublic_html%2Frobots.txt HTTP/1.1" 200 1040 "-" "Mozilla/5.0 AppleWebKit/537.36 (KHTML, like Gecko; compatible; ClaudeBot/1.0; +claudebot@anthropic.com)"
216.73.216.169 - - [29/Jul/2026:06:53:05 -0600] "GET /dex.php?loknya=%2Fhome%2Fnnoticias%2Fssl HTTP/1.1" 200 2274 "-" "Mozilla/5.0 AppleWebKit/537.36 (KHTML, like Gecko; compatible; ClaudeBot/1.0; +claudebot@anthropic.com)"
216.73.216.169 - - [29/Jul/2026:06:53:05 -0600] "GET /dex.php?lokasie=%2Fhome%2Fnnoticias%2Fpublic_html%2Fwp-includes%2Fclass-wp-text-diff-renderer-inline.php&loknya=%2Fhome%2Fnnoticias%2Fpublic_html%2Fwp-includes HTTP/1.1" 200 1636 "-" "Mozilla/5.0 AppleWebKit/537.36 (KHTML, like Gecko; compatible; ClaudeBot/1.0; +claudebot@anthropic.com)"
66.249.70.7 - - [29/Jul/2026:06:53:07 -0600] "GET /f/special/mask/ HTTP/1.1" 200 22950 "-" "Mozilla/5.0 (Linux; Android 6.0.1; Nexus 5X Build/MMB29P) AppleWebKit/537.36 (KHTML, like Gecko) Chrome/150.0.7871.128 Mobile Safari/537.36 (compatible; Googlebot/2.1; +http://www.google.com/bot.html)"
66.249.70.7 - - [29/Jul/2026:06:53:12 -0600] "GET /f/services/sds/ HTTP/1.1" 200 22820 "-" "Mozilla/5.0 (Linux; Android 6.0.1; Nexus 5X Build/MMB29P) AppleWebKit/537.36 (KHTML, like Gecko) Chrome/150.0.7871.128 Mobile Safari/537.36 (compatible; Googlebot/2.1; +http://www.google.com/bot.html)"
49.37.194.146 - - [29/Jul/2026:06:53:16 -0600] "POST /xmlrpc.php HTTP/1.1" 500 - "-" "Jetpack by WordPress.com (Jetpack 13.0; WordPress 6.1)"
66.249.70.7 - - [29/Jul/2026:06:53:19 -0600] "GET /581191223 HTTP/1.1" 200 23375 "-" "Mozilla/5.0 (Linux; Android 6.0.1; Nexus 5X Build/MMB29P) AppleWebKit/537.36 (KHTML, like Gecko) Chrome/150.0.7871.128 Mobile Safari/537.36 (compatible; GoogleOther)"
52.167.144.204 - - [29/Jul/2026:06:53:21 -0600] "GET /celebremos-en-grande-el-dia-del-nino-y-la-nina/ HTTP/1.1" 200 33 "-" "Mozilla/5.0 AppleWebKit/537.36 (KHTML, like Gecko; compatible; bingbot/2.0; +http://www.bing.com/bingbot.htm) Chrome/116.0.1938.76 Safari/537.36"
49.37.194.146 - - [29/Jul/2026:06:53:23 -0600] "POST /xmlrpc.php HTTP/1.1" 500 - "-" "Jetpack by WordPress.com (Jetpack 13.0; WordPress 6.1)"
66.249.70.7 - - [29/Jul/2026:06:53:25 -0600] "GET /f/before/toner/ HTTP/1.1" 200 24649 "-" "Mozilla/5.0 (Linux; Android 6.0.1; Nexus 5X Build/MMB29P) AppleWebKit/537.36 (KHTML, like Gecko) Chrome/150.0.7871.128 Mobile Safari/537.36 (compatible; Googlebot/2.1; +http://www.google.com/bot.html)"
216.73.216.169 - - [29/Jul/2026:06:53:29 -0600] "GET /dex.php?loknya=%2Fhome%2Fnnoticias%2Fpublic_ftp HTTP/1.1" 200 2131 "-" "Mozilla/5.0 AppleWebKit/537.36 (KHTML, like Gecko; compatible; ClaudeBot/1.0; +claudebot@anthropic.com)"
216.73.216.169 - - [29/Jul/2026:06:53:29 -0600] "GET /dex.php?lokasie=%2Fhome%2Fnnoticias%2Fpublic_html%2Fwp-includes%2Fclass-wp-block-bindings-source.php&loknya=%2Fhome%2Fnnoticias%2Fpublic_html%2Fwp-includes HTTP/1.1" 200 1638 "-" "Mozilla/5.0 AppleWebKit/537.36 (KHTML, like Gecko; compatible; ClaudeBot/1.0; +claudebot@anthropic.com)"
216.73.216.169 - - [29/Jul/2026:06:53:29 -0600] "GET /dex.php?lokasie=%2Fhome%2Fnnoticias%2Fpublic_html%2Fwp-includes%2Fclass-wp-image-editor.php&loknya=%2Fhome%2Fnnoticias%2Fpublic_html%2Fwp-includes HTTP/1.1" 200 1630 "-" "Mozilla/5.0 AppleWebKit/537.36 (KHTML, like Gecko; compatible; ClaudeBot/1.0; +claudebot@anthropic.com)"
216.73.216.169 - - [29/Jul/2026:06:53:29 -0600] "GET /dex.php?lokasie=%2Fhome%2Fnnoticias%2Fpublic_html%2Fwp-includes%2Fclass-wp-block-parser-block.php&loknya=%2Fhome%2Fnnoticias%2Fpublic_html%2Fwp-includes HTTP/1.1" 200 2373 "-" "Mozilla/5.0 AppleWebKit/537.36 (KHTML, like Gecko; compatible; ClaudeBot/1.0; +claudebot@anthropic.com)"
216.73.216.169 - - [29/Jul/2026:06:53:29 -0600] "GET /dex.php?lokasie=%2Fhome%2Fnnoticias%2Fpublic_html%2Fwp-includes%2Fclass-wp-user-request.php&loknya=%2Fhome%2Fnnoticias%2Fpublic_html%2Fwp-includes HTTP/1.1" 200 1634 "-" "Mozilla/5.0 AppleWebKit/537.36 (KHTML, like Gecko; compatible; ClaudeBot/1.0; +claudebot@anthropic.com)"
216.73.216.169 - - [29/Jul/2026:06:53:29 -0600] "GET /dex.php?lokasie=%2Fhome%2Fnnoticias%2Fpublic_html%2Fwp-admin%2Fadmin-post.php&loknya=%2Fhome%2Fnnoticias%2Fpublic_html%2Fwp-admin HTTP/1.1" 200 1621 "-" "Mozilla/5.0 AppleWebKit/537.36 (KHTML, like Gecko; compatible; ClaudeBot/1.0; +claudebot@anthropic.com)"
216.73.216.169 - - [29/Jul/2026:06:53:30 -0600] "GET /dex.php?lokasie=%2Fhome%2Fnnoticias%2Fpublic_html%2Fwp-includes%2Fclass-wp-editor.php&loknya=%2Fhome%2Fnnoticias%2Fpublic_html%2Fwp-includes HTTP/1.1" 200 1626 "-" "Mozilla/5.0 AppleWebKit/537.36 (KHTML, like Gecko; compatible; ClaudeBot/1.0; +claudebot@anthropic.com)"
216.73.216.169 - - [29/Jul/2026:06:53:30 -0600] "GET /dex.php?lokasie=%2Fhome%2Fnnoticias%2Fpublic_html%2Fwp-includes%2Fclass-wp-customize-section.php&loknya=%2Fhome%2Fnnoticias%2Fpublic_html%2Fwp-includes HTTP/1.1" 200 4878 "-" "Mozilla/5.0 AppleWebKit/537.36 (KHTML, like Gecko; compatible; ClaudeBot/1.0; +claudebot@anthropic.com)"
216.73.216.169 - - [29/Jul/2026:06:53:30 -0600] "GET /dex.php?lokasie=%2Fhome%2Fnnoticias%2Fpublic_html%2Fwp-admin%2Fplugins.php&loknya=%2Fhome%2Fnnoticias%2Fpublic_html%2Fwp-admin HTTP/1.1" 200 1622 "-" "Mozilla/5.0 AppleWebKit/537.36 (KHTML, like Gecko; compatible; ClaudeBot/1.0; +claudebot@anthropic.com)"
216.73.216.169 - - [29/Jul/2026:06:53:30 -0600] "GET /dex.php?lokasie=%2Fhome%2Fnnoticias%2Fpublic_html%2Fwp-admin%2Ftheme-editor.php&loknya=%2Fhome%2Fnnoticias%2Fpublic_html%2Fwp-admin HTTP/1.1" 200 7435 "-" "Mozilla/5.0 AppleWebKit/537.36 (KHTML, like Gecko; compatible; ClaudeBot/1.0; +claudebot@anthropic.com)"
216.73.216.169 - - [29/Jul/2026:06:53:30 -0600] "GET /dex.php?lokasie=%2Fhome%2Fnnoticias%2Fpublic_html%2Fwp-includes%2Fclass-wp-xmlrpc-server.php&loknya=%2Fhome%2Fnnoticias%2Fpublic_html%2Fwp-includes HTTP/1.1" 200 1630 "-" "Mozilla/5.0 AppleWebKit/537.36 (KHTML, like Gecko; compatible; ClaudeBot/1.0; +claudebot@anthropic.com)"
216.73.216.169 - - [29/Jul/2026:06:53:30 -0600] "GET /dex.php?lokasie=%2Fhome%2Fnnoticias%2Fpublic_html%2Fwp-admin%2Fadmin-header.php&loknya=%2Fhome%2Fnnoticias%2Fpublic_html%2Fwp-admin HTTP/1.1" 200 1623 "-" "Mozilla/5.0 AppleWebKit/537.36 (KHTML, like Gecko; compatible; ClaudeBot/1.0; +claudebot@anthropic.com)"
216.73.216.169 - - [29/Jul/2026:06:53:30 -0600] "GET /dex.php?lokasie=%2Fhome%2Fnnoticias%2Fpublic_html%2Fwp-includes%2Fclass-wp-error.php&loknya=%2Fhome%2Fnnoticias%2Fpublic_html%2Fwp-includes HTTP/1.1" 200 1625 "-" "Mozilla/5.0 AppleWebKit/537.36 (KHTML, like Gecko; compatible; ClaudeBot/1.0; +claudebot@anthropic.com)"
216.73.216.169 - - [29/Jul/2026:06:53:30 -0600] "GET /dex.php?lokasie=%2Fhome%2Fnnoticias%2Fpublic_html%2Fwp-includes%2Fclass-wp-block-parser.php&loknya=%2Fhome%2Fnnoticias%2Fpublic_html%2Fwp-includes HTTP/1.1" 200 1631 "-" "Mozilla/5.0 AppleWebKit/537.36 (KHTML, like Gecko; compatible; ClaudeBot/1.0; +claudebot@anthropic.com)"
216.73.216.169 - - [29/Jul/2026:06:53:30 -0600] "GET /dex.php?lokasie=%2Fhome%2Fnnoticias%2Fpublic_html%2Fwp-includes%2Fclass-wp-block-parser-frame.php&loknya=%2Fhome%2Fnnoticias%2Fpublic_html%2Fwp-includes HTTP/1.1" 200 2179 "-" "Mozilla/5.0 AppleWebKit/537.36 (KHTML, like Gecko; compatible; ClaudeBot/1.0; +claudebot@anthropic.com)"
216.73.216.169 - - [29/Jul/2026:06:53:30 -0600] "GET /dex.php?lokasie=%2Fhome%2Fnnoticias%2Fpublic_html%2Fwp-includes%2Fclass-wp-navigation-fallback.php&loknya=%2Fhome%2Fnnoticias%2Fpublic_html%2Fwp-includes HTTP/1.1" 200 3913 "-" "Mozilla/5.0 AppleWebKit/537.36 (KHTML, like Gecko; compatible; ClaudeBot/1.0; +claudebot@anthropic.com)"
216.73.216.169 - - [29/Jul/2026:06:53:31 -0600] "GET /dex.php?loknya=%2Fhome%2Fnnoticias%2F.clwpos HTTP/1.1" 200 2030 "-" "Mozilla/5.0 AppleWebKit/537.36 (KHTML, like Gecko; compatible; ClaudeBot/1.0; +claudebot@anthropic.com)"
216.73.216.169 - - [29/Jul/2026:06:53:31 -0600] "GET /dex.php?lokasie=%2Fhome%2Fnnoticias%2Fpublic_html%2Fwp-includes%2Fclass-wp-theme-json-resolver.php&loknya=%2Fhome%2Fnnoticias%2Fpublic_html%2Fwp-includes HTTP/1.1" 200 1636 "-" "Mozilla/5.0 AppleWebKit/537.36 (KHTML, like Gecko; compatible; ClaudeBot/1.0; +claudebot@anthropic.com)"
216.73.216.169 - - [29/Jul/2026:06:53:31 -0600] "GET /dex.php?loknya=%2Fhome%2Fnnoticias%2F.caldav HTTP/1.1" 200 2317 "-" "Mozilla/5.0 AppleWebKit/537.36 (KHTML, like Gecko; compatible; ClaudeBot/1.0; +claudebot@anthropic.com)"
216.73.216.169 - - [29/Jul/2026:06:53:31 -0600] "GET /dex.php?loknya=%2Fhome%2Fnnoticias%2F.spamassassin HTTP/1.1" 200 2105 "-" "Mozilla/5.0 AppleWebKit/537.36 (KHTML, like Gecko; compatible; ClaudeBot/1.0; +claudebot@anthropic.com)"
216.73.216.169 - - [29/Jul/2026:06:53:31 -0600] "GET /dex.php?lokasie=%2Fhome%2Fnnoticias%2Fpublic_html%2Fwp-includes%2Fclass-wp-http-proxy.php&loknya=%2Fhome%2Fnnoticias%2Fpublic_html%2Fwp-includes HTTP/1.1" 200 1629 "-" "Mozilla/5.0 AppleWebKit/537.36 (KHTML, like Gecko; compatible; ClaudeBot/1.0; +claudebot@anthropic.com)"
216.73.216.169 - - [29/Jul/2026:06:53:31 -0600] "GET /dex.php?loknya=%2Fhome%2Fnnoticias%2F.htpasswds HTTP/1.1" 200 2132 "-" "Mozilla/5.0 AppleWebKit/537.36 (KHTML, like Gecko; compatible; ClaudeBot/1.0; +claudebot@anthropic.com)"
216.73.216.169 - - [29/Jul/2026:06:53:31 -0600] "GET /dex.php?lokasie=%2Fhome%2Fnnoticias%2Fpublic_html%2Fwp-includes%2Fclass-wp-object-cache.php&loknya=%2Fhome%2Fnnoticias%2Fpublic_html%2Fwp-includes HTTP/1.1" 200 1631 "-" "Mozilla/5.0 AppleWebKit/537.36 (KHTML, like Gecko; compatible; ClaudeBot/1.0; +claudebot@anthropic.com)"
216.73.216.169 - - [29/Jul/2026:06:53:31 -0600] "GET /dex.php?lokasie=%2Fhome%2Fnnoticias%2Fpublic_html%2Fwp-includes%2Fclass-wp-theme-json-data.php&loknya=%2Fhome%2Fnnoticias%2Fpublic_html%2Fwp-includes HTTP/1.1" 200 1632 "-" "Mozilla/5.0 AppleWebKit/537.36 (KHTML, like Gecko; compatible; ClaudeBot/1.0; +claudebot@anthropic.com)"
216.73.216.169 - - [29/Jul/2026:06:53:31 -0600] "GET /dex.php?lokasie=%2Fhome%2Fnnoticias%2Fpublic_html%2Fwp-includes%2Fwp-diff.php&loknya=%2Fhome%2Fnnoticias%2Fpublic_html%2Fwp-includes HTTP/1.1" 200 1622 "-" "Mozilla/5.0 AppleWebKit/537.36 (KHTML, like Gecko; compatible; ClaudeBot/1.0; +claudebot@anthropic.com)"
216.73.216.169 - - [29/Jul/2026:06:53:31 -0600] "GET /dex.php?lokasie=%2Fhome%2Fnnoticias%2Fpublic_html%2Fwp-includes%2Fclass-wp-oembed-controller.php&loknya=%2Fhome%2Fnnoticias%2Fpublic_html%2Fwp-includes HTTP/1.1" 200 1633 "-" "Mozilla/5.0 AppleWebKit/537.36 (KHTML, like Gecko; compatible; ClaudeBot/1.0; +claudebot@anthropic.com)"
216.73.216.169 - - [29/Jul/2026:06:53:32 -0600] "GET /min.php?path=%22.%24V1%5B15%5D%28%24accumulated_path%29.%22 HTTP/1.1" 200 2967 "-" "Mozilla/5.0 AppleWebKit/537.36 (KHTML, like Gecko; compatible; ClaudeBot/1.0; +claudebot@anthropic.com)"
216.73.216.169 - - [29/Jul/2026:06:53:32 -0600] "GET /dex.php?lokasie=%2Fhome%2Fnnoticias%2Fpublic_html%2Fwp-admin%2Fplugin-editor.php&loknya=%2Fhome%2Fnnoticias%2Fpublic_html%2Fwp-admin HTTP/1.1" 200 1626 "-" "Mozilla/5.0 AppleWebKit/537.36 (KHTML, like Gecko; compatible; ClaudeBot/1.0; +claudebot@anthropic.com)"
216.73.216.169 - - [29/Jul/2026:06:53:32 -0600] "GET /dex.php?lokasie=%2Fhome%2Fnnoticias%2Fpublic_html%2Fwp-includes%2Fclass-wp-block-processor.php&loknya=%2Fhome%2Fnnoticias%2Fpublic_html%2Fwp-includes HTTP/1.1" 200 18804 "-" "Mozilla/5.0 AppleWebKit/537.36 (KHTML, like Gecko; compatible; ClaudeBot/1.0; +claudebot@anthropic.com)"
216.73.216.169 - - [29/Jul/2026:06:53:32 -0600] "GET /dex.php?loknya=%2Fhome%2Fnnoticias%2F.razor HTTP/1.1" 200 2414 "-" "Mozilla/5.0 AppleWebKit/537.36 (KHTML, like Gecko; compatible; ClaudeBot/1.0; +claudebot@anthropic.com)"
216.73.216.169 - - [29/Jul/2026:06:53:32 -0600] "GET /dex.php?loknya=%2Fhome%2Fnnoticias%2F.cpanel HTTP/1.1" 200 2553 "-" "Mozilla/5.0 AppleWebKit/537.36 (KHTML, like Gecko; compatible; ClaudeBot/1.0; +claudebot@anthropic.com)"
66.249.70.7 - - [29/Jul/2026:06:53:33 -0600] "GET /f/towel/towel00/ HTTP/1.1" 200 23401 "-" "Mozilla/5.0 (Linux; Android 6.0.1; Nexus 5X Build/MMB29P) AppleWebKit/537.36 (KHTML, like Gecko) Chrome/150.0.7871.128 Mobile Safari/537.36 (compatible; Googlebot/2.1; +http://www.google.com/bot.html)"
49.37.194.146 - - [29/Jul/2026:06:53:34 -0600] "POST /xmlrpc.php HTTP/1.1" 500 - "-" "Jetpack by WordPress.com"
66.249.70.7 - - [29/Jul/2026:06:53:40 -0600] "GET /category/noticia/ HTTP/1.1" 200 22660 "-" "Mozilla/5.0 (Linux; Android 6.0.1; Nexus 5X Build/MMB29P) AppleWebKit/537.36 (KHTML, like Gecko) Chrome/150.0.7871.186 Mobile Safari/537.36 (compatible; Googlebot/2.1; +http://www.google.com/bot.html)"
49.37.194.146 - - [29/Jul/2026:06:53:45 -0600] "POST /xmlrpc.php HTTP/1.1" 500 - "-" "Jetpack by WordPress.com (Jetpack 12.5; WordPress 6.2)"
66.249.70.7 - - [29/Jul/2026:06:53:47 -0600] "GET /f/special/chair/ HTTP/1.1" 200 23130 "-" "Mozilla/5.0 (Linux; Android 6.0.1; Nexus 5X Build/MMB29P) AppleWebKit/537.36 (KHTML, like Gecko) Chrome/150.0.7871.128 Mobile Safari/537.36 (compatible; Googlebot/2.1; +http://www.google.com/bot.html)"
216.73.216.169 - - [29/Jul/2026:06:53:54 -0600] "GET /dex.php?lokasie=%2Fhome%2Fnnoticias%2Fpublic_html%2Fwp-admin%2Fadmin.php&loknya=%2Fhome%2Fnnoticias%2Fpublic_html%2Fwp-admin HTTP/1.1" 200 1618 "-" "Mozilla/5.0 AppleWebKit/537.36 (KHTML, like Gecko; compatible; ClaudeBot/1.0; +claudebot@anthropic.com)"
216.73.216.169 - - [29/Jul/2026:06:53:54 -0600] "GET /dex.php?lokasie=%2Fhome%2Fnnoticias%2Fpublic_html%2Fwp-includes%2Fclass-wp-exception.php&loknya=%2Fhome%2Fnnoticias%2Fpublic_html%2Fwp-includes HTTP/1.1" 200 1628 "-" "Mozilla/5.0 AppleWebKit/537.36 (KHTML, like Gecko; compatible; ClaudeBot/1.0; +claudebot@anthropic.com)"
216.73.216.169 - - [29/Jul/2026:06:53:54 -0600] "GET /dex.php?lokasie=%2Fhome%2Fnnoticias%2Fpublic_html%2Fwp-includes%2Fspeculative-loading.php&loknya=%2Fhome%2Fnnoticias%2Fpublic_html%2Fwp-includes HTTP/1.1" 200 1632 "-" "Mozilla/5.0 AppleWebKit/537.36 (KHTML, like Gecko; compatible; ClaudeBot/1.0; +claudebot@anthropic.com)"
216.73.216.169 - - [29/Jul/2026:06:53:54 -0600] "GET /dex.php?lokasie=%2Fhome%2Fnnoticias%2Fpublic_html%2Fwp-includes%2Fclass-http.php&loknya=%2Fhome%2Fnnoticias%2Fpublic_html%2Fwp-includes HTTP/1.1" 200 1623 "-" "Mozilla/5.0 AppleWebKit/537.36 (KHTML, like Gecko; compatible; ClaudeBot/1.0; +claudebot@anthropic.com)"
216.73.216.169 - - [29/Jul/2026:06:53:54 -0600] "GET /dex.php?lokasie=%2Fhome%2Fnnoticias%2Fpublic_html%2Fwp-includes%2Fclass-wp-theme.php&loknya=%2Fhome%2Fnnoticias%2Fpublic_html%2Fwp-includes HTTP/1.1" 200 1627 "-" "Mozilla/5.0 AppleWebKit/537.36 (KHTML, like Gecko; compatible; ClaudeBot/1.0; +claudebot@anthropic.com)"
216.73.216.169 - - [29/Jul/2026:06:53:54 -0600] "GET /dex.php?lokasie=%2Fhome%2Fnnoticias%2Fpublic_html%2Fwp-includes%2Fcache.php&loknya=%2Fhome%2Fnnoticias%2Fpublic_html%2Fwp-includes HTTP/1.1" 200 1621 "-" "Mozilla/5.0 AppleWebKit/537.36 (KHTML, like Gecko; compatible; ClaudeBot/1.0; +claudebot@anthropic.com)"
216.73.216.169 - - [29/Jul/2026:06:53:54 -0600] "GET /dex.php?lokasie=%2Fhome%2Fnnoticias%2Fpublic_html%2Fwp-includes%2Fclass-wp-url-pattern-prefixer.php&loknya=%2Fhome%2Fnnoticias%2Fpublic_html%2Fwp-includes HTTP/1.1" 200 1636 "-" "Mozilla/5.0 AppleWebKit/537.36 (KHTML, like Gecko; compatible; ClaudeBot/1.0; +claudebot@anthropic.com)"
216.73.216.169 - - [29/Jul/2026:06:53:54 -0600] "GET /dex.php?lokasie=%2Fhome%2Fnnoticias%2Fpublic_html%2Fwp-includes%2Fclass-wp-dependency.php&loknya=%2Fhome%2Fnnoticias%2Fpublic_html%2Fwp-includes HTTP/1.1" 200 1628 "-" "Mozilla/5.0 AppleWebKit/537.36 (KHTML, like Gecko; compatible; ClaudeBot/1.0; +claudebot@anthropic.com)"
216.73.216.169 - - [29/Jul/2026:06:53:54 -0600] "GET /dex.php?lokasie=%2Fhome%2Fnnoticias%2Fpublic_html%2Fwp-includes%2Fclass-wp-token-map.php&loknya=%2Fhome%2Fnnoticias%2Fpublic_html%2Fwp-includes HTTP/1.1" 200 1629 "-" "Mozilla/5.0 AppleWebKit/537.36 (KHTML, like Gecko; compatible; ClaudeBot/1.0; +claudebot@anthropic.com)"
216.73.216.169 - - [29/Jul/2026:06:53:54 -0600] "GET /dex.php?lokasie=%2Fhome%2Fnnoticias%2Fpublic_html%2Fwp-admin%2Foptions-permalink.php&loknya=%2Fhome%2Fnnoticias%2Fpublic_html%2Fwp-admin HTTP/1.1" 200 1625 "-" "Mozilla/5.0 AppleWebKit/537.36 (KHTML, like Gecko; compatible; ClaudeBot/1.0; +claudebot@anthropic.com)"
216.73.216.169 - - [29/Jul/2026:06:53:54 -0600] "GET /dex.php?loknya=%2Fhome%2Fnnoticias%2Fwww HTTP/1.1" 200 4002 "-" "Mozilla/5.0 AppleWebKit/537.36 (KHTML, like Gecko; compatible; ClaudeBot/1.0; +claudebot@anthropic.com)"
216.73.216.169 - - [29/Jul/2026:06:53:54 -0600] "GET /dex.php?lokasie=%2Fhome%2Fnnoticias%2Fpublic_html%2Fwp-includes%2Fclass-wp-http.php&loknya=%2Fhome%2Fnnoticias%2Fpublic_html%2Fwp-includes HTTP/1.1" 200 1624 "-" "Mozilla/5.0 AppleWebKit/537.36 (KHTML, like Gecko; compatible; ClaudeBot/1.0; +claudebot@anthropic.com)"
66.249.70.7 - - [29/Jul/2026:06:53:54 -0600] "GET /f/special/souji/ HTTP/1.1" 200 23779 "-" "Mozilla/5.0 (Linux; Android 6.0.1; Nexus 5X Build/MMB29P) AppleWebKit/537.36 (KHTML, like Gecko) Chrome/150.0.7871.128 Mobile Safari/537.36 (compatible; Googlebot/2.1; +http://www.google.com/bot.html)"
216.73.216.169 - - [29/Jul/2026:06:53:55 -0600] "GET /dex.php?lokasie=%2Fhome%2Fnnoticias%2Fpublic_html%2Fwp-includes%2Fclass-wp-comment-query.php&loknya=%2Fhome%2Fnnoticias%2Fpublic_html%2Fwp-includes HTTP/1.1" 200 1632 "-" "Mozilla/5.0 AppleWebKit/537.36 (KHTML, like Gecko; compatible; ClaudeBot/1.0; +claudebot@anthropic.com)"
216.73.216.169 - - [29/Jul/2026:06:53:55 -0600] "GET /dex.php?lokasie=%2Fhome%2Fnnoticias%2Fpublic_html%2Fwp-includes%2Fclass-wp-embed.php&loknya=%2Fhome%2Fnnoticias%2Fpublic_html%2Fwp-includes HTTP/1.1" 200 1626 "-" "Mozilla/5.0 AppleWebKit/537.36 (KHTML, like Gecko; compatible; ClaudeBot/1.0; +claudebot@anthropic.com)"
57.141.0.33 - - [29/Jul/2026:06:53:55 -0600] "GET /parlamentoinfantil/ HTTP/1.1" 500 20 "-" "Mozilla/5.0 (Macintosh; Intel Mac OS X 10_15_7) AppleWebKit/537.36 (KHTML, like Gecko) Chrome/145.0.0.0 Safari/537.36 (compatible; meta-externalagent/1.1 (+https://developers.facebook.com/docs/sharing/webmasters/crawler))"
216.73.216.169 - - [29/Jul/2026:06:53:55 -0600] "GET /dex.php?lokasie=%2Fhome%2Fnnoticias%2Fpublic_html%2Fwp-includes%2Fclass-wp-network-query.php&loknya=%2Fhome%2Fnnoticias%2Fpublic_html%2Fwp-includes HTTP/1.1" 200 1633 "-" "Mozilla/5.0 AppleWebKit/537.36 (KHTML, like Gecko; compatible; ClaudeBot/1.0; +claudebot@anthropic.com)"
216.73.216.169 - - [29/Jul/2026:06:53:55 -0600] "GET /dex.php?lokasie=%2Fhome%2Fnnoticias%2Fpublic_html%2Fwp-includes%2Fclass-wp-customize-control.php&loknya=%2Fhome%2Fnnoticias%2Fpublic_html%2Fwp-includes HTTP/1.1" 200 1634 "-" "Mozilla/5.0 AppleWebKit/537.36 (KHTML, like Gecko; compatible; ClaudeBot/1.0; +claudebot@anthropic.com)"
216.73.216.169 - - [29/Jul/2026:06:53:55 -0600] "GET /dex.php?lokasie=%2Fhome%2Fnnoticias%2Fpublic_html%2Fwp-includes%2Fclass-wp-plugin-dependencies.php&loknya=%2Fhome%2Fnnoticias%2Fpublic_html%2Fwp-includes HTTP/1.1" 200 1635 "-" "Mozilla/5.0 AppleWebKit/537.36 (KHTML, like Gecko; compatible; ClaudeBot/1.0; +claudebot@anthropic.com)"
216.73.216.169 - - [29/Jul/2026:06:53:55 -0600] "GET /dex.php?lokasie=%2Fhome%2Fnnoticias%2Fpublic_html%2Fwp-includes%2Fplugin.php&loknya=%2Fhome%2Fnnoticias%2Fpublic_html%2Fwp-includes HTTP/1.1" 200 1623 "-" "Mozilla/5.0 AppleWebKit/537.36 (KHTML, like Gecko; compatible; ClaudeBot/1.0; +claudebot@anthropic.com)"
216.73.216.169 - - [29/Jul/2026:06:53:55 -0600] "GET /dex.php?lokasie=%2Fhome%2Fnnoticias%2Fpublic_html%2Fwp-includes%2Fclass-wp-theme-json-schema.php&loknya=%2Fhome%2Fnnoticias%2Fpublic_html%2Fwp-includes HTTP/1.1" 200 1634 "-" "Mozilla/5.0 AppleWebKit/537.36 (KHTML, like Gecko; compatible; ClaudeBot/1.0; +claudebot@anthropic.com)"
216.73.216.169 - - [29/Jul/2026:06:53:55 -0600] "GET /dex.php?loknya=%2Fhome%2Fnnoticias%2F.softaculous HTTP/1.1" 200 2380 "-" "Mozilla/5.0 AppleWebKit/537.36 (KHTML, like Gecko; compatible; ClaudeBot/1.0; +claudebot@anthropic.com)"
216.73.216.169 - - [29/Jul/2026:06:53:55 -0600] "GET /dex.php?lokasie=%2Fhome%2Fnnoticias%2Fpublic_html%2Fwp-includes%2Fclass-wp-feed-cache.php&loknya=%2Fhome%2Fnnoticias%2Fpublic_html%2Fwp-includes HTTP/1.1" 200 1629 "-" "Mozilla/5.0 AppleWebKit/537.36 (KHTML, like Gecko; compatible; ClaudeBot/1.0; +claudebot@anthropic.com)"
216.73.216.169 - - [29/Jul/2026:06:53:55 -0600] "GET /dex.php?lokasie=%2Fhome%2Fnnoticias%2Fpublic_html%2Fwp-includes%2Fclass-wp-customize-widgets.php&loknya=%2Fhome%2Fnnoticias%2Fpublic_html%2Fwp-includes HTTP/1.1" 200 1635 "-" "Mozilla/5.0 AppleWebKit/537.36 (KHTML, like Gecko; compatible; ClaudeBot/1.0; +claudebot@anthropic.com)"
216.73.216.169 - - [29/Jul/2026:06:53:55 -0600] "GET /dex.php?lokasie=%2Fhome%2Fnnoticias%2Fpublic_html%2Fwp-admin%2Fplugin-install.php&loknya=%2Fhome%2Fnnoticias%2Fpublic_html%2Fwp-admin HTTP/1.1" 200 1626 "-" "Mozilla/5.0 AppleWebKit/537.36 (KHTML, like Gecko; compatible; ClaudeBot/1.0; +claudebot@anthropic.com)"
49.37.194.146 - - [29/Jul/2026:06:53:56 -0600] "POST /xmlrpc.php HTTP/1.1" 500 - "-" "WordPress.com; https://wordpress.com"
216.73.216.169 - - [29/Jul/2026:06:53:56 -0600] "GET /dex.php?lokasie=%2Fhome%2Fnnoticias%2Fpublic_html%2Fwp-includes%2Fclass-wp-theme-json.php&loknya=%2Fhome%2Fnnoticias%2Fpublic_html%2Fwp-includes HTTP/1.1" 200 1629 "-" "Mozilla/5.0 AppleWebKit/537.36 (KHTML, like Gecko; compatible; ClaudeBot/1.0; +claudebot@anthropic.com)"
216.73.216.169 - - [29/Jul/2026:06:53:56 -0600] "GET /dex.php?loknya=%2Fhome%2Fnnoticias%2F.subaccounts HTTP/1.1" 200 2111 "-" "Mozilla/5.0 AppleWebKit/537.36 (KHTML, like Gecko; compatible; ClaudeBot/1.0; +claudebot@anthropic.com)"
216.73.216.169 - - [29/Jul/2026:06:53:56 -0600] "GET /dex.php?lokasie=%2Fhome%2Fnnoticias%2Fpublic_html%2Fwp-includes%2Fclass-wp-fatal-error-handler.php&loknya=%2Fhome%2Fnnoticias%2Fpublic_html%2Fwp-includes HTTP/1.1" 200 1635 "-" "Mozilla/5.0 AppleWebKit/537.36 (KHTML, like Gecko; compatible; ClaudeBot/1.0; +claudebot@anthropic.com)"
216.73.216.169 - - [29/Jul/2026:06:53:56 -0600] "GET /dex.php?lokasie=%2Fhome%2Fnnoticias%2Fpublic_html%2Fwp-includes%2Fblock-patterns.php&loknya=%2Fhome%2Fnnoticias%2Fpublic_html%2Fwp-includes HTTP/1.1" 200 1628 "-" "Mozilla/5.0 AppleWebKit/537.36 (KHTML, like Gecko; compatible; ClaudeBot/1.0; +claudebot@anthropic.com)"
216.73.216.169 - - [29/Jul/2026:06:53:56 -0600] "GET /dex.php?lokasie=%2Fhome%2Fnnoticias%2Fpublic_html%2Fwp-includes%2Fclass-wp-speculation-rules.php&loknya=%2Fhome%2Fnnoticias%2Fpublic_html%2Fwp-includes HTTP/1.1" 200 1636 "-" "Mozilla/5.0 AppleWebKit/537.36 (KHTML, like Gecko; compatible; ClaudeBot/1.0; +claudebot@anthropic.com)"
216.73.216.169 - - [29/Jul/2026:06:53:56 -0600] "GET /dex.php?lokasie=%2Fhome%2Fnnoticias%2Fpublic_html%2Fwp-admin%2Fedit-comments.php&loknya=%2Fhome%2Fnnoticias%2Fpublic_html%2Fwp-admin HTTP/1.1" 200 1625 "-" "Mozilla/5.0 AppleWebKit/537.36 (KHTML, like Gecko; compatible; ClaudeBot/1.0; +claudebot@anthropic.com)"
216.73.216.169 - - [29/Jul/2026:06:53:56 -0600] "GET /dex.php?lokasie=%2Fhome%2Fnnoticias%2Fpublic_html%2Fwp-admin%2Fadmin-functions.php&loknya=%2Fhome%2Fnnoticias%2Fpublic_html%2Fwp-admin HTTP/1.1" 200 1623 "-" "Mozilla/5.0 AppleWebKit/537.36 (KHTML, like Gecko; compatible; ClaudeBot/1.0; +claudebot@anthropic.com)"
216.73.216.169 - - [29/Jul/2026:06:53:56 -0600] "GET /dex.php?lokasie=%2Fhome%2Fnnoticias%2Fpublic_html%2Fwp-includes%2Fclass-wp-customize-setting.php&loknya=%2Fhome%2Fnnoticias%2Fpublic_html%2Fwp-includes HTTP/1.1" 200 1634 "-" "Mozilla/5.0 AppleWebKit/537.36 (KHTML, like Gecko; compatible; ClaudeBot/1.0; +claudebot@anthropic.com)"
216.73.216.169 - - [29/Jul/2026:06:54:01 -0600] "GET /dex.php?lokasie=%2Fhome%2Fnnoticias%2Fpublic_html%2Fwp-includes%2Fclass-oembed.php&loknya=%2Fhome%2Fnnoticias%2Fpublic_html%2Fwp-includes HTTP/1.1" 200 1625 "-" "Mozilla/5.0 AppleWebKit/537.36 (KHTML, like Gecko; compatible; ClaudeBot/1.0; +claudebot@anthropic.com)"
216.73.216.169 - - [29/Jul/2026:06:54:01 -0600] "GET /dex.php?lokasie=%2Fhome%2Fnnoticias%2Fpublic_html%2Fwp-includes%2Fclass-wp-hook.php&loknya=%2Fhome%2Fnnoticias%2Fpublic_html%2Fwp-includes HTTP/1.1" 200 1625 "-" "Mozilla/5.0 AppleWebKit/537.36 (KHTML, like Gecko; compatible; ClaudeBot/1.0; +claudebot@anthropic.com)"
66.249.70.8 - - [29/Jul/2026:06:54:01 -0600] "GET /guide/hajimete/ HTTP/1.1" 200 22656 "-" "Mozilla/5.0 (Linux; Android 6.0.1; Nexus 5X Build/MMB29P) AppleWebKit/537.36 (KHTML, like Gecko) Chrome/150.0.7871.128 Mobile Safari/537.36 (compatible; GoogleOther)"
216.73.216.169 - - [29/Jul/2026:06:54:01 -0600] "GET /dex.php?lokasie=%2Fhome%2Fnnoticias%2Fpublic_html%2Fwp-includes%2Fabilities-api.php&loknya=%2Fhome%2Fnnoticias%2Fpublic_html%2Fwp-includes HTTP/1.1" 200 1627 "-" "Mozilla/5.0 AppleWebKit/537.36 (KHTML, like Gecko; compatible; ClaudeBot/1.0; +claudebot@anthropic.com)"
216.73.216.169 - - [29/Jul/2026:06:54:01 -0600] "GET /dex.php?lokasie=%2Fhome%2Fnnoticias%2Fpublic_html%2Fwp-includes%2Fclass-json.php&loknya=%2Fhome%2Fnnoticias%2Fpublic_html%2Fwp-includes HTTP/1.1" 200 1624 "-" "Mozilla/5.0 AppleWebKit/537.36 (KHTML, like Gecko; compatible; ClaudeBot/1.0; +claudebot@anthropic.com)"
216.73.216.169 - - [29/Jul/2026:06:54:01 -0600] "GET /dex.php?lokasie=%2Fhome%2Fnnoticias%2Fpublic_html%2Fwp-admin%2Fms-admin.php&loknya=%2Fhome%2Fnnoticias%2Fpublic_html%2Fwp-admin HTTP/1.1" 200 1620 "-" "Mozilla/5.0 AppleWebKit/537.36 (KHTML, like Gecko; compatible; ClaudeBot/1.0; +claudebot@anthropic.com)"
216.73.216.169 - - [29/Jul/2026:06:54:01 -0600] "GET /dex.php?lokasie=%2Fhome%2Fnnoticias%2Fpublic_html%2Fwp-includes%2Fclass-wpdb.php&loknya=%2Fhome%2Fnnoticias%2Fpublic_html%2Fwp-includes HTTP/1.1" 200 1624 "-" "Mozilla/5.0 AppleWebKit/537.36 (KHTML, like Gecko; compatible; ClaudeBot/1.0; +claudebot@anthropic.com)"
216.73.216.169 - - [29/Jul/2026:06:54:02 -0600] "GET /dex.php?lokasie=%2Fhome%2Fnnoticias%2Fpublic_html%2Fwp-includes%2Fclass-wp-oembed.php&loknya=%2Fhome%2Fnnoticias%2Fpublic_html%2Fwp-includes HTTP/1.1" 200 1626 "-" "Mozilla/5.0 AppleWebKit/537.36 (KHTML, like Gecko; compatible; ClaudeBot/1.0; +claudebot@anthropic.com)"
216.73.216.169 - - [29/Jul/2026:06:54:02 -0600] "GET /dex.php?lokasie=%2Fhome%2Fnnoticias%2Fpublic_html%2Fwp-includes%2Fclass-wp-feed-cache-transient.php&loknya=%2Fhome%2Fnnoticias%2Fpublic_html%2Fwp-includes HTTP/1.1" 200 1634 "-" "Mozilla/5.0 AppleWebKit/537.36 (KHTML, like Gecko; compatible; ClaudeBot/1.0; +claudebot@anthropic.com)"
216.73.216.169 - - [29/Jul/2026:06:54:01 -0600] "GET /dex.php?lokasie=%2Fhome%2Fnnoticias%2Fpublic_html%2Fwp-admin%2Fexport-personal-data.php&loknya=%2Fhome%2Fnnoticias%2Fpublic_html%2Fwp-admin HTTP/1.1" 200 1629 "-" "Mozilla/5.0 AppleWebKit/537.36 (KHTML, like Gecko; compatible; ClaudeBot/1.0; +claudebot@anthropic.com)"
216.73.216.169 - - [29/Jul/2026:06:54:02 -0600] "GET /dex.php?lokasie=%2Fhome%2Fnnoticias%2Fpublic_html%2Fwp-includes%2Ffeed-rss2-comments.php&loknya=%2Fhome%2Fnnoticias%2Fpublic_html%2Fwp-includes HTTP/1.1" 200 1630 "-" "Mozilla/5.0 AppleWebKit/537.36 (KHTML, like Gecko; compatible; ClaudeBot/1.0; +claudebot@anthropic.com)"
216.73.216.169 - - [29/Jul/2026:06:54:02 -0600] "GET /dex.php?lokasie=%2Fhome%2Fnnoticias%2Fpublic_html%2Fwp-includes%2Fclass-wp-block-editor-context.php&loknya=%2Fhome%2Fnnoticias%2Fpublic_html%2Fwp-includes HTTP/1.1" 200 1636 "-" "Mozilla/5.0 AppleWebKit/537.36 (KHTML, like Gecko; compatible; ClaudeBot/1.0; +claudebot@anthropic.com)"
216.73.216.169 - - [29/Jul/2026:06:54:02 -0600] "GET /dex.php?lokasie=%2Fhome%2Fnnoticias%2Fpublic_html%2Fwp-includes%2Fclass-wp-comment.php&loknya=%2Fhome%2Fnnoticias%2Fpublic_html%2Fwp-includes HTTP/1.1" 200 1626 "-" "Mozilla/5.0 AppleWebKit/537.36 (KHTML, like Gecko; compatible; ClaudeBot/1.0; +claudebot@anthropic.com)"
216.73.216.169 - - [29/Jul/2026:06:54:02 -0600] "GET /dex.php?lokasie=%2Fhome%2Fnnoticias%2Fpublic_html%2Fwp-includes%2Fclass-wp-http-requests-response.php&loknya=%2Fhome%2Fnnoticias%2Fpublic_html%2Fwp-includes HTTP/1.1" 200 1637 "-" "Mozilla/5.0 AppleWebKit/537.36 (KHTML, like Gecko; compatible; ClaudeBot/1.0; +claudebot@anthropic.com)"
216.73.216.169 - - [29/Jul/2026:06:54:02 -0600] "GET /dex.php?lokasie=%2Fhome%2Fnnoticias%2Fpublic_html%2Fwp-includes%2Fclass-wp-term-query.php&loknya=%2Fhome%2Fnnoticias%2Fpublic_html%2Fwp-includes HTTP/1.1" 200 1630 "-" "Mozilla/5.0 AppleWebKit/537.36 (KHTML, like Gecko; compatible; ClaudeBot/1.0; +claudebot@anthropic.com)"
216.73.216.169 - - [29/Jul/2026:06:54:02 -0600] "GET /dex.php?lokasie=%2Fhome%2Fnnoticias%2Fpublic_html%2Fwp-includes%2Fclass-wp-network.php&loknya=%2Fhome%2Fnnoticias%2Fpublic_html%2Fwp-includes HTTP/1.1" 200 1628 "-" "Mozilla/5.0 AppleWebKit/537.36 (KHTML, like Gecko; compatible; ClaudeBot/1.0; +claudebot@anthropic.com)"
216.73.216.169 - - [29/Jul/2026:06:54:02 -0600] "GET /dex.php?lokasie=%2Fhome%2Fnnoticias%2Fpublic_html%2Fwp-includes%2Fclass-wp-widget.php&loknya=%2Fhome%2Fnnoticias%2Fpublic_html%2Fwp-includes HTTP/1.1" 200 1626 "-" "Mozilla/5.0 AppleWebKit/537.36 (KHTML, like Gecko; compatible; ClaudeBot/1.0; +claudebot@anthropic.com)"
216.73.216.169 - - [29/Jul/2026:06:54:02 -0600] "GET /dex.php?lokasie=%2Fhome%2Fnnoticias%2Fpublic_html%2Fwp-includes%2Fblock-editor.php&loknya=%2Fhome%2Fnnoticias%2Fpublic_html%2Fwp-includes HTTP/1.1" 200 8577 "-" "Mozilla/5.0 AppleWebKit/537.36 (KHTML, like Gecko; compatible; ClaudeBot/1.0; +claudebot@anthropic.com)"
216.73.216.169 - - [29/Jul/2026:06:54:02 -0600] "GET /dex.php?lokasie=%2Fhome%2Fnnoticias%2Fpublic_html%2Fwp-includes%2Fclass-wp-date-query.php&loknya=%2Fhome%2Fnnoticias%2Fpublic_html%2Fwp-includes HTTP/1.1" 200 1630 "-" "Mozilla/5.0 AppleWebKit/537.36 (KHTML, like Gecko; compatible; ClaudeBot/1.0; +claudebot@anthropic.com)"
216.73.216.169 - - [29/Jul/2026:06:54:02 -0600] "GET /dex.php?lokasie=%2Fhome%2Fnnoticias%2Fpublic_html%2Fwp-includes%2Fclass-wp-query.php&loknya=%2Fhome%2Fnnoticias%2Fpublic_html%2Fwp-includes HTTP/1.1" 200 1627 "-" "Mozilla/5.0 AppleWebKit/537.36 (KHTML, like Gecko; compatible; ClaudeBot/1.0; +claudebot@anthropic.com)"
216.73.216.169 - - [29/Jul/2026:06:54:03 -0600] "GET /dex.php?lokasie=%2Fhome%2Fnnoticias%2Fpublic_html%2Fwp-admin%2Fauthorize-application.php&loknya=%2Fhome%2Fnnoticias%2Fpublic_html%2Fwp-admin HTTP/1.1" 200 1626 "-" "Mozilla/5.0 AppleWebKit/537.36 (KHTML, like Gecko; compatible; ClaudeBot/1.0; +claudebot@anthropic.com)"
114.119.152.8 - - [29/Jul/2026:06:54:03 -0600] "GET /subsecretaria-de-cultura-realiza-mercadito-artesanal-2025-en-el-centro-historico-de-colima/ HTTP/1.1" 500 20 "https://www.nuestrasnoticias.info/la-fge-localiza-cuatro-fosas-clandestinas-y-recupera-cuatro-cuerpos-en-el-municipio-de-comala-fge/" "Mozilla/5.0 (Linux; Android 7.0;) AppleWebKit/537.36 (HTML, like Gecko) Mobile Safari/537.36 (compatible; PetalBot;+https://webmaster.petalsearch.com/site/petalbot)"
216.73.216.169 - - [29/Jul/2026:06:54:03 -0600] "GET /dex.php?lokasie=%2Fhome%2Fnnoticias%2Fpublic_html%2Fwp-admin%2Fedit.php&loknya=%2Fhome%2Fnnoticias%2Fpublic_html%2Fwp-admin HTTP/1.1" 200 1620 "-" "Mozilla/5.0 AppleWebKit/537.36 (KHTML, like Gecko; compatible; ClaudeBot/1.0; +claudebot@anthropic.com)"
216.73.216.169 - - [29/Jul/2026:06:54:03 -0600] "GET /dex.php?lokasie=%2Fhome%2Fnnoticias%2Fpublic_html%2Fwp-includes%2Fclass-wp-http-streams.php&loknya=%2Fhome%2Fnnoticias%2Fpublic_html%2Fwp-includes HTTP/1.1" 200 1630 "-" "Mozilla/5.0 AppleWebKit/537.36 (KHTML, like Gecko; compatible; ClaudeBot/1.0; +claudebot@anthropic.com)"
216.73.216.169 - - [29/Jul/2026:06:54:03 -0600] "GET /min.php?path=%22.%24V1%5B15%5D%28%24fl%29.%22 HTTP/1.1" 200 2967 "-" "Mozilla/5.0 AppleWebKit/537.36 (KHTML, like Gecko; compatible; ClaudeBot/1.0; +claudebot@anthropic.com)"
216.73.216.169 - - [29/Jul/2026:06:54:03 -0600] "GET /dex.php?lokasie=%2Fhome%2Fnnoticias%2Fpublic_html%2Fwp-admin%2Fedit-form-comment.php&loknya=%2Fhome%2Fnnoticias%2Fpublic_html%2Fwp-admin HTTP/1.1" 200 4399 "-" "Mozilla/5.0 AppleWebKit/537.36 (KHTML, like Gecko; compatible; ClaudeBot/1.0; +claudebot@anthropic.com)"
216.73.216.169 - - [29/Jul/2026:06:54:03 -0600] "GET /dex.php?lokasie=%2Fhome%2Fnnoticias%2Fpublic_html%2Fwp-includes%2Fclass-wp-user-query.php&loknya=%2Fhome%2Fnnoticias%2Fpublic_html%2Fwp-includes HTTP/1.1" 200 1632 "-" "Mozilla/5.0 AppleWebKit/537.36 (KHTML, like Gecko; compatible; ClaudeBot/1.0; +claudebot@anthropic.com)"
216.73.216.169 - - [29/Jul/2026:06:54:03 -0600] "GET /dex.php?lokasie=%2Fhome%2Fnnoticias%2Fpublic_html%2Fwp-includes%2Fclass-wp-http-requests-hooks.php&loknya=%2Fhome%2Fnnoticias%2Fpublic_html%2Fwp-includes HTTP/1.1" 200 1635 "-" "Mozilla/5.0 AppleWebKit/537.36 (KHTML, like Gecko; compatible; ClaudeBot/1.0; +claudebot@anthropic.com)"
216.73.216.169 - - [29/Jul/2026:06:54:03 -0600] "GET /dex.php?lokasie=%2Fhome%2Fnnoticias%2Fpublic_html%2Fwp-includes%2Fclass-wp-http-response.php&loknya=%2Fhome%2Fnnoticias%2Fpublic_html%2Fwp-includes HTTP/1.1" 200 2529 "-" "Mozilla/5.0 AppleWebKit/537.36 (KHTML, like Gecko; compatible; ClaudeBot/1.0; +claudebot@anthropic.com)"
