173.252.82.38 - - [29/Jul/2026:07:17:28 -0600] "GET /wp-content/uploads/2026/03/EJERCITO-ASEGURA-DROGA-Y-DETIENEN-1-PERSONA.jpg HTTP/1.1" 200 97517 "-" "meta-externalagent/1.1 (+https://developers.facebook.com/docs/sharing/webmasters/crawler)"
66.249.70.7 - - [29/Jul/2026:07:17:31 -0600] "GET /product/265020022 HTTP/1.1" 200 23213 "-" "Mozilla/5.0 (Linux; Android 6.0.1; Nexus 5X Build/MMB29P) AppleWebKit/537.36 (KHTML, like Gecko) Chrome/150.0.7871.128 Mobile Safari/537.36 (compatible; Googlebot/2.1; +http://www.google.com/bot.html)"
185.191.171.18 - - [29/Jul/2026:07:17:32 -0600] "GET /robots.txt HTTP/1.1" 200 453 "-" "Mozilla/5.0 (compatible; SemrushBot/7~bl; +http://www.semrush.com/bot.html)"
185.191.171.8 - - [29/Jul/2026:07:17:32 -0600] "GET /indira-vizcaino-y-jesus-esteva-titular-de-la-sict-analizan-proyectos-para-el-estado-de-colima/ HTTP/1.1" 500 20 "-" "Mozilla/5.0 (compatible; SemrushBot/7~bl; +http://www.semrush.com/bot.html)"
66.249.70.7 - - [29/Jul/2026:07:17:39 -0600] "GET /personal-de-grupomar-recibe-certificados-de-ieea-colima-por-concluir-nivel-de-estudios HTTP/1.1" 200 23824 "-" "Mozilla/5.0 (Linux; Android 6.0.1; Nexus 5X Build/MMB29P) AppleWebKit/537.36 (KHTML, like Gecko) Chrome/150.0.7871.128 Mobile Safari/537.36 (compatible; Googlebot/2.1; +http://www.google.com/bot.html)"
114.119.151.70 - - [29/Jul/2026:07:17:43 -0600] "GET /salud-colima-anuncia-mas-operativos-de-nebulizacion-contra-el-dengue-en-6-localidades-de-cuauhtemoc/ HTTP/1.1" 500 20 "https://www.nuestrasnoticias.info/incode-continua-la-limpieza-en-unidades-deportivas-de-colima-y-villa-de-alvarez" "Mozilla/5.0 (Linux; Android 7.0;) AppleWebKit/537.36 (HTML, like Gecko) Mobile Safari/537.36 (compatible; PetalBot;+https://webmaster.petalsearch.com/site/petalbot)"
172.213.208.20 - - [29/Jul/2026:07:17:45 -0600] "GET /wp-includes/interactivity-api/index.php HTTP/1.1" 401 53 "-" "Mozilla/5.0 (Windows NT 10.0; Win64; x64) AppleWebKit/537.36 (KHTML, like Gecko) Chrome/120.0.0.0 Safari/537.36"
172.213.208.20 - - [29/Jul/2026:07:17:46 -0600] "GET /php8.php HTTP/1.1" 401 53 "-" "Mozilla/5.0 (Windows NT 10.0; Win64; x64) AppleWebKit/537.36 (KHTML, like Gecko) Chrome/120.0.0.0 Safari/537.36"
172.213.208.20 - - [29/Jul/2026:07:17:46 -0600] "GET /assets/ HTTP/1.1" 401 53 "-" "Mozilla/5.0 (Windows NT 10.0; Win64; x64) AppleWebKit/537.36 (KHTML, like Gecko) Chrome/120.0.0.0 Safari/537.36"
172.213.208.20 - - [29/Jul/2026:07:17:46 -0600] "GET /lite.php HTTP/1.1" 401 53 "-" "Mozilla/5.0 (Windows NT 10.0; Win64; x64) AppleWebKit/537.36 (KHTML, like Gecko) Chrome/120.0.0.0 Safari/537.36"
172.213.208.20 - - [29/Jul/2026:07:17:46 -0600] "GET /term.php HTTP/1.1" 401 53 "-" "Mozilla/5.0 (Windows NT 10.0; Win64; x64) AppleWebKit/537.36 (KHTML, like Gecko) Chrome/120.0.0.0 Safari/537.36"
172.213.208.20 - - [29/Jul/2026:07:17:47 -0600] "GET /config.php HTTP/1.1" 401 53 "-" "Mozilla/5.0 (Windows NT 10.0; Win64; x64) AppleWebKit/537.36 (KHTML, like Gecko) Chrome/120.0.0.0 Safari/537.36"
172.213.208.20 - - [29/Jul/2026:07:17:47 -0600] "GET /wp-admin/classwithtostring.php HTTP/1.1" 401 53 "-" "Mozilla/5.0 (Windows NT 10.0; Win64; x64) AppleWebKit/537.36 (KHTML, like Gecko) Chrome/120.0.0.0 Safari/537.36"
172.213.208.20 - - [29/Jul/2026:07:17:47 -0600] "GET /wp-good.php HTTP/1.1" 401 53 "-" "Mozilla/5.0 (Windows NT 10.0; Win64; x64) AppleWebKit/537.36 (KHTML, like Gecko) Chrome/120.0.0.0 Safari/537.36"
172.213.208.20 - - [29/Jul/2026:07:17:47 -0600] "GET /wp-includes/Requests/library/index.php HTTP/1.1" 401 53 "-" "Mozilla/5.0 (Windows NT 10.0; Win64; x64) AppleWebKit/537.36 (KHTML, like Gecko) Chrome/120.0.0.0 Safari/537.36"
172.213.208.20 - - [29/Jul/2026:07:17:48 -0600] "GET /abcd.php HTTP/1.1" 401 53 "-" "Mozilla/5.0 (Windows NT 10.0; Win64; x64) AppleWebKit/537.36 (KHTML, like Gecko) Chrome/120.0.0.0 Safari/537.36"
66.249.70.7 - - [29/Jul/2026:07:17:48 -0600] "GET /product/011011038 HTTP/1.1" 200 23639 "-" "Mozilla/5.0 (Linux; Android 6.0.1; Nexus 5X Build/MMB29P) AppleWebKit/537.36 (KHTML, like Gecko) Chrome/150.0.7871.128 Mobile Safari/537.36 (compatible; Googlebot/2.1; +http://www.google.com/bot.html)"
172.213.208.20 - - [29/Jul/2026:07:17:48 -0600] "GET /x.php HTTP/1.1" 401 53 "-" "Mozilla/5.0 (Windows NT 10.0; Win64; x64) AppleWebKit/537.36 (KHTML, like Gecko) Chrome/120.0.0.0 Safari/537.36"
172.213.208.20 - - [29/Jul/2026:07:17:48 -0600] "GET /goods.php HTTP/1.1" 401 53 "-" "Mozilla/5.0 (Windows NT 10.0; Win64; x64) AppleWebKit/537.36 (KHTML, like Gecko) Chrome/120.0.0.0 Safari/537.36"
172.213.208.20 - - [29/Jul/2026:07:17:48 -0600] "GET /wp-access.php HTTP/1.1" 401 53 "-" "Mozilla/5.0 (Windows NT 10.0; Win64; x64) AppleWebKit/537.36 (KHTML, like Gecko) Chrome/120.0.0.0 Safari/537.36"
172.213.208.20 - - [29/Jul/2026:07:17:48 -0600] "GET /wp-content/uploads/min.php HTTP/1.1" 401 53 "-" "Mozilla/5.0 (Windows NT 10.0; Win64; x64) AppleWebKit/537.36 (KHTML, like Gecko) Chrome/120.0.0.0 Safari/537.36"
172.213.208.20 - - [29/Jul/2026:07:17:49 -0600] "GET /filemanager.php HTTP/1.1" 401 53 "-" "Mozilla/5.0 (Windows NT 10.0; Win64; x64) AppleWebKit/537.36 (KHTML, like Gecko) Chrome/120.0.0.0 Safari/537.36"
172.213.208.20 - - [29/Jul/2026:07:17:49 -0600] "GET /wp-includes/ID3/index.php HTTP/1.1" 401 53 "-" "Mozilla/5.0 (Windows NT 10.0; Win64; x64) AppleWebKit/537.36 (KHTML, like Gecko) Chrome/120.0.0.0 Safari/537.36"
172.213.208.20 - - [29/Jul/2026:07:17:49 -0600] "GET /bthil.php HTTP/1.1" 401 53 "-" "Mozilla/5.0 (Windows NT 10.0; Win64; x64) AppleWebKit/537.36 (KHTML, like Gecko) Chrome/120.0.0.0 Safari/537.36"
172.213.208.20 - - [29/Jul/2026:07:17:49 -0600] "GET /xmlrpc.php HTTP/1.1" 401 53 "-" "Mozilla/5.0 (Windows NT 10.0; Win64; x64) AppleWebKit/537.36 (KHTML, like Gecko) Chrome/120.0.0.0 Safari/537.36"
172.213.208.20 - - [29/Jul/2026:07:17:49 -0600] "GET /wp-admin/includes/ HTTP/1.1" 401 53 "-" "Mozilla/5.0 (Windows NT 10.0; Win64; x64) AppleWebKit/537.36 (KHTML, like Gecko) Chrome/120.0.0.0 Safari/537.36"
172.213.208.20 - - [29/Jul/2026:07:17:50 -0600] "GET /cv.php HTTP/1.1" 401 53 "-" "Mozilla/5.0 (Windows NT 10.0; Win64; x64) AppleWebKit/537.36 (KHTML, like Gecko) Chrome/120.0.0.0 Safari/537.36"
172.213.208.20 - - [29/Jul/2026:07:17:50 -0600] "GET /wp-content/packed.php HTTP/1.1" 401 53 "-" "Mozilla/5.0 (Windows NT 10.0; Win64; x64) AppleWebKit/537.36 (KHTML, like Gecko) Chrome/120.0.0.0 Safari/537.36"
172.213.208.20 - - [29/Jul/2026:07:17:50 -0600] "GET /css.php HTTP/1.1" 401 53 "-" "Mozilla/5.0 (Windows NT 10.0; Win64; x64) AppleWebKit/537.36 (KHTML, like Gecko) Chrome/120.0.0.0 Safari/537.36"
172.213.208.20 - - [29/Jul/2026:07:17:50 -0600] "GET /wp-admin/js/index.php HTTP/1.1" 401 53 "-" "Mozilla/5.0 (Windows NT 10.0; Win64; x64) AppleWebKit/537.36 (KHTML, like Gecko) Chrome/120.0.0.0 Safari/537.36"
172.213.208.20 - - [29/Jul/2026:07:17:50 -0600] "GET /core.php HTTP/1.1" 401 53 "-" "Mozilla/5.0 (Windows NT 10.0; Win64; x64) AppleWebKit/537.36 (KHTML, like Gecko) Chrome/120.0.0.0 Safari/537.36"
172.213.208.20 - - [29/Jul/2026:07:17:51 -0600] "GET /admin/function.php HTTP/1.1" 401 53 "-" "Mozilla/5.0 (Windows NT 10.0; Win64; x64) AppleWebKit/537.36 (KHTML, like Gecko) Chrome/120.0.0.0 Safari/537.36"
172.213.208.20 - - [29/Jul/2026:07:17:51 -0600] "GET /admin/index.php HTTP/1.1" 401 53 "-" "Mozilla/5.0 (Windows NT 10.0; Win64; x64) AppleWebKit/537.36 (KHTML, like Gecko) Chrome/120.0.0.0 Safari/537.36"
172.213.208.20 - - [29/Jul/2026:07:17:51 -0600] "GET /storage/rip.php HTTP/1.1" 401 53 "-" "Mozilla/5.0 (Windows NT 10.0; Win64; x64) AppleWebKit/537.36 (KHTML, like Gecko) Chrome/120.0.0.0 Safari/537.36"
172.213.208.20 - - [29/Jul/2026:07:17:51 -0600] "GET /ahax.php HTTP/1.1" 401 53 "-" "Mozilla/5.0 (Windows NT 10.0; Win64; x64) AppleWebKit/537.36 (KHTML, like Gecko) Chrome/120.0.0.0 Safari/537.36"
172.213.208.20 - - [29/Jul/2026:07:17:51 -0600] "GET /zoom1.php HTTP/1.1" 401 53 "-" "Mozilla/5.0 (Windows NT 10.0; Win64; x64) AppleWebKit/537.36 (KHTML, like Gecko) Chrome/120.0.0.0 Safari/537.36"
172.213.208.20 - - [29/Jul/2026:07:17:52 -0600] "GET /txets.php HTTP/1.1" 401 53 "-" "Mozilla/5.0 (Windows NT 10.0; Win64; x64) AppleWebKit/537.36 (KHTML, like Gecko) Chrome/120.0.0.0 Safari/537.36"
172.213.208.20 - - [29/Jul/2026:07:17:52 -0600] "GET /wp-admin/network/ HTTP/1.1" 401 53 "-" "Mozilla/5.0 (Windows NT 10.0; Win64; x64) AppleWebKit/537.36 (KHTML, like Gecko) Chrome/120.0.0.0 Safari/537.36"
172.213.208.20 - - [29/Jul/2026:07:17:52 -0600] "GET /wp-admin/css/colors/midnight/ HTTP/1.1" 401 53 "-" "Mozilla/5.0 (Windows NT 10.0; Win64; x64) AppleWebKit/537.36 (KHTML, like Gecko) Chrome/120.0.0.0 Safari/537.36"
172.213.208.20 - - [29/Jul/2026:07:17:52 -0600] "GET /wp-content/themes/about.php HTTP/1.1" 401 53 "-" "Mozilla/5.0 (Windows NT 10.0; Win64; x64) AppleWebKit/537.36 (KHTML, like Gecko) Chrome/120.0.0.0 Safari/537.36"
172.213.208.20 - - [29/Jul/2026:07:17:52 -0600] "GET /wp-includes/assets/index.php HTTP/1.1" 401 53 "-" "Mozilla/5.0 (Windows NT 10.0; Win64; x64) AppleWebKit/537.36 (KHTML, like Gecko) Chrome/120.0.0.0 Safari/537.36"
172.213.208.20 - - [29/Jul/2026:07:17:53 -0600] "GET /wp-admin/index.php HTTP/1.1" 401 53 "-" "Mozilla/5.0 (Windows NT 10.0; Win64; x64) AppleWebKit/537.36 (KHTML, like Gecko) Chrome/120.0.0.0 Safari/537.36"
172.213.208.20 - - [29/Jul/2026:07:17:53 -0600] "GET /radio.php HTTP/1.1" 401 53 "-" "Mozilla/5.0 (Windows NT 10.0; Win64; x64) AppleWebKit/537.36 (KHTML, like Gecko) Chrome/120.0.0.0 Safari/537.36"
172.213.208.20 - - [29/Jul/2026:07:17:53 -0600] "GET /item.php HTTP/1.1" 401 53 "-" "Mozilla/5.0 (Windows NT 10.0; Win64; x64) AppleWebKit/537.36 (KHTML, like Gecko) Chrome/120.0.0.0 Safari/537.36"
172.213.208.20 - - [29/Jul/2026:07:17:53 -0600] "GET /t.php HTTP/1.1" 401 53 "-" "Mozilla/5.0 (Windows NT 10.0; Win64; x64) AppleWebKit/537.36 (KHTML, like Gecko) Chrome/120.0.0.0 Safari/537.36"
172.213.208.20 - - [29/Jul/2026:07:17:53 -0600] "GET /i.php HTTP/1.1" 401 53 "-" "Mozilla/5.0 (Windows NT 10.0; Win64; x64) AppleWebKit/537.36 (KHTML, like Gecko) Chrome/120.0.0.0 Safari/537.36"
172.213.208.20 - - [29/Jul/2026:07:17:53 -0600] "GET /deepseek_d.php HTTP/1.1" 401 53 "-" "Mozilla/5.0 (Windows NT 10.0; Win64; x64) AppleWebKit/537.36 (KHTML, like Gecko) Chrome/120.0.0.0 Safari/537.36"
172.213.208.20 - - [29/Jul/2026:07:17:54 -0600] "GET /wp-includes/fonts/ HTTP/1.1" 401 53 "-" "Mozilla/5.0 (Windows NT 10.0; Win64; x64) AppleWebKit/537.36 (KHTML, like Gecko) Chrome/120.0.0.0 Safari/537.36"
172.213.208.20 - - [29/Jul/2026:07:17:54 -0600] "GET /.well-known/acme-challenge/file.php HTTP/1.1" 401 53 "-" "Mozilla/5.0 (Windows NT 10.0; Win64; x64) AppleWebKit/537.36 (KHTML, like Gecko) Chrome/120.0.0.0 Safari/537.36"
172.213.208.20 - - [29/Jul/2026:07:17:54 -0600] "GET /wp-admin/css/ HTTP/1.1" 401 53 "-" "Mozilla/5.0 (Windows NT 10.0; Win64; x64) AppleWebKit/537.36 (KHTML, like Gecko) Chrome/120.0.0.0 Safari/537.36"
172.213.208.20 - - [29/Jul/2026:07:17:54 -0600] "GET /wp-content/themes/pridmag/il.php HTTP/1.1" 401 53 "-" "Mozilla/5.0 (Windows NT 10.0; Win64; x64) AppleWebKit/537.36 (KHTML, like Gecko) Chrome/120.0.0.0 Safari/537.36"
172.213.208.20 - - [29/Jul/2026:07:17:54 -0600] "GET /assets/images/doc.php HTTP/1.1" 401 53 "-" "Mozilla/5.0 (Windows NT 10.0; Win64; x64) AppleWebKit/537.36 (KHTML, like Gecko) Chrome/120.0.0.0 Safari/537.36"
172.213.208.20 - - [29/Jul/2026:07:17:55 -0600] "GET /bgymj.php HTTP/1.1" 401 53 "-" "Mozilla/5.0 (Windows NT 10.0; Win64; x64) AppleWebKit/537.36 (KHTML, like Gecko) Chrome/120.0.0.0 Safari/537.36"
172.213.208.20 - - [29/Jul/2026:07:17:55 -0600] "GET /modules/mod_footer/tmpl/index.php HTTP/1.1" 401 53 "-" "Mozilla/5.0 (Windows NT 10.0; Win64; x64) AppleWebKit/537.36 (KHTML, like Gecko) Chrome/120.0.0.0 Safari/537.36"
172.213.208.20 - - [29/Jul/2026:07:17:55 -0600] "GET /images/ HTTP/1.1" 401 53 "-" "Mozilla/5.0 (Windows NT 10.0; Win64; x64) AppleWebKit/537.36 (KHTML, like Gecko) Chrome/120.0.0.0 Safari/537.36"
172.213.208.20 - - [29/Jul/2026:07:17:55 -0600] "GET /wp-load.php HTTP/1.1" 401 53 "-" "Mozilla/5.0 (Windows NT 10.0; Win64; x64) AppleWebKit/537.36 (KHTML, like Gecko) Chrome/120.0.0.0 Safari/537.36"
172.213.208.20 - - [29/Jul/2026:07:17:55 -0600] "GET /wp-includes/Text/Diff/Engine/ HTTP/1.1" 401 53 "-" "Mozilla/5.0 (Windows NT 10.0; Win64; x64) AppleWebKit/537.36 (KHTML, like Gecko) Chrome/120.0.0.0 Safari/537.36"
66.249.70.7 - - [29/Jul/2026:07:17:55 -0600] "GET /?goods/070017623 HTTP/1.1" 200 22823 "-" "Mozilla/5.0 (Linux; Android 6.0.1; Nexus 5X Build/MMB29P) AppleWebKit/537.36 (KHTML, like Gecko) Chrome/150.0.7871.128 Mobile Safari/537.36 (compatible; Googlebot/2.1; +http://www.google.com/bot.html)"
172.213.208.20 - - [29/Jul/2026:07:17:56 -0600] "GET /a.php HTTP/1.1" 401 53 "-" "Mozilla/5.0 (Windows NT 10.0; Win64; x64) AppleWebKit/537.36 (KHTML, like Gecko) Chrome/120.0.0.0 Safari/537.36"
172.213.208.20 - - [29/Jul/2026:07:17:56 -0600] "GET /u.php HTTP/1.1" 401 53 "-" "Mozilla/5.0 (Windows NT 10.0; Win64; x64) AppleWebKit/537.36 (KHTML, like Gecko) Chrome/120.0.0.0 Safari/537.36"
172.213.208.20 - - [29/Jul/2026:07:17:56 -0600] "GET /r.php HTTP/1.1" 401 53 "-" "Mozilla/5.0 (Windows NT 10.0; Win64; x64) AppleWebKit/537.36 (KHTML, like Gecko) Chrome/120.0.0.0 Safari/537.36"
52.167.144.229 - - [29/Jul/2026:07:17:56 -0600] "GET /rosi-bayardo-celebra-proyecto-de-museo-en-el-centro-historico-y-mejoramiento-del-iguanario/ HTTP/1.1" 200 33 "-" "Mozilla/5.0 AppleWebKit/537.36 (KHTML, like Gecko; compatible; bingbot/2.0; +http://www.bing.com/bingbot.htm) Chrome/116.0.1938.76 Safari/537.36"
172.213.208.20 - - [29/Jul/2026:07:17:56 -0600] "GET /wp-blog.php HTTP/1.1" 401 53 "-" "Mozilla/5.0 (Windows NT 10.0; Win64; x64) AppleWebKit/537.36 (KHTML, like Gecko) Chrome/120.0.0.0 Safari/537.36"
172.213.208.20 - - [29/Jul/2026:07:17:56 -0600] "GET /xxx.php HTTP/1.1" 401 53 "-" "Mozilla/5.0 (Windows NT 10.0; Win64; x64) AppleWebKit/537.36 (KHTML, like Gecko) Chrome/120.0.0.0 Safari/537.36"
172.213.208.20 - - [29/Jul/2026:07:17:57 -0600] "GET /randkeyword.PhP7 HTTP/1.1" 401 53 "-" "Mozilla/5.0 (Windows NT 10.0; Win64; x64) AppleWebKit/537.36 (KHTML, like Gecko) Chrome/120.0.0.0 Safari/537.36"
172.213.208.20 - - [29/Jul/2026:07:17:57 -0600] "GET /vendor/ HTTP/1.1" 401 53 "-" "Mozilla/5.0 (Windows NT 10.0; Win64; x64) AppleWebKit/537.36 (KHTML, like Gecko) Chrome/120.0.0.0 Safari/537.36"
172.213.208.20 - - [29/Jul/2026:07:17:57 -0600] "GET /tool.php HTTP/1.1" 401 53 "-" "Mozilla/5.0 (Windows NT 10.0; Win64; x64) AppleWebKit/537.36 (KHTML, like Gecko) Chrome/120.0.0.0 Safari/537.36"
172.213.208.20 - - [29/Jul/2026:07:17:57 -0600] "GET /wp-content.php HTTP/1.1" 401 53 "-" "Mozilla/5.0 (Windows NT 10.0; Win64; x64) AppleWebKit/537.36 (KHTML, like Gecko) Chrome/120.0.0.0 Safari/537.36"
172.213.208.20 - - [29/Jul/2026:07:17:57 -0600] "GET /k.php HTTP/1.1" 401 53 "-" "Mozilla/5.0 (Windows NT 10.0; Win64; x64) AppleWebKit/537.36 (KHTML, like Gecko) Chrome/120.0.0.0 Safari/537.36"
172.213.208.20 - - [29/Jul/2026:07:17:58 -0600] "GET /root.php HTTP/1.1" 401 53 "-" "Mozilla/5.0 (Windows NT 10.0; Win64; x64) AppleWebKit/537.36 (KHTML, like Gecko) Chrome/120.0.0.0 Safari/537.36"
172.213.208.20 - - [29/Jul/2026:07:17:58 -0600] "GET /ws.php HTTP/1.1" 401 53 "-" "Mozilla/5.0 (Windows NT 10.0; Win64; x64) AppleWebKit/537.36 (KHTML, like Gecko) Chrome/120.0.0.0 Safari/537.36"
172.213.208.20 - - [29/Jul/2026:07:17:58 -0600] "GET /p.php HTTP/1.1" 401 53 "-" "Mozilla/5.0 (Windows NT 10.0; Win64; x64) AppleWebKit/537.36 (KHTML, like Gecko) Chrome/120.0.0.0 Safari/537.36"
172.213.208.20 - - [29/Jul/2026:07:17:58 -0600] "GET /elp.php HTTP/1.1" 401 53 "-" "Mozilla/5.0 (Windows NT 10.0; Win64; x64) AppleWebKit/537.36 (KHTML, like Gecko) Chrome/120.0.0.0 Safari/537.36"
172.213.208.20 - - [29/Jul/2026:07:17:58 -0600] "GET /a1.php HTTP/1.1" 401 53 "-" "Mozilla/5.0 (Windows NT 10.0; Win64; x64) AppleWebKit/537.36 (KHTML, like Gecko) Chrome/120.0.0.0 Safari/537.36"
172.213.208.20 - - [29/Jul/2026:07:17:59 -0600] "GET /wp-includes/Text/index.php HTTP/1.1" 401 53 "-" "Mozilla/5.0 (Windows NT 10.0; Win64; x64) AppleWebKit/537.36 (KHTML, like Gecko) Chrome/120.0.0.0 Safari/537.36"
172.213.208.20 - - [29/Jul/2026:07:17:59 -0600] "GET /alfa-rex.php7 HTTP/1.1" 401 53 "-" "Mozilla/5.0 (Windows NT 10.0; Win64; x64) AppleWebKit/537.36 (KHTML, like Gecko) Chrome/120.0.0.0 Safari/537.36"
172.213.208.20 - - [29/Jul/2026:07:17:59 -0600] "GET /wp-admin/css/admin.php HTTP/1.1" 401 53 "-" "Mozilla/5.0 (Windows NT 10.0; Win64; x64) AppleWebKit/537.36 (KHTML, like Gecko) Chrome/120.0.0.0 Safari/537.36"
172.213.208.20 - - [29/Jul/2026:07:17:59 -0600] "GET /install.php HTTP/1.1" 401 53 "-" "Mozilla/5.0 (Windows NT 10.0; Win64; x64) AppleWebKit/537.36 (KHTML, like Gecko) Chrome/120.0.0.0 Safari/537.36"
172.213.208.20 - - [29/Jul/2026:07:17:59 -0600] "GET /wp-includes/fonts/index.php HTTP/1.1" 401 53 "-" "Mozilla/5.0 (Windows NT 10.0; Win64; x64) AppleWebKit/537.36 (KHTML, like Gecko) Chrome/120.0.0.0 Safari/537.36"
172.213.208.20 - - [29/Jul/2026:07:17:59 -0600] "GET /upload.php HTTP/1.1" 401 53 "-" "Mozilla/5.0 (Windows NT 10.0; Win64; x64) AppleWebKit/537.36 (KHTML, like Gecko) Chrome/120.0.0.0 Safari/537.36"
172.213.208.20 - - [29/Jul/2026:07:18:00 -0600] "GET /wp-includes/ID3/ HTTP/1.1" 401 53 "-" "Mozilla/5.0 (Windows NT 10.0; Win64; x64) AppleWebKit/537.36 (KHTML, like Gecko) Chrome/120.0.0.0 Safari/537.36"
172.213.208.20 - - [29/Jul/2026:07:18:00 -0600] "GET /wp-includes/Text/Diff/ HTTP/1.1" 401 53 "-" "Mozilla/5.0 (Windows NT 10.0; Win64; x64) AppleWebKit/537.36 (KHTML, like Gecko) Chrome/120.0.0.0 Safari/537.36"
172.213.208.20 - - [29/Jul/2026:07:18:00 -0600] "GET /wp-content/file.php HTTP/1.1" 401 53 "-" "Mozilla/5.0 (Windows NT 10.0; Win64; x64) AppleWebKit/537.36 (KHTML, like Gecko) Chrome/120.0.0.0 Safari/537.36"
172.213.208.20 - - [29/Jul/2026:07:18:00 -0600] "GET /files.php HTTP/1.1" 401 53 "-" "Mozilla/5.0 (Windows NT 10.0; Win64; x64) AppleWebKit/537.36 (KHTML, like Gecko) Chrome/120.0.0.0 Safari/537.36"
172.213.208.20 - - [29/Jul/2026:07:18:00 -0600] "GET /o.php HTTP/1.1" 401 53 "-" "Mozilla/5.0 (Windows NT 10.0; Win64; x64) AppleWebKit/537.36 (KHTML, like Gecko) Chrome/120.0.0.0 Safari/537.36"
52.167.144.169 - - [29/Jul/2026:07:18:00 -0600] "GET /arriba-crucero-volendam-a-manzanillo-fortalece-la-llegada-de-turismo-internacional-al-destino-colimense/ HTTP/1.1" 200 33 "-" "Mozilla/5.0 AppleWebKit/537.36 (KHTML, like Gecko; compatible; bingbot/2.0; +http://www.bing.com/bingbot.htm) Chrome/116.0.1938.76 Safari/537.36"
154.193.9.126 - - [29/Jul/2026:07:18:01 -0600] "GET /wp-content/uploads/2025/01/94806e9e-567b-43c3-8908-88854443f982.jpg-120x86.webp HTTP/1.1" 200 5098 "-" "Mozilla/5.0 (compatible; crawler)"
172.213.208.20 - - [29/Jul/2026:07:18:01 -0600] "GET /file2.php HTTP/1.1" 401 53 "-" "Mozilla/5.0 (Windows NT 10.0; Win64; x64) AppleWebKit/537.36 (KHTML, like Gecko) Chrome/120.0.0.0 Safari/537.36"
172.213.208.20 - - [29/Jul/2026:07:18:01 -0600] "GET /.well-known/gecko-litespeed.php HTTP/1.1" 401 53 "-" "Mozilla/5.0 (Windows NT 10.0; Win64; x64) AppleWebKit/537.36 (KHTML, like Gecko) Chrome/120.0.0.0 Safari/537.36"
172.213.208.20 - - [29/Jul/2026:07:18:01 -0600] "GET /xda.php HTTP/1.1" 401 53 "-" "Mozilla/5.0 (Windows NT 10.0; Win64; x64) AppleWebKit/537.36 (KHTML, like Gecko) Chrome/120.0.0.0 Safari/537.36"
172.213.208.20 - - [29/Jul/2026:07:18:02 -0600] "GET /theme.php HTTP/1.1" 401 53 "-" "Mozilla/5.0 (Windows NT 10.0; Win64; x64) AppleWebKit/537.36 (KHTML, like Gecko) Chrome/120.0.0.0 Safari/537.36"
172.213.208.20 - - [29/Jul/2026:07:18:02 -0600] "GET //classwithtostring.php HTTP/1.1" 401 53 "-" "Mozilla/5.0 (Windows NT 10.0; Win64; x64) AppleWebKit/537.36 (KHTML, like Gecko) Chrome/120.0.0.0 Safari/537.36"
172.213.208.20 - - [29/Jul/2026:07:18:02 -0600] "GET /news.php HTTP/1.1" 401 53 "-" "Mozilla/5.0 (Windows NT 10.0; Win64; x64) AppleWebKit/537.36 (KHTML, like Gecko) Chrome/120.0.0.0 Safari/537.36"
172.213.208.20 - - [29/Jul/2026:07:18:02 -0600] "GET /about/function.php HTTP/1.1" 401 53 "-" "Mozilla/5.0 (Windows NT 10.0; Win64; x64) AppleWebKit/537.36 (KHTML, like Gecko) Chrome/120.0.0.0 Safari/537.36"
172.213.208.20 - - [29/Jul/2026:07:18:03 -0600] "GET /wp-admin/user/ HTTP/1.1" 401 53 "-" "Mozilla/5.0 (Windows NT 10.0; Win64; x64) AppleWebKit/537.36 (KHTML, like Gecko) Chrome/120.0.0.0 Safari/537.36"
172.213.208.20 - - [29/Jul/2026:07:18:03 -0600] "GET /wp-includes/admin.php HTTP/1.1" 401 53 "-" "Mozilla/5.0 (Windows NT 10.0; Win64; x64) AppleWebKit/537.36 (KHTML, like Gecko) Chrome/120.0.0.0 Safari/537.36"
172.213.208.20 - - [29/Jul/2026:07:18:03 -0600] "GET /wp-includes/images/media/ HTTP/1.1" 401 53 "-" "Mozilla/5.0 (Windows NT 10.0; Win64; x64) AppleWebKit/537.36 (KHTML, like Gecko) Chrome/120.0.0.0 Safari/537.36"
66.249.70.7 - - [29/Jul/2026:07:18:03 -0600] "GET /?goods/024033797 HTTP/1.1" 200 23001 "-" "Mozilla/5.0 (Linux; Android 6.0.1; Nexus 5X Build/MMB29P) AppleWebKit/537.36 (KHTML, like Gecko) Chrome/150.0.7871.128 Mobile Safari/537.36 (compatible; Googlebot/2.1; +http://www.google.com/bot.html)"
172.213.208.20 - - [29/Jul/2026:07:18:03 -0600] "GET /lock360.php HTTP/1.1" 401 53 "-" "Mozilla/5.0 (Windows NT 10.0; Win64; x64) AppleWebKit/537.36 (KHTML, like Gecko) Chrome/120.0.0.0 Safari/537.36"
172.213.208.20 - - [29/Jul/2026:07:18:04 -0600] "GET /wp-conflg.php HTTP/1.1" 401 53 "-" "Mozilla/5.0 (Windows NT 10.0; Win64; x64) AppleWebKit/537.36 (KHTML, like Gecko) Chrome/120.0.0.0 Safari/537.36"
172.213.208.20 - - [29/Jul/2026:07:18:04 -0600] "GET /123.php HTTP/1.1" 401 53 "-" "Mozilla/5.0 (Windows NT 10.0; Win64; x64) AppleWebKit/537.36 (KHTML, like Gecko) Chrome/120.0.0.0 Safari/537.36"
172.213.208.20 - - [29/Jul/2026:07:18:04 -0600] "GET /yanz.php HTTP/1.1" 401 53 "-" "Mozilla/5.0 (Windows NT 10.0; Win64; x64) AppleWebKit/537.36 (KHTML, like Gecko) Chrome/120.0.0.0 Safari/537.36"
172.213.208.20 - - [29/Jul/2026:07:18:04 -0600] "GET /autoload_classmap.php HTTP/1.1" 401 53 "-" "Mozilla/5.0 (Windows NT 10.0; Win64; x64) AppleWebKit/537.36 (KHTML, like Gecko) Chrome/120.0.0.0 Safari/537.36"
172.213.208.20 - - [29/Jul/2026:07:18:05 -0600] "GET /bi.php HTTP/1.1" 401 53 "-" "Mozilla/5.0 (Windows NT 10.0; Win64; x64) AppleWebKit/537.36 (KHTML, like Gecko) Chrome/120.0.0.0 Safari/537.36"
172.213.208.20 - - [29/Jul/2026:07:18:05 -0600] "GET /cc.php HTTP/1.1" 401 53 "-" "Mozilla/5.0 (Windows NT 10.0; Win64; x64) AppleWebKit/537.36 (KHTML, like Gecko) Chrome/120.0.0.0 Safari/537.36"
172.213.208.20 - - [29/Jul/2026:07:18:05 -0600] "GET /files/index.php HTTP/1.1" 401 53 "-" "Mozilla/5.0 (Windows NT 10.0; Win64; x64) AppleWebKit/537.36 (KHTML, like Gecko) Chrome/120.0.0.0 Safari/537.36"
172.213.208.20 - - [29/Jul/2026:07:18:05 -0600] "GET /1.php7 HTTP/1.1" 401 53 "-" "Mozilla/5.0 (Windows NT 10.0; Win64; x64) AppleWebKit/537.36 (KHTML, like Gecko) Chrome/120.0.0.0 Safari/537.36"
172.213.208.20 - - [29/Jul/2026:07:18:05 -0600] "GET /disagraeosc.php HTTP/1.1" 401 53 "-" "Mozilla/5.0 (Windows NT 10.0; Win64; x64) AppleWebKit/537.36 (KHTML, like Gecko) Chrome/120.0.0.0 Safari/537.36"
172.213.208.20 - - [29/Jul/2026:07:18:06 -0600] "GET /wp-logs.php HTTP/1.1" 401 53 "-" "Mozilla/5.0 (Windows NT 10.0; Win64; x64) AppleWebKit/537.36 (KHTML, like Gecko) Chrome/120.0.0.0 Safari/537.36"
172.213.208.20 - - [29/Jul/2026:07:18:06 -0600] "GET /wp-admin/css/about.php HTTP/1.1" 401 53 "-" "Mozilla/5.0 (Windows NT 10.0; Win64; x64) AppleWebKit/537.36 (KHTML, like Gecko) Chrome/120.0.0.0 Safari/537.36"
172.213.208.20 - - [29/Jul/2026:07:18:06 -0600] "GET /system_log.php HTTP/1.1" 401 53 "-" "Mozilla/5.0 (Windows NT 10.0; Win64; x64) AppleWebKit/537.36 (KHTML, like Gecko) Chrome/120.0.0.0 Safari/537.36"
172.213.208.20 - - [29/Jul/2026:07:18:07 -0600] "GET /24.php HTTP/1.1" 401 53 "-" "Mozilla/5.0 (Windows NT 10.0; Win64; x64) AppleWebKit/537.36 (KHTML, like Gecko) Chrome/120.0.0.0 Safari/537.36"
172.213.208.20 - - [29/Jul/2026:07:18:07 -0600] "GET /wp-admin/maint/ HTTP/1.1" 401 53 "-" "Mozilla/5.0 (Windows NT 10.0; Win64; x64) AppleWebKit/537.36 (KHTML, like Gecko) Chrome/120.0.0.0 Safari/537.36"
172.213.208.20 - - [29/Jul/2026:07:18:10 -0600] "GET /wp-content/plugins/index.php HTTP/1.1" 401 53 "-" "Mozilla/5.0 (Windows NT 10.0; Win64; x64) AppleWebKit/537.36 (KHTML, like Gecko) Chrome/120.0.0.0 Safari/537.36"
172.213.208.20 - - [29/Jul/2026:07:18:11 -0600] "GET /admin/controller/extension/extension/ HTTP/1.1" 401 53 "-" "Mozilla/5.0 (Windows NT 10.0; Win64; x64) AppleWebKit/537.36 (KHTML, like Gecko) Chrome/120.0.0.0 Safari/537.36"
172.213.208.20 - - [29/Jul/2026:07:18:11 -0600] "GET /wp-includes/css/dist/widgets/ HTTP/1.1" 401 53 "-" "Mozilla/5.0 (Windows NT 10.0; Win64; x64) AppleWebKit/537.36 (KHTML, like Gecko) Chrome/120.0.0.0 Safari/537.36"
172.213.208.20 - - [29/Jul/2026:07:18:11 -0600] "GET /wp-admin/images/index.php HTTP/1.1" 401 53 "-" "Mozilla/5.0 (Windows NT 10.0; Win64; x64) AppleWebKit/537.36 (KHTML, like Gecko) Chrome/120.0.0.0 Safari/537.36"
172.213.208.20 - - [29/Jul/2026:07:18:11 -0600] "GET /num.php HTTP/1.1" 401 53 "-" "Mozilla/5.0 (Windows NT 10.0; Win64; x64) AppleWebKit/537.36 (KHTML, like Gecko) Chrome/120.0.0.0 Safari/537.36"
172.213.208.20 - - [29/Jul/2026:07:18:12 -0600] "GET /wp-admin/css/colors/ocean/ HTTP/1.1" 401 53 "-" "Mozilla/5.0 (Windows NT 10.0; Win64; x64) AppleWebKit/537.36 (KHTML, like Gecko) Chrome/120.0.0.0 Safari/537.36"
172.213.208.20 - - [29/Jul/2026:07:18:12 -0600] "GET /wp-content/et-cache/ HTTP/1.1" 401 53 "-" "Mozilla/5.0 (Windows NT 10.0; Win64; x64) AppleWebKit/537.36 (KHTML, like Gecko) Chrome/120.0.0.0 Safari/537.36"
172.213.208.20 - - [29/Jul/2026:07:18:12 -0600] "GET /wp-content/upgrade/index.php HTTP/1.1" 401 53 "-" "Mozilla/5.0 (Windows NT 10.0; Win64; x64) AppleWebKit/537.36 (KHTML, like Gecko) Chrome/120.0.0.0 Safari/537.36"
172.213.208.20 - - [29/Jul/2026:07:18:12 -0600] "GET /wp-includes/SimplePie/index.php HTTP/1.1" 401 53 "-" "Mozilla/5.0 (Windows NT 10.0; Win64; x64) AppleWebKit/537.36 (KHTML, like Gecko) Chrome/120.0.0.0 Safari/537.36"
172.213.208.20 - - [29/Jul/2026:07:18:12 -0600] "GET /gifclass.php HTTP/1.1" 401 53 "-" "Mozilla/5.0 (Windows NT 10.0; Win64; x64) AppleWebKit/537.36 (KHTML, like Gecko) Chrome/120.0.0.0 Safari/537.36"
172.213.208.20 - - [29/Jul/2026:07:18:13 -0600] "GET /wp-includes/certificates/ HTTP/1.1" 401 53 "-" "Mozilla/5.0 (Windows NT 10.0; Win64; x64) AppleWebKit/537.36 (KHTML, like Gecko) Chrome/120.0.0.0 Safari/537.36"
172.213.208.20 - - [29/Jul/2026:07:18:13 -0600] "GET /wp-content/plugins/admin.php HTTP/1.1" 401 53 "-" "Mozilla/5.0 (Windows NT 10.0; Win64; x64) AppleWebKit/537.36 (KHTML, like Gecko) Chrome/120.0.0.0 Safari/537.36"
172.213.208.20 - - [29/Jul/2026:07:18:13 -0600] "GET /css/index.php HTTP/1.1" 401 53 "-" "Mozilla/5.0 (Windows NT 10.0; Win64; x64) AppleWebKit/537.36 (KHTML, like Gecko) Chrome/120.0.0.0 Safari/537.36"
172.213.208.20 - - [29/Jul/2026:07:18:13 -0600] "GET /wp-cron.php HTTP/1.1" 401 53 "-" "Mozilla/5.0 (Windows NT 10.0; Win64; x64) AppleWebKit/537.36 (KHTML, like Gecko) Chrome/120.0.0.0 Safari/537.36"
172.213.208.20 - - [29/Jul/2026:07:18:13 -0600] "GET /wp-block.php HTTP/1.1" 401 53 "-" "Mozilla/5.0 (Windows NT 10.0; Win64; x64) AppleWebKit/537.36 (KHTML, like Gecko) Chrome/120.0.0.0 Safari/537.36"
172.213.208.20 - - [29/Jul/2026:07:18:14 -0600] "GET /wp-includes/fonts/admin.php HTTP/1.1" 401 53 "-" "Mozilla/5.0 (Windows NT 10.0; Win64; x64) AppleWebKit/537.36 (KHTML, like Gecko) Chrome/120.0.0.0 Safari/537.36"
172.213.208.20 - - [29/Jul/2026:07:18:14 -0600] "GET /wp-admin/css/colors/modern/ HTTP/1.1" 401 53 "-" "Mozilla/5.0 (Windows NT 10.0; Win64; x64) AppleWebKit/537.36 (KHTML, like Gecko) Chrome/120.0.0.0 Safari/537.36"
171.234.12.80 - - [29/Jul/2026:07:18:18 -0600] "GET /rector-inaugura-pabellon-de-la-udec-en-la-feria-internacional-del-libro-2021/ HTTP/1.1" 500 20 "-" "Mozilla/5.0 (Macintosh; Intel Mac OS X 11_0_1) AppleWebKit/537.36 (KHTML, like Gecko) Brave Chrome/88.0.4324.192 Safari/537.36"
103.59.160.186 - - [29/Jul/2026:07:18:22 -0600] "POST /index.php?option=com_sppagebuilder&task=asset.uploadCustomIcon HTTP/1.1" 401 53 "-" "Mozilla/5.0 (X11; Linux x86_64) sppb-rce-poc"
52.167.144.229 - - [29/Jul/2026:07:18:25 -0600] "GET /wp-content/uploads/2026/06/WhatsApp-Image-2026-06-10-at-3.49.18-PM-240x300.jpeg HTTP/1.1" 200 22885 "-" "Mozilla/5.0 AppleWebKit/537.36 (KHTML, like Gecko; compatible; bingbot/2.0; +http://www.bing.com/bingbot.htm) Chrome/116.0.1938.76 Safari/537.36"
66.249.70.7 - - [29/Jul/2026:07:18:27 -0600] "GET /e/22/ HTTP/1.1" 200 23705 "-" "Mozilla/5.0 (Linux; Android 6.0.1; Nexus 5X Build/MMB29P) AppleWebKit/537.36 (KHTML, like Gecko) Chrome/150.0.7871.128 Mobile Safari/537.36 (compatible; GoogleOther)"
66.249.70.7 - - [29/Jul/2026:07:18:34 -0600] "GET /el-maltrato-animal-tambien-es-delito-fge HTTP/1.1" 200 24994 "-" "Mozilla/5.0 (Linux; Android 6.0.1; Nexus 5X Build/MMB29P) AppleWebKit/537.36 (KHTML, like Gecko) Chrome/150.0.7871.128 Mobile Safari/537.36 (compatible; Googlebot/2.1; +http://www.google.com/bot.html)"
66.249.70.7 - - [29/Jul/2026:07:18:44 -0600] "GET /?ajax-request=jnews HTTP/1.1" 200 24515 "-" "Mozilla/5.0 (Linux; Android 6.0.1; Nexus 5X Build/MMB29P) AppleWebKit/537.36 (KHTML, like Gecko) Chrome/150.0.7871.186 Mobile Safari/537.36 (compatible; Googlebot/2.1; +http://www.google.com/bot.html)"
85.208.96.193 - - [29/Jul/2026:07:19:00 -0600] "GET /category/debate-legislativo/ HTTP/1.1" 500 20 "-" "Mozilla/5.0 (compatible; SemrushBot/7~bl; +http://www.semrush.com/bot.html)"
66.249.70.1 - - [29/Jul/2026:07:19:03 -0600] "GET /?goods/024033696 HTTP/1.1" 200 23289 "-" "Mozilla/5.0 (Linux; Android 6.0.1; Nexus 5X Build/MMB29P) AppleWebKit/537.36 (KHTML, like Gecko) Chrome/150.0.7871.128 Mobile Safari/537.36 (compatible; Googlebot/2.1; +http://www.google.com/bot.html)"
114.119.152.8 - - [29/Jul/2026:07:19:06 -0600] "GET /rosy-bayardo HTTP/1.1" 500 20 "https://www.nuestrasnoticias.info/rosy-bayardo" "Mozilla/5.0 (Linux; Android 7.0;) AppleWebKit/537.36 (HTML, like Gecko) Mobile Safari/537.36 (compatible; PetalBot;+https://webmaster.petalsearch.com/site/petalbot)"
66.249.70.7 - - [29/Jul/2026:07:19:09 -0600] "GET /chef-nico-mejia-presenta-en-la-fil-volcanes-de-colima-libro-sobre-la-gastronomia-de-colima/ HTTP/1.1" 200 24056 "-" "Mozilla/5.0 (Linux; Android 6.0.1; Nexus 5X Build/MMB29P) AppleWebKit/537.36 (KHTML, like Gecko) Chrome/150.0.7871.128 Mobile Safari/537.36 (compatible; Googlebot/2.1; +http://www.google.com/bot.html)"
199.58.252.120 - - [29/Jul/2026:07:19:24 -0600] "GET /wp-content/uploads/2024/03/070bc900-c60a-44f4-92ce-dab742242058.jpg-120x86.webp HTTP/1.1" 200 2808 "-" "Mozilla/5.0 (compatible; crawler)"
66.249.70.7 - - [29/Jul/2026:07:19:34 -0600] "GET /sesionordinaria-45 HTTP/1.1" 200 22782 "-" "Mozilla/5.0 (Linux; Android 6.0.1; Nexus 5X Build/MMB29P) AppleWebKit/537.36 (KHTML, like Gecko) Chrome/150.0.7871.128 Mobile Safari/537.36 (compatible; Googlebot/2.1; +http://www.google.com/bot.html)"
57.141.0.43 - - [29/Jul/2026:07:19:40 -0600] "GET /g-c-rosi-bayardo-inicia-construccion-de-calle-de-concreto-hidraulico-en-la-colonia-pedro-nunez/ HTTP/1.1" 500 20 "-" "Mozilla/5.0 (Windows NT 10.0; Win64; x64) AppleWebKit/537.36 (KHTML, like Gecko) Chrome/145.0.0.0 Safari/537.36 (compatible; meta-externalagent/1.1 (+https://developers.facebook.com/docs/sharing/webmasters/crawler))"
66.249.70.7 - - [29/Jul/2026:07:19:40 -0600] "GET /wp-content/plugins/jnews-video/assets/css/plugin.css?ver=12.0.1 HTTP/1.1" 200 23376 "https://www.nuestrasnoticias.info/atencion-manzanillo-preven-lluvias-fuertes-tormentas-y-oleaje-elevado/" "Mozilla/5.0 (Linux; Android 6.0.1; Nexus 5X Build/MMB29P) AppleWebKit/537.36 (KHTML, like Gecko) Chrome/150.0.7871.128 Mobile Safari/537.36 (compatible; GoogleOther)"
66.249.70.7 - - [29/Jul/2026:07:19:45 -0600] "GET /?jp/052035839.html HTTP/1.1" 200 23225 "-" "Mozilla/5.0 (Linux; Android 6.0.1; Nexus 5X Build/MMB29P) AppleWebKit/537.36 (KHTML, like Gecko) Chrome/150.0.7871.128 Mobile Safari/537.36 (compatible; GoogleOther)"
52.167.144.169 - - [29/Jul/2026:07:20:09 -0600] "GET /wp-content/uploads/2026/06/WhatsApp-Image-2026-06-10-at-3.49.18-PM-768x960.jpeg HTTP/1.1" 200 146327 "-" "Mozilla/5.0 AppleWebKit/537.36 (KHTML, like Gecko; compatible; bingbot/2.0; +http://www.bing.com/bingbot.htm) Chrome/116.0.1938.76 Safari/537.36"
66.249.70.7 - - [29/Jul/2026:07:20:19 -0600] "GET /?detail/135044786825 HTTP/1.1" 200 24241 "-" "Mozilla/5.0 (Linux; Android 6.0.1; Nexus 5X Build/MMB29P) AppleWebKit/537.36 (KHTML, like Gecko) Chrome/150.0.7871.128 Mobile Safari/537.36 (compatible; Googlebot/2.1; +http://www.google.com/bot.html)"
87.56.3.23 - - [29/Jul/2026:07:20:25 -0600] "GET /wp-content/uploads/2024/11/dadc5e0a-f800-41e0-b5d1-d5ade13ee2b8.jpg-120x86.webp HTTP/1.1" 200 4120 "-" "Mozilla/5.0 (compatible; crawler)"
114.119.133.192 - - [29/Jul/2026:07:20:31 -0600] "GET /rosi-bayardo-va-por-la-recuperacion-del-centro-historico-crea-comision-especial-para-su-reactivacion/ HTTP/1.1" 500 20 "https://www.nuestrasnoticias.info/category/news/colima/page/100/" "Mozilla/5.0 (Linux; Android 7.0;) AppleWebKit/537.36 (HTML, like Gecko) Mobile Safari/537.36 (compatible; PetalBot;+https://webmaster.petalsearch.com/site/petalbot)"
66.249.70.7 - - [29/Jul/2026:07:20:43 -0600] "GET /g-colima-en-el-dia-estatal-de-la-lucha-contra-la-homofobia-lesbofobia-bifobia-y-transfobia-refrendamos-nuestro-compromiso-con-la-igualdad-y-los-derechos-de-todas-y-todos HTTP/1.1" 200 23868 "-" "Mozilla/5.0 (Linux; Android 6.0.1; Nexus 5X Build/MMB29P) AppleWebKit/537.36 (KHTML, like Gecko) Chrome/150.0.7871.128 Mobile Safari/537.36 (compatible; Googlebot/2.1; +http://www.google.com/bot.html)"
66.249.70.7 - - [29/Jul/2026:07:20:58 -0600] "GET /compare/ HTTP/1.1" 200 24814 "-" "Mozilla/5.0 (Linux; Android 6.0.1; Nexus 5X Build/MMB29P) AppleWebKit/537.36 (KHTML, like Gecko) Chrome/150.0.7871.128 Mobile Safari/537.36 (compatible; GoogleOther)"
66.249.70.8 - - [29/Jul/2026:07:21:39 -0600] "GET /?goods/071036654 HTTP/1.1" 200 22991 "-" "Mozilla/5.0 (Linux; Android 6.0.1; Nexus 5X Build/MMB29P) AppleWebKit/537.36 (KHTML, like Gecko) Chrome/150.0.7871.128 Mobile Safari/537.36 (compatible; Googlebot/2.1; +http://www.google.com/bot.html)"
114.119.151.70 - - [29/Jul/2026:07:21:55 -0600] "GET /rosi-bayardo-destaca-que-manzanillo-es-referente-en-bienestar-animal/ HTTP/1.1" 500 20 "https://www.nuestrasnoticias.info/category/proteccion-animal/" "Mozilla/5.0 (Linux; Android 7.0;) AppleWebKit/537.36 (HTML, like Gecko) Mobile Safari/537.36 (compatible; PetalBot;+https://webmaster.petalsearch.com/site/petalbot)"
173.252.82.2 - - [29/Jul/2026:07:21:55 -0600] "GET /wp-content/uploads/2026/06/personas-fallecidas-750x375.jpg HTTP/1.1" 200 65597 "-" "meta-externalagent/1.1 (+https://developers.facebook.com/docs/sharing/webmasters/crawler)"
185.191.171.9 - - [29/Jul/2026:07:22:05 -0600] "GET /tag/seguridad/page/12/ HTTP/1.1" 500 20 "-" "Mozilla/5.0 (compatible; SemrushBot/7~bl; +http://www.semrush.com/bot.html)"
173.252.82.19 - - [29/Jul/2026:07:22:17 -0600] "GET /wp-content/uploads/2026/06/LAS-LLUVIAS-YA-LLEGARON-1024x1024.jpg HTTP/1.1" 200 157567 "-" "meta-externalagent/1.1 (+https://developers.facebook.com/docs/sharing/webmasters/crawler)"
66.249.70.8 - - [29/Jul/2026:07:22:21 -0600] "GET /jadma HTTP/1.1" 200 23116 "-" "Mozilla/5.0 (Linux; Android 6.0.1; Nexus 5X Build/MMB29P) AppleWebKit/537.36 (KHTML, like Gecko) Chrome/150.0.7871.128 Mobile Safari/537.36 (compatible; GoogleOther)"
172.252.22.132 - - [29/Jul/2026:07:22:37 -0600] "GET /wp-content/uploads/2025/11/5aeff0d9-75b5-48d8-9470-4192c7e1ac11-750x375.jpg HTTP/1.1" 500 20 "-" "Mozilla/5.0 (compatible; crawler)"
66.249.70.7 - - [29/Jul/2026:07:22:37 -0600] "GET /?goods/004026847 HTTP/1.1" 200 23856 "-" "Mozilla/5.0 (Linux; Android 6.0.1; Nexus 5X Build/MMB29P) AppleWebKit/537.36 (KHTML, like Gecko) Chrome/150.0.7871.128 Mobile Safari/537.36 (compatible; Googlebot/2.1; +http://www.google.com/bot.html)"
66.249.70.8 - - [29/Jul/2026:07:22:45 -0600] "GET /?goods/083015789 HTTP/1.1" 200 22913 "-" "Mozilla/5.0 (Linux; Android 6.0.1; Nexus 5X Build/MMB29P) AppleWebKit/537.36 (KHTML, like Gecko) Chrome/150.0.7871.128 Mobile Safari/537.36 (compatible; Googlebot/2.1; +http://www.google.com/bot.html)"
66.249.70.7 - - [29/Jul/2026:07:22:53 -0600] "GET /products/emphasis/y054000396 HTTP/1.1" 200 24244 "-" "Mozilla/5.0 (Linux; Android 6.0.1; Nexus 5X Build/MMB29P) AppleWebKit/537.36 (KHTML, like Gecko) Chrome/150.0.7871.128 Mobile Safari/537.36 (compatible; Googlebot/2.1; +http://www.google.com/bot.html)"
57.141.0.60 - - [29/Jul/2026:07:22:57 -0600] "GET /category/reconocimientos/ HTTP/1.1" 500 20 "-" "Mozilla/5.0 (Windows NT 10.0; Win64; x64) AppleWebKit/537.36 (KHTML, like Gecko) Chrome/145.0.0.0 Safari/537.36 (compatible; meta-externalagent/1.1 (+https://developers.facebook.com/docs/sharing/webmasters/crawler))"
57.141.0.23 - - [29/Jul/2026:07:23:16 -0600] "GET /wp-content/uploads/2026/03/WhatsApp-Image-2026-03-23-at-2.40.51-PM.jpg HTTP/1.1" 200 458299 "-" "Mozilla/5.0 (Windows NT 10.0; Win64; x64) AppleWebKit/537.36 (KHTML, like Gecko) Chrome/145.0.0.0 Safari/537.36 (compatible; meta-externalagent/1.1 (+https://developers.facebook.com/docs/sharing/webmasters/crawler))"
114.119.135.201 - - [29/Jul/2026:07:23:18 -0600] "GET /ricky-martin-y-alejandro-sanz-haciendo-de-las-suyas/ HTTP/1.1" 500 20 "https://www.nuestrasnoticias.info/ricky-martin-y-alejandro-sanz-haciendo-de-las-suyas" "Mozilla/5.0 (Linux; Android 7.0;) AppleWebKit/537.36 (HTML, like Gecko) Mobile Safari/537.36 (compatible; PetalBot;+https://webmaster.petalsearch.com/site/petalbot)"
154.196.167.70 - - [29/Jul/2026:07:23:21 -0600] "GET /wp-content/uploads/2025/10/557849137_1112181287728649_8384643209516530466_n-600x375.jpg HTTP/1.1" 500 20 "-" "Mozilla/5.0 (compatible; crawler)"
52.167.144.229 - - [29/Jul/2026:07:23:25 -0600] "GET /wp-sitemap-posts-post-3.xml HTTP/1.1" 200 33 "-" "Mozilla/5.0 AppleWebKit/537.36 (KHTML, like Gecko; compatible; bingbot/2.0; +http://www.bing.com/bingbot.htm) Chrome/116.0.1938.76 Safari/537.36"
147.135.214.239 - - [29/Jul/2026:07:23:42 -0600] "GET /robots.txt HTTP/1.1" 200 453 "-" "Mozilla/5.0 (compatible; MJ12bot/v1.4.8; http://mj12bot.com/)"
147.135.214.239 - - [29/Jul/2026:07:23:43 -0600] "GET /%E2%9A%A0%EF%B8%8F%F0%9F%93%B1-alerta-advierten-por-aumento-de-secuestros-virtuales-piden-no-caer-en-llamadas-de-extorsion/ HTTP/1.1" 500 20 "-" "Mozilla/5.0 (compatible; MJ12bot/v1.4.8; http://mj12bot.com/)"
66.249.70.7 - - [29/Jul/2026:07:23:44 -0600] "GET /simulacro-nacional-2025-a-que-hora-sonara-la-alerta-sismica-hoy-29-de-abril-2025/ HTTP/1.1" 200 22937 "-" "Mozilla/5.0 (Linux; Android 6.0.1; Nexus 5X Build/MMB29P) AppleWebKit/537.36 (KHTML, like Gecko) Chrome/150.0.7871.186 Mobile Safari/537.36 (compatible; Googlebot/2.1; +http://www.google.com/bot.html)"
147.135.214.239 - - [29/Jul/2026:07:23:45 -0600] "GET /h-congreso-del-estado-de-colima-guardia-de-honor-a-la-bandera-de-mexico-%F0%9F%87%B2%F0%9F%87%BD/feed/ HTTP/1.1" 500 20 "-" "Mozilla/5.0 (compatible; MJ12bot/v1.4.8; http://mj12bot.com/)"
216.73.216.169 - - [29/Jul/2026:07:23:50 -0600] "GET /robots.txt HTTP/1.1" 200 453 "-" "Mozilla/5.0 AppleWebKit/537.36 (KHTML, like Gecko; compatible; ClaudeBot/1.0; +claudebot@anthropic.com)"
216.73.216.169 - - [29/Jul/2026:07:23:50 -0600] "GET /guide/knowledge/delivery.html HTTP/1.1" 500 20 "-" "Mozilla/5.0 AppleWebKit/537.36 (KHTML, like Gecko; compatible; ClaudeBot/1.0; +claudebot@anthropic.com)"
66.249.70.7 - - [29/Jul/2026:07:23:51 -0600] "GET /?detail/073040349311 HTTP/1.1" 200 23586 "-" "Mozilla/5.0 (Linux; Android 6.0.1; Nexus 5X Build/MMB29P) AppleWebKit/537.36 (KHTML, like Gecko) Chrome/150.0.7871.128 Mobile Safari/537.36 (compatible; Googlebot/2.1; +http://www.google.com/bot.html)"
216.73.216.169 - - [29/Jul/2026:07:23:55 -0600] "GET /javascript HTTP/1.1" 500 20 "-" "Mozilla/5.0 AppleWebKit/537.36 (KHTML, like Gecko; compatible; ClaudeBot/1.0; +claudebot@anthropic.com)"
190.149.186.126 - - [29/Jul/2026:07:24:14 -0600] "GET /wp-content/uploads/2025/08/539493440_1082488304031281_8408410143221207981_n.jpg-526x375.webp HTTP/1.1" 200 43244 "https://www.google.com/" "Mozilla/5.0 (Windows NT 10.0; Win64; x64) AppleWebKit/537.36 (KHTML, like Gecko) Chrome/109.0.0.0 Safari/537.36"
66.249.70.7 - - [29/Jul/2026:07:24:15 -0600] "GET /gobernadora-de-colima-entrega-reconocimientos-y-estimulos-economicos-a-policias-por-su-dia-social HTTP/1.1" 200 24457 "-" "Mozilla/5.0 (Linux; Android 6.0.1; Nexus 5X Build/MMB29P) AppleWebKit/537.36 (KHTML, like Gecko) Chrome/150.0.7871.128 Mobile Safari/537.36 (compatible; Googlebot/2.1; +http://www.google.com/bot.html)"
216.73.216.169 - - [29/Jul/2026:07:24:23 -0600] "GET /compare/ HTTP/1.1" 500 20 "-" "Mozilla/5.0 AppleWebKit/537.36 (KHTML, like Gecko; compatible; ClaudeBot/1.0; +claudebot@anthropic.com)"
66.249.70.7 - - [29/Jul/2026:07:24:23 -0600] "GET /wp-content/plugins/jnews-pay-writer/assets/css/darkmode.css?ver=12.0.1 HTTP/1.1" 200 23066 "https://www.nuestrasnoticias.info/pc-prepara-simulacro-nacional-tendra-como-hipotesis-un-sismo-de-magnitud-7-5/" "Mozilla/5.0 (Linux; Android 6.0.1; Nexus 5X Build/MMB29P) AppleWebKit/537.36 (KHTML, like Gecko) Chrome/150.0.7871.128 Mobile Safari/537.36 (compatible; GoogleOther)"
216.73.216.169 - - [29/Jul/2026:07:24:27 -0600] "GET /guide/knowledge/exchange.html HTTP/1.1" 500 20 "-" "Mozilla/5.0 AppleWebKit/537.36 (KHTML, like Gecko; compatible; ClaudeBot/1.0; +claudebot@anthropic.com)"
57.141.0.44 - - [29/Jul/2026:07:24:28 -0600] "GET /category/colima/ HTTP/1.1" 500 20 "-" "Mozilla/5.0 (Macintosh; Intel Mac OS X 10_15_7) AppleWebKit/537.36 (KHTML, like Gecko) Chrome/145.0.0.0 Safari/537.36 (compatible; meta-externalagent/1.1 (+https://developers.facebook.com/docs/sharing/webmasters/crawler))"
114.119.135.224 - - [29/Jul/2026:07:24:41 -0600] "GET /rescate-en-el-salto/ HTTP/1.1" 500 20 "https://www.nuestrasnoticias.info/rescate-en-el-salto/" "Mozilla/5.0 (Linux; Android 7.0;) AppleWebKit/537.36 (HTML, like Gecko) Mobile Safari/537.36 (compatible; PetalBot;+https://webmaster.petalsearch.com/site/petalbot)"
66.249.70.7 - - [29/Jul/2026:07:24:46 -0600] "POST /?ajax-request=jnews HTTP/1.1" 200 24402 "https://www.nuestrasnoticias.info/pc-prepara-simulacro-nacional-tendra-como-hipotesis-un-sismo-de-magnitud-7-5/" "Mozilla/5.0 (Linux; Android 6.0.1; Nexus 5X Build/MMB29P) AppleWebKit/537.36 (KHTML, like Gecko) Chrome/150.0.7871.128 Mobile Safari/537.36 (compatible; GoogleOther)"
216.73.216.169 - - [29/Jul/2026:07:24:49 -0600] "GET /jadma HTTP/1.1" 500 20 "-" "Mozilla/5.0 AppleWebKit/537.36 (KHTML, like Gecko; compatible; ClaudeBot/1.0; +claudebot@anthropic.com)"
66.249.70.7 - - [29/Jul/2026:07:24:52 -0600] "GET /?jp/014046380.html HTTP/1.1" 200 23096 "-" "Mozilla/5.0 (Linux; Android 6.0.1; Nexus 5X Build/MMB29P) AppleWebKit/537.36 (KHTML, like Gecko) Chrome/150.0.7871.128 Mobile Safari/537.36 (compatible; Googlebot/2.1; +http://www.google.com/bot.html)"
216.73.216.169 - - [29/Jul/2026:07:24:54 -0600] "GET /f/help/ HTTP/1.1" 500 20 "-" "Mozilla/5.0 AppleWebKit/537.36 (KHTML, like Gecko; compatible; ClaudeBot/1.0; +claudebot@anthropic.com)"
66.249.70.1 - - [29/Jul/2026:07:25:14 -0600] "GET /category/504/1 HTTP/1.1" 200 23009 "-" "Mozilla/5.0 (Linux; Android 6.0.1; Nexus 5X Build/MMB29P) AppleWebKit/537.36 (KHTML, like Gecko) Chrome/150.0.7871.128 Mobile Safari/537.36 (compatible; GoogleOther)"
216.73.216.169 - - [29/Jul/2026:07:25:16 -0600] "GET /advanced_search HTTP/1.1" 500 20 "-" "Mozilla/5.0 AppleWebKit/537.36 (KHTML, like Gecko; compatible; ClaudeBot/1.0; +claudebot@anthropic.com)"
66.249.70.8 - - [29/Jul/2026:07:25:20 -0600] "GET /la-lluvia-ya-se-presenta-en-varios-puntos-del-estado/ HTTP/1.1" 200 22806 "-" "Mozilla/5.0 (Linux; Android 6.0.1; Nexus 5X Build/MMB29P) AppleWebKit/537.36 (KHTML, like Gecko) Chrome/150.0.7871.128 Mobile Safari/537.36 (compatible; Googlebot/2.1; +http://www.google.com/bot.html)"
216.73.216.169 - - [29/Jul/2026:07:25:21 -0600] "GET /330976992 HTTP/1.1" 500 20 "-" "Mozilla/5.0 AppleWebKit/537.36 (KHTML, like Gecko; compatible; ClaudeBot/1.0; +claudebot@anthropic.com)"
57.141.0.18 - - [29/Jul/2026:07:25:48 -0600] "GET /category/participacion-comunitaria/ HTTP/1.1" 500 20 "-" "Mozilla/5.0 (Windows NT 10.0; Win64; x64) AppleWebKit/537.36 (KHTML, like Gecko) Chrome/145.0.0.0 Safari/537.36 (compatible; meta-externalagent/1.1 (+https://developers.facebook.com/docs/sharing/webmasters/crawler))"
66.249.70.7 - - [29/Jul/2026:07:25:55 -0600] "GET /?detail/059012172776 HTTP/1.1" 200 22840 "-" "Mozilla/5.0 (Linux; Android 6.0.1; Nexus 5X Build/MMB29P) AppleWebKit/537.36 (KHTML, like Gecko) Chrome/150.0.7871.128 Mobile Safari/537.36 (compatible; Googlebot/2.1; +http://www.google.com/bot.html)"
216.73.216.169 - - [29/Jul/2026:07:25:56 -0600] "GET /swp/pointTopView/ HTTP/1.1" 500 20 "-" "Mozilla/5.0 AppleWebKit/537.36 (KHTML, like Gecko; compatible; ClaudeBot/1.0; +claudebot@anthropic.com)"
111.34.10.70 - - [29/Jul/2026:07:25:57 -0600] "GET /wp-content/uploads/2024/09/a7693482-a3c2-47d3-9d94-bba9666146fb-1024x1024.jpg HTTP/1.1" 500 20 "-" "Opera/9.37.(Windows CE; nn-NO) Presto/2.9.189 Version/11.00"
216.73.216.169 - - [29/Jul/2026:07:26:01 -0600] "GET /search/ HTTP/1.1" 500 20 "-" "Mozilla/5.0 AppleWebKit/537.36 (KHTML, like Gecko; compatible; ClaudeBot/1.0; +claudebot@anthropic.com)"
114.119.152.8 - - [29/Jul/2026:07:26:04 -0600] "GET /reporte-de-tirador-activo-en-la-universidad-estatal-de-florida-obliga-a-cierre-del-campus-y-despliegue-masivo-de-policia HTTP/1.1" 500 20 "https://www.nuestrasnoticias.info/mas-de-400-muertos-en-sudan-segun-fuentes-de-la-onu" "Mozilla/5.0 (Linux; Android 7.0;) AppleWebKit/537.36 (HTML, like Gecko) Mobile Safari/537.36 (compatible; PetalBot;+https://webmaster.petalsearch.com/site/petalbot)"
216.73.216.169 - - [29/Jul/2026:07:26:06 -0600] "GET /odr/order/autoOrderListView/ HTTP/1.1" 500 20 "-" "Mozilla/5.0 AppleWebKit/537.36 (KHTML, like Gecko; compatible; ClaudeBot/1.0; +claudebot@anthropic.com)"
66.249.70.8 - - [29/Jul/2026:07:26:11 -0600] "GET /?detail/0320018818316 HTTP/1.1" 200 23941 "-" "Mozilla/5.0 (Linux; Android 6.0.1; Nexus 5X Build/MMB29P) AppleWebKit/537.36 (KHTML, like Gecko) Chrome/150.0.7871.128 Mobile Safari/537.36 (compatible; GoogleOther)"
216.73.216.169 - - [29/Jul/2026:07:26:11 -0600] "GET /csr/index.html HTTP/1.1" 500 20 "-" "Mozilla/5.0 AppleWebKit/537.36 (KHTML, like Gecko; compatible; ClaudeBot/1.0; +claudebot@anthropic.com)"
216.73.216.169 - - [29/Jul/2026:07:26:17 -0600] "GET /ol/0/ HTTP/1.1" 500 20 "-" "Mozilla/5.0 AppleWebKit/537.36 (KHTML, like Gecko; compatible; ClaudeBot/1.0; +claudebot@anthropic.com)"
52.167.144.172 - - [29/Jul/2026:07:26:18 -0600] "GET /daniela-ya-fue-localizada/ HTTP/1.1" 200 33 "-" "Mozilla/5.0 AppleWebKit/537.36 (KHTML, like Gecko; compatible; bingbot/2.0; +http://www.bing.com/bingbot.htm) Chrome/116.0.1938.76 Safari/537.36"
216.73.216.169 - - [29/Jul/2026:07:26:22 -0600] "GET /etc/alcohol.html HTTP/1.1" 500 20 "-" "Mozilla/5.0 AppleWebKit/537.36 (KHTML, like Gecko; compatible; ClaudeBot/1.0; +claudebot@anthropic.com)"
57.141.0.25 - - [29/Jul/2026:07:26:33 -0600] "GET /salud-colima-instala-modulos-semifijos-de-vacunacion-en-los-4-municipios-mas-grandes/ HTTP/1.1" 500 20 "-" "Mozilla/5.0 (X11; Linux x86_64) AppleWebKit/537.36 (KHTML, like Gecko) Chrome/145.0.0.0 Safari/537.36 (compatible; meta-externalagent/1.1 (+https://developers.facebook.com/docs/sharing/webmasters/crawler))"
57.141.0.43 - - [29/Jul/2026:07:26:42 -0600] "GET /tag/institucional/ HTTP/1.1" 500 20 "-" "Mozilla/5.0 (Macintosh; Intel Mac OS X 10_15_7) AppleWebKit/537.36 (KHTML, like Gecko) Chrome/145.0.0.0 Safari/537.36 (compatible; meta-externalagent/1.1 (+https://developers.facebook.com/docs/sharing/webmasters/crawler))"
216.73.216.169 - - [29/Jul/2026:07:26:53 -0600] "GET /323217950 HTTP/1.1" 500 20 "-" "Mozilla/5.0 AppleWebKit/537.36 (KHTML, like Gecko; compatible; ClaudeBot/1.0; +claudebot@anthropic.com)"
185.191.171.17 - - [29/Jul/2026:07:26:56 -0600] "GET /instalan-guardia-nacional-y-ejercito-mexicano-puesto-de-atencion-ciudadana-en-la-caseta-san-marcos-durante-operativo-de-semana-de-pascua-2026/ HTTP/1.1" 500 20 "-" "Mozilla/5.0 (compatible; SemrushBot/7~bl; +http://www.semrush.com/bot.html)"
216.73.216.169 - - [29/Jul/2026:07:26:58 -0600] "GET /odr/order/regOdrListView/ HTTP/1.1" 500 20 "-" "Mozilla/5.0 AppleWebKit/537.36 (KHTML, like Gecko; compatible; ClaudeBot/1.0; +claudebot@anthropic.com)"
216.73.216.169 - - [29/Jul/2026:07:27:03 -0600] "GET /133665732 HTTP/1.1" 500 20 "-" "Mozilla/5.0 AppleWebKit/537.36 (KHTML, like Gecko; compatible; ClaudeBot/1.0; +claudebot@anthropic.com)"
66.249.70.8 - - [29/Jul/2026:07:27:04 -0600] "GET /?jp/059000168.html HTTP/1.1" 200 24119 "-" "Mozilla/5.0 (Linux; Android 6.0.1; Nexus 5X Build/MMB29P) AppleWebKit/537.36 (KHTML, like Gecko) Chrome/150.0.7871.128 Mobile Safari/537.36 (compatible; Googlebot/2.1; +http://www.google.com/bot.html)"
216.73.216.169 - - [29/Jul/2026:07:27:08 -0600] "GET /397482616 HTTP/1.1" 500 20 "-" "Mozilla/5.0 AppleWebKit/537.36 (KHTML, like Gecko; compatible; ClaudeBot/1.0; +claudebot@anthropic.com)"
3.208.146.193 - - [29/Jul/2026:07:27:10 -0600] "GET /wp-json/wp/v2/categories/570 HTTP/1.1" 500 20 "-" "Mozilla/5.0 AppleWebKit/537.36 (KHTML, like Gecko; compatible; Amazonbot/0.1; +https://developer.amazon.com/support/amazonbot) Chrome/119.0.6045.214 Safari/537.36"
154.197.20.47 - - [29/Jul/2026:07:27:13 -0600] "GET /wp-content/uploads/2025/01/Victoria-Ruffo-y-Eugenio-Derbez-2000-a8875e59e93a423fbcb6274981a03724.jpg-120x86.webp HTTP/1.1" 200 3596 "-" "Mozilla/5.0 (compatible; crawler)"
216.73.216.169 - - [29/Jul/2026:07:27:14 -0600] "GET /270181019 HTTP/1.1" 500 20 "-" "Mozilla/5.0 AppleWebKit/537.36 (KHTML, like Gecko; compatible; ClaudeBot/1.0; +claudebot@anthropic.com)"
