66.249.70.7 - - [29/Jul/2026:07:40:55 -0600] "GET /?jp/001028679.html HTTP/1.1" 200 23316 "-" "Mozilla/5.0 (Linux; Android 6.0.1; Nexus 5X Build/MMB29P) AppleWebKit/537.36 (KHTML, like Gecko) Chrome/150.0.7871.128 Mobile Safari/537.36 (compatible; Googlebot/2.1; +http://www.google.com/bot.html)"
104.218.199.225 - - [29/Jul/2026:07:40:57 -0600] "GET /wp-content/uploads/2024/05/552ab002-77fb-466c-a90e-b8baa76665ad.jpg-350x350.webp HTTP/1.1" 200 14304 "-" "Mozilla/5.0 (iPhone; CPU iPhone OS 16_7_7 like Mac OS X) AppleWebKit/532.1 (KHTML, like Gecko) FxiOS/12.1b0489.0 Mobile/68X940 Safari/532.1"
27.74.158.32 - - [29/Jul/2026:07:41:06 -0600] "GET /wp-content/uploads/2026/07/748704945_2260538288046533_8910095779968697262_n.jpg HTTP/1.1" 200 82894 "-" "Mozilla/5.0 (compatible; MSIE 7.0; Windows NT 10.0; Trident/3.0)"
103.135.252.91 - - [29/Jul/2026:07:41:26 -0600] "GET /wp-content/uploads/2024/04/32079112-9aac-457d-a7b6-4eb79d96df05-1024x715.jpg HTTP/1.1" 500 20 "-" "Mozilla/5.0 (compatible; MSIE 5.0; Windows NT 5.01; Trident/3.0)"
199.235.158.90 - - [29/Jul/2026:07:41:29 -0600] "GET /wp-content/uploads/2024/04/32079112-9aac-457d-a7b6-4eb79d96df05-1024x715.jpg HTTP/1.1" 500 20 "-" "Mozilla/5.0 (Linux; Android 4.0.3) AppleWebKit/536.1 (KHTML, like Gecko) Chrome/22.0.822.0 Safari/536.1"
66.249.70.8 - - [29/Jul/2026:07:41:29 -0600] "GET /tag/mesio-ambiente/ HTTP/1.1" 200 23211 "-" "Mozilla/5.0 (Linux; Android 6.0.1; Nexus 5X Build/MMB29P) AppleWebKit/537.36 (KHTML, like Gecko) Chrome/150.0.7871.128 Mobile Safari/537.36 (compatible; Googlebot/2.1; +http://www.google.com/bot.html)"
37.188.255.222 - - [29/Jul/2026:07:41:31 -0600] "GET /wp-content/uploads/2024/04/32079112-9aac-457d-a7b6-4eb79d96df05-1024x715.jpg HTTP/1.1" 500 20 "-" "Mozilla/5.0 (Macintosh; U; Intel Mac OS X 10_12_9; rv:1.9.3.20) Gecko/7138-11-12 19:08:53.606628 Firefox/3.6.7"
66.249.70.8 - - [29/Jul/2026:07:41:35 -0600] "GET /advanced_search HTTP/1.1" 200 23742 "-" "Mozilla/5.0 (Linux; Android 6.0.1; Nexus 5X Build/MMB29P) AppleWebKit/537.36 (KHTML, like Gecko) Chrome/150.0.7871.128 Mobile Safari/537.36 (compatible; GoogleOther)"
66.249.70.1 - - [29/Jul/2026:07:41:51 -0600] "GET /?jp/038028076.html HTTP/1.1" 200 25027 "-" "Mozilla/5.0 (Linux; Android 6.0.1; Nexus 5X Build/MMB29P) AppleWebKit/537.36 (KHTML, like Gecko) Chrome/150.0.7871.128 Mobile Safari/537.36 (compatible; Googlebot/2.1; +http://www.google.com/bot.html)"
180.254.227.113 - - [29/Jul/2026:07:41:54 -0600] "GET /wp-content/uploads/2026/07/747587268_1106775745010456_6989991861446798465_n-1-1140x855.jpeg HTTP/1.1" 200 276603 "-" "Mozilla/5.0 (Windows; U; Windows NT 5.0) AppleWebKit/531.31.6 (KHTML, like Gecko) Version/4.0.1 Safari/531.31.6"
181.164.205.220 - - [29/Jul/2026:07:42:04 -0600] "GET /category/gobierno/page/53/ HTTP/1.1" 500 20 "-" "Mozilla/5.0 (Macintosh; Intel Mac OS X 10_12_6) AppleWebKit/537.36 (KHTML, like Gecko) Chrome/96.0.4664.110 Safari/537.36"
66.249.70.1 - - [29/Jul/2026:07:42:04 -0600] "GET /?detail/0760168225596 HTTP/1.1" 200 23759 "-" "Mozilla/5.0 (Linux; Android 6.0.1; Nexus 5X Build/MMB29P) AppleWebKit/537.36 (KHTML, like Gecko) Chrome/150.0.7871.128 Mobile Safari/537.36 (compatible; Googlebot/2.1; +http://www.google.com/bot.html)"
103.237.79.72 - - [29/Jul/2026:07:42:17 -0600] "GET /wp-content/uploads/2026/06/CRIT-TELETON-1140x815.jpg HTTP/1.1" 200 137843 "-" "Opera/9.13.(Windows 98; wal-ET) Presto/2.9.183 Version/10.00"
125.163.117.90 - - [29/Jul/2026:07:42:21 -0600] "GET /wp-login.php HTTP/1.1" 500 20 "https://nuestrasnoticias.info/wp-login.php" "Mozilla/5.0 (Linux; Android 12; SM-G991B) AppleWebKit/537.36 (KHTML, like Gecko) Chrome/139.0.0.0 Mobile Safari/537.36"
190.47.241.167 - - [29/Jul/2026:07:42:23 -0600] "GET /reconocer-a-buenos-policias-impulsa-la-transformacion-con-los-historicos-ascensos-dignificamos-al-personal-operativo-mejora-salarios-y-reconoce-su-trayectoria/ HTTP/1.1" 500 20 "-" "Mozilla/5.0 (Linux; Android 8.0; Pixel 2 Build/OPD3.170816.012) AppleWebKit/537.36 (KHTML, like Gecko) Chrome/40.0.2622.1614 Mobile Safari/537.36"
66.249.70.8 - - [29/Jul/2026:07:42:38 -0600] "GET /?jp/257010804.html HTTP/1.1" 200 23054 "-" "Mozilla/5.0 (Linux; Android 6.0.1; Nexus 5X Build/MMB29P) AppleWebKit/537.36 (KHTML, like Gecko) Chrome/150.0.7871.128 Mobile Safari/537.36 (compatible; Googlebot/2.1; +http://www.google.com/bot.html)"
14.181.6.52 - - [29/Jul/2026:07:42:49 -0600] "GET /wp-content/uploads/2026/07/delitos-ciberneticos-1140x570.jpg HTTP/1.1" 200 99322 "-" "Opera/8.15.(X11; Linux i686; uk-UA) Presto/2.9.162 Version/10.00"
66.249.70.1 - - [29/Jul/2026:07:43:13 -0600] "GET /?detail/118044551509 HTTP/1.1" 200 23410 "-" "Mozilla/5.0 (Linux; Android 6.0.1; Nexus 5X Build/MMB29P) AppleWebKit/537.36 (KHTML, like Gecko) Chrome/150.0.7871.128 Mobile Safari/537.36 (compatible; Googlebot/2.1; +http://www.google.com/bot.html)"
114.119.135.224 - - [29/Jul/2026:07:43:16 -0600] "GET /primer-simulacro-estatal-2024-gobierno-de-colima HTTP/1.1" 500 20 "https://www.nuestrasnoticias.info/fiscalia-general-del-estado-de-colima-contigo-logramos-mas-estrategia-de-acercamiento-a-la-ciudadania" "Mozilla/5.0 (Linux; Android 7.0;) AppleWebKit/537.36 (HTML, like Gecko) Mobile Safari/537.36 (compatible; PetalBot;+https://webmaster.petalsearch.com/site/petalbot)"
137.101.119.237 - - [29/Jul/2026:07:43:27 -0600] "GET /wp-content/uploads/2025/06/076b1d16-d1f4-4a8c-9b4a-7ecaebad56b7-750x500.jpg HTTP/1.1" 200 59257 "-" "Mozilla/5.0 (X11; Linux x86_64) AppleWebKit/531.0 (KHTML, like Gecko) Chrome/20.0.807.0 Safari/531.0"
66.249.70.7 - - [29/Jul/2026:07:43:37 -0600] "GET /en-febrero-se-proyecta-iniciar-construccion-de-mas-de-13-mil-viviendas-en-el-estado-de-colima-indira HTTP/1.1" 200 23712 "-" "Mozilla/5.0 (Linux; Android 6.0.1; Nexus 5X Build/MMB29P) AppleWebKit/537.36 (KHTML, like Gecko) Chrome/150.0.7871.128 Mobile Safari/537.36 (compatible; Googlebot/2.1; +http://www.google.com/bot.html)"
14.191.55.84 - - [29/Jul/2026:07:43:39 -0600] "GET /tag/politica/page/20/ HTTP/1.1" 500 20 "-" "Mozilla/5.0 (Macintosh; Intel Mac OS X 10_15_5) AppleWebKit/537.36 (KHTML, like Gecko) Chrome/90.0.4430.93 Safari/537.36"
66.249.70.7 - - [29/Jul/2026:07:43:48 -0600] "GET /?jp/099006334.html HTTP/1.1" 200 23028 "-" "Mozilla/5.0 (Linux; Android 6.0.1; Nexus 5X Build/MMB29P) AppleWebKit/537.36 (KHTML, like Gecko) Chrome/150.0.7871.128 Mobile Safari/537.36 (compatible; Googlebot/2.1; +http://www.google.com/bot.html)"
66.249.70.7 - - [29/Jul/2026:07:43:59 -0600] "GET /etc/disclaimer.html HTTP/1.1" 200 23131 "-" "Mozilla/5.0 (Linux; Android 6.0.1; Nexus 5X Build/MMB29P) AppleWebKit/537.36 (KHTML, like Gecko) Chrome/150.0.7871.128 Mobile Safari/537.36 (compatible; GoogleOther)"
40.77.167.47 - - [29/Jul/2026:07:44:02 -0600] "GET /mexico-bajo-el-lente-de-la-onu-organizacion-considera-las-desapariciones-como-crimen-a-la-humanidad/ HTTP/1.1" 200 33 "-" "Mozilla/5.0 AppleWebKit/537.36 (KHTML, like Gecko; compatible; bingbot/2.0; +http://www.bing.com/bingbot.htm) Chrome/116.0.1938.76 Safari/537.36"
66.249.70.7 - - [29/Jul/2026:07:44:05 -0600] "POST /?ajax-request=jnews HTTP/1.1" 200 24440 "https://www.nuestrasnoticias.info/gobernadora-de-colima-y-dif-estatal-inician-campana-regalando-alegria-buscan-recolectar-2-mil-juguetes/" "Mozilla/5.0 (Linux; Android 6.0.1; Nexus 5X Build/MMB29P) AppleWebKit/537.36 (KHTML, like Gecko) Chrome/150.0.7871.128 Mobile Safari/537.36 (compatible; GoogleOther)"
40.77.167.20 - - [29/Jul/2026:07:44:07 -0600] "GET /seguridad-publica-en-el-sabora-fest-2026/feed/ HTTP/1.1" 200 33 "-" "Mozilla/5.0 AppleWebKit/537.36 (KHTML, like Gecko; compatible; bingbot/2.0; +http://www.bing.com/bingbot.htm) Chrome/116.0.1938.76 Safari/537.36"
114.119.151.70 - - [29/Jul/2026:07:44:11 -0600] "GET /previene-salud-que-exponerse-a-radiacion-solar-puede-causar-cancer-de-piel HTTP/1.1" 500 20 "https://www.nuestrasnoticias.info/category/news/page/280" "Mozilla/5.0 (Linux; Android 7.0;) AppleWebKit/537.36 (HTML, like Gecko) Mobile Safari/537.36 (compatible; PetalBot;+https://webmaster.petalsearch.com/site/petalbot)"
72.63.30.144 - - [29/Jul/2026:07:44:13 -0600] "GET /wp-content/uploads/2026/05/SEGUNDA-PRESENTACION-SONES-POR-MONTONES-512x375.jpg HTTP/1.1" 200 55465 "-" "Mozilla/5.0 (compatible; crawler)"
66.249.70.7 - - [29/Jul/2026:07:44:22 -0600] "GET /?jp/057040425.html HTTP/1.1" 200 24600 "-" "Mozilla/5.0 (Linux; Android 6.0.1; Nexus 5X Build/MMB29P) AppleWebKit/537.36 (KHTML, like Gecko) Chrome/150.0.7871.128 Mobile Safari/537.36 (compatible; Googlebot/2.1; +http://www.google.com/bot.html)"
137.155.27.115 - - [29/Jul/2026:07:44:30 -0600] "GET /wp-content/uploads/2024/04/3e241960-6bc6-486e-abae-e5ae57a937b5-1140x760.jpg.webp HTTP/1.1" 500 20 "-" "Mozilla/5.0 (iPhone; CPU iPhone OS 14_2_1 like Mac OS X) AppleWebKit/531.0 (KHTML, like Gecko) FxiOS/10.6h1391.0 Mobile/39V423 Safari/531.0"
112.185.192.142 - - [29/Jul/2026:07:44:33 -0600] "GET /wp-content/uploads/2024/04/3e241960-6bc6-486e-abae-e5ae57a937b5-1140x760.jpg.webp HTTP/1.1" 500 20 "-" "Mozilla/5.0 (compatible; MSIE 9.0; Windows NT 5.0; Trident/3.0)"
14.191.159.133 - - [29/Jul/2026:07:44:35 -0600] "GET /wp-content/uploads/2024/04/3e241960-6bc6-486e-abae-e5ae57a937b5-1140x760.jpg.webp HTTP/1.1" 500 20 "-" "Mozilla/5.0 (iPod; U; CPU iPhone OS 4_1 like Mac OS X; sa-IN) AppleWebKit/532.22.2 (KHTML, like Gecko) Version/4.0.5 Mobile/8B111 Safari/6532.22.2"
66.249.70.7 - - [29/Jul/2026:07:44:57 -0600] "GET /?goods/057040501 HTTP/1.1" 200 23642 "-" "Mozilla/5.0 (Linux; Android 6.0.1; Nexus 5X Build/MMB29P) AppleWebKit/537.36 (KHTML, like Gecko) Chrome/150.0.7871.128 Mobile Safari/537.36 (compatible; Googlebot/2.1; +http://www.google.com/bot.html)"
1.55.196.246 - - [29/Jul/2026:07:44:58 -0600] "GET /wp-content/uploads/2026/06/WhatsApp-Image-2026-06-08-at-12.53.41-PM-300x191.jpeg HTTP/1.1" 200 13636 "-" "Mozilla/5.0 (iPad; CPU iPad OS 14_8_1 like Mac OS X) AppleWebKit/532.1 (KHTML, like Gecko) CriOS/33.0.871.0 Mobile/39D382 Safari/532.1"
85.208.96.212 - - [29/Jul/2026:07:45:07 -0600] "GET /cjm-imparte-charla-sobre-violencia-en-el-noviazgo-fge/ HTTP/1.1" 500 20 "-" "Mozilla/5.0 (compatible; SemrushBot/7~bl; +http://www.semrush.com/bot.html)"
27.125.247.121 - - [29/Jul/2026:07:45:17 -0600] "GET /wp-content/uploads/2026/04/MI-COLIBECA.jpg HTTP/1.1" 200 49796 "-" "Opera/9.42.(Windows NT 6.1; niu-NZ) Presto/2.9.163 Version/12.00"
40.77.167.25 - - [29/Jul/2026:07:45:21 -0600] "GET /fge-obtiene-sentencia-condenatoria-por-tentativa-de-homicidio-en-manzanillo/ HTTP/1.1" 200 33 "-" "Mozilla/5.0 AppleWebKit/537.36 (KHTML, like Gecko; compatible; bingbot/2.0; +http://www.bing.com/bingbot.htm) Chrome/116.0.1938.76 Safari/537.36"
66.249.70.1 - - [29/Jul/2026:07:45:25 -0600] "GET /e/15/ HTTP/1.1" 200 23107 "-" "Mozilla/5.0 (Linux; Android 6.0.1; Nexus 5X Build/MMB29P) AppleWebKit/537.36 (KHTML, like Gecko) Chrome/150.0.7871.128 Mobile Safari/537.36 (compatible; GoogleOther)"
114.119.152.8 - - [29/Jul/2026:07:45:37 -0600] "GET /prevenir-y-atender-la-tortura-es-tarea-de-la-fiscalia-especializada-fge/ HTTP/1.1" 500 20 "https://www.nuestrasnoticias.info/ssp-invita-a-unirse-al-canal-de-la-policia-cibernetica-colima-alerta-sobre-fraudes-y-estafas-2/" "Mozilla/5.0 (Linux; Android 7.0;) AppleWebKit/537.36 (HTML, like Gecko) Mobile Safari/537.36 (compatible; PetalBot;+https://webmaster.petalsearch.com/site/petalbot)"
171.236.173.119 - - [29/Jul/2026:07:45:47 -0600] "GET /wp-content/uploads/2026/07/MITOS-REALIDAD3-768x959.jpg HTTP/1.1" 200 86363 "-" "Mozilla/5.0 (Macintosh; Intel Mac OS X 10_10_2 rv:4.0; vi-VN) AppleWebKit/535.3.5 (KHTML, like Gecko) Version/4.0.3 Safari/535.3.5"
160.191.180.93 - - [29/Jul/2026:07:45:47 -0600] "GET /wp-content/uploads/2024/06/857de1cb-fe11-4f4f-9b52-12320f5d8b55.jpg-120x86.webp HTTP/1.1" 200 4796 "-" "Mozilla/5.0 (iPad; CPU iPad OS 13_5_1 like Mac OS X) AppleWebKit/534.0 (KHTML, like Gecko) CriOS/46.0.828.0 Mobile/39N974 Safari/534.0"
66.249.70.1 - - [29/Jul/2026:07:46:03 -0600] "GET /wp-content/uploads/2024/06/270cfc3f-0161-438b-b51e-b65ec582762a.jpg.webp HTTP/1.1" 200 45998 "-" "Googlebot-Image/1.0"
66.249.70.8 - - [29/Jul/2026:07:46:19 -0600] "GET /wp-content/plugins/addons-for-visual-composer/includes/addons/pricing-table/css/style.css?ver=3.9.4 HTTP/1.1" 200 23204 "https://www.nuestrasnoticias.info/category/administracion-publica/" "Mozilla/5.0 (Linux; Android 6.0.1; Nexus 5X Build/MMB29P) AppleWebKit/537.36 (KHTML, like Gecko) Chrome/150.0.7871.128 Mobile Safari/537.36 (compatible; GoogleOther)"
66.249.70.7 - - [29/Jul/2026:07:46:34 -0600] "GET /derechos-de-ninas-ninos-y-adolescentes-a-la-vida-a-la-supervivencia-y-al-desarrollo-fge/ HTTP/1.1" 200 23951 "-" "Mozilla/5.0 (Linux; Android 6.0.1; Nexus 5X Build/MMB29P) AppleWebKit/537.36 (KHTML, like Gecko) Chrome/150.0.7871.186 Mobile Safari/537.36 (compatible; Googlebot/2.1; +http://www.google.com/bot.html)"
160.22.62.31 - - [29/Jul/2026:07:46:40 -0600] "GET /wp-content/uploads/2026/07/recomiendan-rutinas3-768x512.jpg HTTP/1.1" 200 115079 "-" "Mozilla/5.0 (iPod; U; CPU iPhone OS 3_3 like Mac OS X; szl-PL) AppleWebKit/532.27.5 (KHTML, like Gecko) Version/3.0.5 Mobile/8B111 Safari/6532.27.5"
66.249.70.7 - - [29/Jul/2026:07:46:48 -0600] "GET /cumplimenta-fge-dos-ordenes-de-aprehension-por-homicidio-calificado-y-feminicidio-en-grado-de-tentativa/feed/ HTTP/1.1" 200 23843 "-" "Mozilla/5.0 (Linux; Android 6.0.1; Nexus 5X Build/MMB29P) AppleWebKit/537.36 (KHTML, like Gecko) Chrome/150.0.7871.128 Mobile Safari/537.36 (compatible; Googlebot/2.1; +http://www.google.com/bot.html)"
114.119.146.100 - - [29/Jul/2026:07:46:59 -0600] "GET /presidenta-claudia-sheinbaum-encabeza-el-arranque-nacional-del-programa-salud-casa-por-casa/ HTTP/1.1" 500 20 "https://www.nuestrasnoticias.info/manana-13-de-junio-cierra-el-registro-para-manzaniyo-emprendo" "Mozilla/5.0 (Linux; Android 7.0;) AppleWebKit/537.36 (HTML, like Gecko) Mobile Safari/537.36 (compatible; PetalBot;+https://webmaster.petalsearch.com/site/petalbot)"
23.21.225.190 - - [29/Jul/2026:07:47:13 -0600] "GET /wp-json/oembed/1.0/embed?format=xml&url=https://www.nuestrasnoticias.info/gobierno-del-estado-de-colima-invita-a-participar-en-la-feria-infantil-aprende-imagina-y-crea-en-el-museo-xoloitzcuintle/ HTTP/1.1" 500 20 "-" "Mozilla/5.0 AppleWebKit/537.36 (KHTML, like Gecko; compatible; Amazonbot/0.1; +https://developer.amazon.com/support/amazonbot) Chrome/119.0.6045.214 Safari/537.36"
20.215.211.95 - - [29/Jul/2026:07:47:13 -0600] "GET /wp-content/plugins/hellopress/wp_filemanager.php HTTP/1.1" 401 36 "-" "-"
20.215.211.95 - - [29/Jul/2026:07:47:13 -0600] "GET /this_is_a_new_hello_world.php HTTP/1.1" 401 36 "-" "-"
20.215.211.95 - - [29/Jul/2026:07:47:14 -0600] "GET /xstelth.php HTTP/1.1" 401 36 "-" "-"
20.215.211.95 - - [29/Jul/2026:07:47:14 -0600] "GET /584062352875874akp.php HTTP/1.1" 401 36 "-" "-"
20.215.211.95 - - [29/Jul/2026:07:47:14 -0600] "GET /newfile.php HTTP/1.1" 401 36 "-" "-"
20.215.211.95 - - [29/Jul/2026:07:47:15 -0600] "GET /tBEZGQz.php HTTP/1.1" 401 36 "-" "-"
20.215.211.95 - - [29/Jul/2026:07:47:15 -0600] "GET /phpinfo HTTP/1.1" 401 36 "-" "-"
20.215.211.95 - - [29/Jul/2026:07:47:16 -0600] "GET /drykl.php HTTP/1.1" 401 36 "-" "-"
20.215.211.95 - - [29/Jul/2026:07:47:16 -0600] "GET /wp-admin/css/colors/blue/ HTTP/1.1" 401 36 "-" "-"
20.215.211.95 - - [29/Jul/2026:07:47:17 -0600] "GET /ls.php HTTP/1.1" 401 36 "-" "-"
54.89.90.224 - - [29/Jul/2026:07:47:17 -0600] "GET /wp-content/uploads/2025/11/584429754_1151727220440722_6082880878974625821_n.jpg-350x250.webp HTTP/1.1" 200 16890 "-" "Mozilla/5.0 AppleWebKit/537.36 (KHTML, like Gecko; compatible; Amazonbot/0.1; +https://developer.amazon.com/support/amazonbot) Chrome/119.0.6045.214 Safari/537.36"
20.215.211.95 - - [29/Jul/2026:07:47:18 -0600] "GET /dx.php HTTP/1.1" 401 36 "-" "-"
20.215.211.95 - - [29/Jul/2026:07:47:18 -0600] "GET /mac.php HTTP/1.1" 401 36 "-" "-"
20.215.211.95 - - [29/Jul/2026:07:47:19 -0600] "GET /485.php HTTP/1.1" 401 36 "-" "-"
20.215.211.95 - - [29/Jul/2026:07:47:20 -0600] "GET /gelio1.php HTTP/1.1" 401 36 "-" "-"
20.215.211.95 - - [29/Jul/2026:07:47:21 -0600] "GET /lp6.php HTTP/1.1" 401 36 "-" "-"
20.215.211.95 - - [29/Jul/2026:07:47:21 -0600] "GET /wp-admin/maint/admin.php HTTP/1.1" 401 36 "-" "-"
20.215.211.95 - - [29/Jul/2026:07:47:22 -0600] "GET /wp-includes/sodium_compat/ HTTP/1.1" 401 36 "-" "-"
20.215.211.95 - - [29/Jul/2026:07:47:23 -0600] "GET /w3llscc.php HTTP/1.1" 401 36 "-" "-"
20.215.211.95 - - [29/Jul/2026:07:47:23 -0600] "GET /miru3.php HTTP/1.1" 401 36 "-" "-"
20.215.211.95 - - [29/Jul/2026:07:47:23 -0600] "GET /autoload_classmap.php HTTP/1.1" 401 36 "-" "-"
20.215.211.95 - - [29/Jul/2026:07:47:24 -0600] "GET /wp-content/ HTTP/1.1" 401 36 "-" "-"
20.215.211.95 - - [29/Jul/2026:07:47:25 -0600] "GET /wp-content/themes/index.php HTTP/1.1" 401 36 "-" "-"
20.215.211.95 - - [29/Jul/2026:07:47:25 -0600] "GET /av.php HTTP/1.1" 401 36 "-" "-"
20.215.211.95 - - [29/Jul/2026:07:47:26 -0600] "GET /wp-includes/l10n/ HTTP/1.1" 401 36 "-" "-"
20.215.211.95 - - [29/Jul/2026:07:47:26 -0600] "GET /wordpress/wp-admin/maint/ HTTP/1.1" 401 36 "-" "-"
20.215.211.95 - - [29/Jul/2026:07:47:27 -0600] "GET /tiny.php HTTP/1.1" 401 36 "-" "-"
20.215.211.95 - - [29/Jul/2026:07:47:28 -0600] "GET /BsMPQ6Wavdefault.php HTTP/1.1" 401 36 "-" "-"
20.215.211.95 - - [29/Jul/2026:07:47:28 -0600] "GET /zrrhj.php HTTP/1.1" 401 36 "-" "-"
20.215.211.95 - - [29/Jul/2026:07:47:29 -0600] "GET /gwaih1gfzp5vuwr04Cdefault.php HTTP/1.1" 401 36 "-" "-"
20.215.211.95 - - [29/Jul/2026:07:47:30 -0600] "GET /wpgum.php HTTP/1.1" 401 36 "-" "-"
52.167.144.23 - - [29/Jul/2026:07:47:30 -0600] "GET /incode-invita-a-la-comunidad-deportiva-a-participar-en-los-juegos-nacionales-populares-2026/ HTTP/1.1" 200 33 "-" "Mozilla/5.0 AppleWebKit/537.36 (KHTML, like Gecko; compatible; bingbot/2.0; +http://www.bing.com/bingbot.htm) Chrome/116.0.1938.76 Safari/537.36"
20.215.211.95 - - [29/Jul/2026:07:47:31 -0600] "GET /ywwbf.php HTTP/1.1" 401 36 "-" "-"
66.249.70.8 - - [29/Jul/2026:07:47:31 -0600] "GET /alerta-de-tramites-para-obtencion-de-placas-y-licencias-falsos-fiscalia-general-del-estado-de-colima/ HTTP/1.1" 200 24056 "-" "Mozilla/5.0 (Linux; Android 6.0.1; Nexus 5X Build/MMB29P) AppleWebKit/537.36 (KHTML, like Gecko) Chrome/150.0.7871.128 Mobile Safari/537.36 (compatible; Googlebot/2.1; +http://www.google.com/bot.html)"
20.215.211.95 - - [29/Jul/2026:07:47:31 -0600] "GET /xoldj.php HTTP/1.1" 401 36 "-" "-"
20.215.211.95 - - [29/Jul/2026:07:47:32 -0600] "GET /f35.php HTTP/1.1" 401 36 "-" "-"
20.215.211.95 - - [29/Jul/2026:07:47:32 -0600] "GET /gk.php HTTP/1.1" 401 36 "-" "-"
20.215.211.95 - - [29/Jul/2026:07:47:33 -0600] "GET /584062352875874akp.php HTTP/1.1" 401 36 "-" "-"
20.215.211.95 - - [29/Jul/2026:07:47:33 -0600] "GET /wper3.php HTTP/1.1" 401 36 "-" "-"
20.215.211.95 - - [29/Jul/2026:07:47:34 -0600] "GET /bthil.php HTTP/1.1" 401 36 "-" "-"
52.167.144.158 - - [29/Jul/2026:07:47:35 -0600] "GET /gobernadora-indira-vizcaino-participo-en-la-8a-reunion-de-seguridad-regional-en-guanajuato/ HTTP/1.1" 200 33 "-" "Mozilla/5.0 AppleWebKit/537.36 (KHTML, like Gecko; compatible; bingbot/2.0; +http://www.bing.com/bingbot.htm) Chrome/116.0.1938.76 Safari/537.36"
20.215.211.95 - - [29/Jul/2026:07:47:35 -0600] "GET /wyzer1.php HTTP/1.1" 401 36 "-" "-"
20.215.211.95 - - [29/Jul/2026:07:47:36 -0600] "GET /mh.php HTTP/1.1" 401 36 "-" "-"
20.215.211.95 - - [29/Jul/2026:07:47:36 -0600] "GET /gvg1bvpsgtot1rpklCdefault.php HTTP/1.1" 401 36 "-" "-"
20.215.211.95 - - [29/Jul/2026:07:47:37 -0600] "GET /1.php HTTP/1.1" 401 36 "-" "-"
20.215.211.95 - - [29/Jul/2026:07:47:38 -0600] "GET /chosen.php HTTP/1.1" 401 36 "-" "-"
20.215.211.95 - - [29/Jul/2026:07:47:38 -0600] "GET /sd.php HTTP/1.1" 401 36 "-" "-"
20.215.211.95 - - [29/Jul/2026:07:47:39 -0600] "GET /z60.php HTTP/1.1" 401 36 "-" "-"
20.215.211.95 - - [29/Jul/2026:07:47:39 -0600] "GET /home.php HTTP/1.1" 401 36 "-" "-"
20.215.211.95 - - [29/Jul/2026:07:47:40 -0600] "GET /ws58.php HTTP/1.1" 401 36 "-" "-"
20.215.211.95 - - [29/Jul/2026:07:47:40 -0600] "GET /gulu.php HTTP/1.1" 401 36 "-" "-"
20.215.211.95 - - [29/Jul/2026:07:47:41 -0600] "GET /6xBAm3vODE05BSzkJZRAws.php HTTP/1.1" 401 36 "-" "-"
20.215.211.95 - - [29/Jul/2026:07:47:42 -0600] "GET /wpls.php HTTP/1.1" 401 36 "-" "-"
20.215.211.95 - - [29/Jul/2026:07:47:43 -0600] "GET /php.php HTTP/1.1" 401 36 "-" "-"
20.215.211.95 - - [29/Jul/2026:07:47:43 -0600] "GET /100.php HTTP/1.1" 401 36 "-" "-"
20.215.211.95 - - [29/Jul/2026:07:47:44 -0600] "GET /BDKR28WP.php HTTP/1.1" 401 36 "-" "-"
20.215.211.95 - - [29/Jul/2026:07:47:44 -0600] "GET /browse.php HTTP/1.1" 401 36 "-" "-"
20.215.211.95 - - [29/Jul/2026:07:47:45 -0600] "GET /wp-good.php HTTP/1.1" 401 36 "-" "-"
20.215.211.95 - - [29/Jul/2026:07:47:45 -0600] "GET /8573.php HTTP/1.1" 401 36 "-" "-"
20.215.211.95 - - [29/Jul/2026:07:47:46 -0600] "GET /wp-admin/install.php HTTP/1.1" 401 36 "-" "-"
20.215.211.95 - - [29/Jul/2026:07:47:46 -0600] "GET /classwithtostring.php HTTP/1.1" 401 36 "-" "-"
20.215.211.95 - - [29/Jul/2026:07:47:47 -0600] "GET /ohct.php HTTP/1.1" 401 36 "-" "-"
20.215.211.95 - - [29/Jul/2026:07:47:47 -0600] "GET /bless.php HTTP/1.1" 401 36 "-" "-"
20.215.211.95 - - [29/Jul/2026:07:47:48 -0600] "GET /about.php HTTP/1.1" 401 36 "-" "-"
20.215.211.95 - - [29/Jul/2026:07:47:48 -0600] "GET /public/mI35rZhMg1zJ1vuXdefault.php HTTP/1.1" 401 36 "-" "-"
20.215.211.95 - - [29/Jul/2026:07:47:49 -0600] "GET /ta0ol.php HTTP/1.1" 401 36 "-" "-"
20.215.211.95 - - [29/Jul/2026:07:47:50 -0600] "GET /sa.php7 HTTP/1.1" 401 36 "-" "-"
20.215.211.95 - - [29/Jul/2026:07:47:50 -0600] "GET /wp-class.php HTTP/1.1" 401 36 "-" "-"
20.215.211.95 - - [29/Jul/2026:07:47:51 -0600] "GET /8.php HTTP/1.1" 401 36 "-" "-"
20.215.211.95 - - [29/Jul/2026:07:47:52 -0600] "GET /bootstrap.php HTTP/1.1" 401 36 "-" "-"
20.215.211.95 - - [29/Jul/2026:07:47:52 -0600] "GET /wp-blog-header.php HTTP/1.1" 401 36 "-" "-"
20.215.211.95 - - [29/Jul/2026:07:47:53 -0600] "GET /aa.php HTTP/1.1" 401 36 "-" "-"
20.215.211.95 - - [29/Jul/2026:07:47:53 -0600] "GET /tx79.php HTTP/1.1" 401 36 "-" "-"
20.215.211.95 - - [29/Jul/2026:07:47:54 -0600] "GET /motu.php HTTP/1.1" 401 36 "-" "-"
20.215.211.95 - - [29/Jul/2026:07:47:54 -0600] "GET /wp-head.php HTTP/1.1" 401 36 "-" "-"
20.215.211.95 - - [29/Jul/2026:07:47:55 -0600] "GET /wp-admin/options-privacy.php HTTP/1.1" 401 36 "-" "-"
20.215.211.95 - - [29/Jul/2026:07:47:55 -0600] "GET /60856e3a4findex.php HTTP/1.1" 401 36 "-" "-"
20.215.211.95 - - [29/Jul/2026:07:47:55 -0600] "GET /wp-the.php HTTP/1.1" 401 36 "-" "-"
20.215.211.95 - - [29/Jul/2026:07:47:56 -0600] "GET /wp.php HTTP/1.1" 401 36 "-" "-"
20.215.211.95 - - [29/Jul/2026:07:47:56 -0600] "GET /users.php HTTP/1.1" 401 36 "-" "-"
20.215.211.95 - - [29/Jul/2026:07:47:58 -0600] "GET /tinysd.php HTTP/1.1" 401 36 "-" "-"
20.215.211.95 - - [29/Jul/2026:07:47:59 -0600] "GET /ws78.php HTTP/1.1" 401 36 "-" "-"
20.215.211.95 - - [29/Jul/2026:07:48:00 -0600] "GET /elp.php HTTP/1.1" 401 36 "-" "-"
20.215.211.95 - - [29/Jul/2026:07:48:00 -0600] "GET /atomlib.php HTTP/1.1" 401 36 "-" "-"
20.215.211.95 - - [29/Jul/2026:07:48:01 -0600] "GET /wyzer3.php HTTP/1.1" 401 36 "-" "-"
20.215.211.95 - - [29/Jul/2026:07:48:01 -0600] "GET /max.php HTTP/1.1" 401 36 "-" "-"
20.215.211.95 - - [29/Jul/2026:07:48:01 -0600] "GET /ftde.php HTTP/1.1" 401 36 "-" "-"
66.249.70.1 - - [29/Jul/2026:07:48:05 -0600] "GET /creciendo-sin-violencias-2/feed/ HTTP/1.1" 200 22771 "-" "Mozilla/5.0 (Linux; Android 6.0.1; Nexus 5X Build/MMB29P) AppleWebKit/537.36 (KHTML, like Gecko) Chrome/150.0.7871.128 Mobile Safari/537.36 (compatible; Googlebot/2.1; +http://www.google.com/bot.html)"
114.119.152.8 - - [29/Jul/2026:07:48:21 -0600] "GET /predomina-en-mexico-la-influenza-a-h1n1-alerta-la-secretaria-de-salud-colima/ HTTP/1.1" 500 20 "https://www.nuestrasnoticias.info/predomina-en-mexico-la-influenza-a-h1n1-alerta-la-secretaria-de-salud-colima/" "Mozilla/5.0 (Linux; Android 7.0;) AppleWebKit/537.36 (HTML, like Gecko) Mobile Safari/537.36 (compatible; PetalBot;+https://webmaster.petalsearch.com/site/petalbot)"
66.249.70.7 - - [29/Jul/2026:07:48:34 -0600] "GET /mariana-seoane-en-su-concierto-en-merida-yucatan-dice-la-famosa-frace-quien-me-jalo-mi-cabello/ HTTP/1.1" 200 23652 "-" "Mozilla/5.0 (Linux; Android 6.0.1; Nexus 5X Build/MMB29P) AppleWebKit/537.36 (KHTML, like Gecko) Chrome/150.0.7871.128 Mobile Safari/537.36 (compatible; Googlebot/2.1; +http://www.google.com/bot.html)"
188.215.126.91 - - [29/Jul/2026:07:48:37 -0600] "GET /wp-content/uploads/2024/04/c75d65ab-e95d-439a-a784-b2e653d36fb2-1024x594.jpg HTTP/1.1" 500 20 "-" "Opera/8.68.(X11; Linux i686; mai-IN) Presto/2.9.188 Version/12.00"
66.249.70.7 - - [29/Jul/2026:07:48:47 -0600] "GET /?goods/079044936 HTTP/1.1" 200 22846 "-" "Mozilla/5.0 (Linux; Android 6.0.1; Nexus 5X Build/MMB29P) AppleWebKit/537.36 (KHTML, like Gecko) Chrome/150.0.7871.128 Mobile Safari/537.36 (compatible; Googlebot/2.1; +http://www.google.com/bot.html)"
14.239.236.230 - - [29/Jul/2026:07:48:55 -0600] "GET /wp-content/uploads/2024/04/c75d65ab-e95d-439a-a784-b2e653d36fb2-1024x594.jpg HTTP/1.1" 500 20 "-" "Opera/8.23.(X11; Linux x86_64; nds-NL) Presto/2.9.173 Version/11.00"
66.249.70.1 - - [29/Jul/2026:07:49:00 -0600] "GET /h-congreso-del-estado-de-colima HTTP/1.1" 200 23340 "-" "Mozilla/5.0 (Linux; Android 6.0.1; Nexus 5X Build/MMB29P) AppleWebKit/537.36 (KHTML, like Gecko) Chrome/150.0.7871.128 Mobile Safari/537.36 (compatible; Googlebot/2.1; +http://www.google.com/bot.html)"
66.249.70.8 - - [29/Jul/2026:07:49:11 -0600] "GET /?detail/05700079507702 HTTP/1.1" 200 23970 "-" "Mozilla/5.0 (Linux; Android 6.0.1; Nexus 5X Build/MMB29P) AppleWebKit/537.36 (KHTML, like Gecko) Chrome/150.0.7871.128 Mobile Safari/537.36 (compatible; Googlebot/2.1; +http://www.google.com/bot.html)"
116.107.112.191 - - [29/Jul/2026:07:49:17 -0600] "GET /wp-content/uploads/2024/02/ccf6e1b8-6c42-412e-acb3-c9a9b46fece2.jpg-350x250.webp HTTP/1.1" 200 19438 "-" "Mozilla/5.0 (Macintosh; Intel Mac OS X 10_11_2 rv:2.0; kok-IN) AppleWebKit/533.38.3 (KHTML, like Gecko) Version/5.0.3 Safari/533.38.3"
66.249.70.7 - - [29/Jul/2026:07:49:21 -0600] "GET /category/96/1 HTTP/1.1" 200 24042 "-" "Mozilla/5.0 (Linux; Android 6.0.1; Nexus 5X Build/MMB29P) AppleWebKit/537.36 (KHTML, like Gecko) Chrome/150.0.7871.128 Mobile Safari/537.36 (compatible; GoogleOther)"
57.141.0.39 - - [29/Jul/2026:07:49:22 -0600] "GET /wp-content/uploads/2026/03/653918547_1364461275723563_460867654588048967_n.jpg HTTP/1.1" 200 116807 "-" "Mozilla/5.0 (Macintosh; Intel Mac OS X 10_15_7) AppleWebKit/537.36 (KHTML, like Gecko) Chrome/145.0.0.0 Safari/537.36 (compatible; meta-externalagent/1.1 (+https://developers.facebook.com/docs/sharing/webmasters/crawler))"
45.133.174.91 - - [29/Jul/2026:07:49:27 -0600] "GET //wp-content/themes/000/style.css HTTP/1.1" 500 20 "https://www.nuestrasnoticias.info//wp-content/themes/000/" "Mozilla/5.0 (Windows NT 10.0; Win64; x64) AppleWebKit/537.36 (KHTML, like Gecko) Chrome/150.0.0.0 Safari/537.36"
3.210.29.96 - - [29/Jul/2026:07:49:33 -0600] "GET /wp-json/oembed/1.0/embed?url=https://www.nuestrasnoticias.info/manzanillo-unico-municipio-del-pais-en-entregar-una-beca-a-todos-en-universidad-rosi-bayardo/ HTTP/1.1" 500 20 "-" "Mozilla/5.0 AppleWebKit/537.36 (KHTML, like Gecko; compatible; Amazonbot/0.1; +https://developer.amazon.com/support/amazonbot) Chrome/119.0.6045.214 Safari/537.36"
45.133.174.91 - - [29/Jul/2026:07:49:33 -0600] "POST //wp-content/themes/000/bypass/model.php HTTP/1.1" 302 20 "https://www.nuestrasnoticias.info//wp-content/themes/000/" "Mozilla/5.0 (Windows NT 10.0; Win64; x64) AppleWebKit/537.36 (KHTML, like Gecko) Chrome/150.0.0.0 Safari/537.36"
66.249.70.7 - - [29/Jul/2026:07:49:34 -0600] "GET /colimenses-se-benefician-del-apoyo-federal/feed/ HTTP/1.1" 200 24702 "-" "Mozilla/5.0 (Linux; Android 6.0.1; Nexus 5X Build/MMB29P) AppleWebKit/537.36 (KHTML, like Gecko) Chrome/150.0.7871.128 Mobile Safari/537.36 (compatible; Googlebot/2.1; +http://www.google.com/bot.html)"
114.119.146.100 - - [29/Jul/2026:07:49:45 -0600] "GET /policia-investigadora-del-estado/ HTTP/1.1" 500 20 "https://www.nuestrasnoticias.info/uncategorized/dialogos-por-el-bienestar/" "Mozilla/5.0 (Linux; Android 7.0;) AppleWebKit/537.36 (HTML, like Gecko) Mobile Safari/537.36 (compatible; PetalBot;+https://webmaster.petalsearch.com/site/petalbot)"
43.246.201.234 - - [29/Jul/2026:07:49:55 -0600] "GET /wp-content/uploads/2026/07/policia-investigadora-5-750x685.jpg HTTP/1.1" 200 92169 "-" "Mozilla/5.0 (iPod; U; CPU iPhone OS 3_2 like Mac OS X; fil-PH) AppleWebKit/533.4.7 (KHTML, like Gecko) Version/3.0.5 Mobile/8B113 Safari/6533.4.7"
66.249.70.8 - - [29/Jul/2026:07:50:08 -0600] "GET /g-c-miles-de-estudiantes-manzanillenses-ya-conocen-los-beneficios-de-micolibecaparaelfuturo HTTP/1.1" 200 23105 "-" "Mozilla/5.0 (Linux; Android 6.0.1; Nexus 5X Build/MMB29P) AppleWebKit/537.36 (KHTML, like Gecko) Chrome/150.0.7871.128 Mobile Safari/537.36 (compatible; Googlebot/2.1; +http://www.google.com/bot.html)"
216.73.216.169 - - [29/Jul/2026:07:50:17 -0600] "GET /min.php?path=%2Fusr%2Flib64%2Ftc HTTP/1.1" 200 1397 "-" "Mozilla/5.0 AppleWebKit/537.36 (KHTML, like Gecko; compatible; ClaudeBot/1.0; +claudebot@anthropic.com)"
66.249.70.8 - - [29/Jul/2026:07:50:18 -0600] "GET /?jp/045000662.html HTTP/1.1" 200 22891 "-" "Mozilla/5.0 (Linux; Android 6.0.1; Nexus 5X Build/MMB29P) AppleWebKit/537.36 (KHTML, like Gecko) Chrome/150.0.7871.128 Mobile Safari/537.36 (compatible; GoogleOther)"
58.186.100.226 - - [29/Jul/2026:07:50:19 -0600] "GET /wp-content/uploads/2026/07/mesa-de-paz1-2.jpg HTTP/1.1" 200 86416 "-" "Opera/8.28.(Windows NT 10.0; shs-CA) Presto/2.9.189 Version/10.00"
216.73.216.169 - - [29/Jul/2026:07:50:22 -0600] "GET /dex.php?lokasie=%2Fscripts%2Fcreate_default_featurelist&loknya=%2Fscripts HTTP/1.1" 200 1589 "-" "Mozilla/5.0 AppleWebKit/537.36 (KHTML, like Gecko; compatible; ClaudeBot/1.0; +claudebot@anthropic.com)"
216.73.216.169 - - [29/Jul/2026:07:50:27 -0600] "GET /min.php?path=%2Fusr%2Flib64%2Flibkmod.so.2 HTTP/1.1" 200 1024 "-" "Mozilla/5.0 AppleWebKit/537.36 (KHTML, like Gecko; compatible; ClaudeBot/1.0; +claudebot@anthropic.com)"
130.180.234.218 - - [29/Jul/2026:07:50:28 -0600] "GET /wp-content/uploads/2026/07/MITOS-REALIDAD3.jpg HTTP/1.1" 200 131988 "-" "Mozilla/5.0 (Macintosh; Intel Mac OS X 10_8_8 rv:3.0; ka-GE) AppleWebKit/531.35.4 (KHTML, like Gecko) Version/5.0.2 Safari/531.35.4"
51.241.234.43 - - [29/Jul/2026:07:50:29 -0600] "GET /wp-content/uploads/2026/03/649753919_1357371663099191_3528566037095953689_n-768x512.jpg HTTP/1.1" 200 49441 "-" "Mozilla/5.0 (Macintosh; U; PPC Mac OS X 10_8_4; rv:1.9.2.20) Gecko/9428-06-21 19:59:02.309875 Firefox/3.8"
31.76.157.209 - - [29/Jul/2026:07:50:30 -0600] "GET /wp-content/uploads/2025/01/a370c6d6-26d8-40e1-9b50-7a2c425b9f07.jpg-120x86.webp HTTP/1.1" 200 4830 "-" "Mozilla/5.0 (compatible; crawler)"
216.73.216.169 - - [29/Jul/2026:07:50:32 -0600] "GET /dex.php?loknya=%2Fproc%2Fsysvipc HTTP/1.1" 200 2067 "-" "Mozilla/5.0 AppleWebKit/537.36 (KHTML, like Gecko; compatible; ClaudeBot/1.0; +claudebot@anthropic.com)"
216.73.216.169 - - [29/Jul/2026:07:50:37 -0600] "GET /min.php?rename=%2Fusr%2Flib64%2Flibcom_err.so HTTP/1.1" 200 3124 "-" "Mozilla/5.0 AppleWebKit/537.36 (KHTML, like Gecko; compatible; ClaudeBot/1.0; +claudebot@anthropic.com)"
216.73.216.169 - - [29/Jul/2026:07:50:42 -0600] "GET /min.php?path=%2Fusr%2Flib64%2FlibRemarks.so HTTP/1.1" 200 1027 "-" "Mozilla/5.0 AppleWebKit/537.36 (KHTML, like Gecko; compatible; ClaudeBot/1.0; +claudebot@anthropic.com)"
100.24.167.60 - - [29/Jul/2026:07:50:45 -0600] "GET /author/redaccion1/page/76/ HTTP/1.1" 500 20 "-" "Mozilla/5.0 AppleWebKit/537.36 (KHTML, like Gecko; compatible; Amazonbot/0.1; +https://developer.amazon.com/support/amazonbot) Chrome/119.0.6045.214 Safari/537.36"
66.249.70.7 - - [29/Jul/2026:07:50:45 -0600] "GET /en-febrero-se-proyecta-iniciar-construccion-de-mas-de-13-mil-viviendas-en-el-estado-de-colima-indira/ HTTP/1.1" 200 22902 "-" "Mozilla/5.0 (Linux; Android 6.0.1; Nexus 5X Build/MMB29P) AppleWebKit/537.36 (KHTML, like Gecko) Chrome/150.0.7871.128 Mobile Safari/537.36 (compatible; Googlebot/2.1; +http://www.google.com/bot.html)"
216.73.216.169 - - [29/Jul/2026:07:50:47 -0600] "GET /dex.php?lokasie=%2Fscripts%2Fverify_vhost_includes&loknya=%2Fscripts HTTP/1.1" 200 3912 "-" "Mozilla/5.0 AppleWebKit/537.36 (KHTML, like Gecko; compatible; ClaudeBot/1.0; +claudebot@anthropic.com)"
216.73.216.169 - - [29/Jul/2026:07:50:52 -0600] "GET /min.php?edit=%2Fusr%2Flib64%2Flibedit.so.0 HTTP/1.1" 200 85548 "-" "Mozilla/5.0 AppleWebKit/537.36 (KHTML, like Gecko; compatible; ClaudeBot/1.0; +claudebot@anthropic.com)"
66.249.70.7 - - [29/Jul/2026:07:50:53 -0600] "GET /?detail/1180377423852 HTTP/1.1" 200 22588 "-" "Mozilla/5.0 (Linux; Android 6.0.1; Nexus 5X Build/MMB29P) AppleWebKit/537.36 (KHTML, like Gecko) Chrome/150.0.7871.128 Mobile Safari/537.36 (compatible; Googlebot/2.1; +http://www.google.com/bot.html)"
154.197.16.65 - - [29/Jul/2026:07:50:55 -0600] "GET /wp-content/uploads/2024/10/7d486815-6db6-4783-a075-03b85b9adf2c.jpg-350x250.webp HTTP/1.1" 200 24110 "-" "Mozilla/5.0 (compatible; crawler)"
57.141.0.37 - - [29/Jul/2026:07:50:56 -0600] "GET /tag/colima/page/28/ HTTP/1.1" 500 20 "-" "Mozilla/5.0 (Macintosh; Intel Mac OS X 10_15_7) AppleWebKit/537.36 (KHTML, like Gecko) Chrome/145.0.0.0 Safari/537.36 (compatible; meta-externalagent/1.1 (+https://developers.facebook.com/docs/sharing/webmasters/crawler))"
80.65.225.25 - - [29/Jul/2026:07:50:57 -0600] "GET /wp-content/uploads/2026/07/748704945_2260538288046533_8910095779968697262_n-360x180.jpeg HTTP/1.1" 200 12886 "-" "Mozilla/5.0 (X11; Linux x86_64) AppleWebKit/535.1 (KHTML, like Gecko) Chrome/40.0.809.0 Safari/535.1"
216.73.216.169 - - [29/Jul/2026:07:50:57 -0600] "GET /dex.php?loknya=%2Fproc%2F85 HTTP/1.1" 200 3722 "-" "Mozilla/5.0 AppleWebKit/537.36 (KHTML, like Gecko; compatible; ClaudeBot/1.0; +claudebot@anthropic.com)"
104.252.188.110 - - [29/Jul/2026:07:50:59 -0600] "GET /wp-content/uploads/2025/01/474728788_925018226444957_5408991235218819435_n.jpg-120x86.webp HTTP/1.1" 200 3362 "-" "Mozilla/5.0 (compatible; crawler)"
216.73.216.169 - - [29/Jul/2026:07:51:02 -0600] "GET /min.php?path=%2Fusr%2Flib64%2Flibgstcontroller-1.0.so.0 HTTP/1.1" 200 1033 "-" "Mozilla/5.0 AppleWebKit/537.36 (KHTML, like Gecko; compatible; ClaudeBot/1.0; +claudebot@anthropic.com)"
49.237.21.219 - - [29/Jul/2026:07:51:04 -0600] "GET /wp-content/uploads/2026/06/WhatsApp-Image-2026-06-23-at-1.40.55-PM-1-350x250.jpeg HTTP/1.1" 200 27028 "-" "Mozilla/5.0 (X11; Linux x86_64; rv:1.9.5.20) Gecko/5362-02-12 21:25:25.497787 Firefox/12.0"
216.73.216.169 - - [29/Jul/2026:07:51:07 -0600] "GET /dex.php?loknya=%2Fproc%2F28 HTTP/1.1" 200 3723 "-" "Mozilla/5.0 AppleWebKit/537.36 (KHTML, like Gecko; compatible; ClaudeBot/1.0; +claudebot@anthropic.com)"
114.119.152.8 - - [29/Jul/2026:07:51:08 -0600] "GET /policia-estatal-y-marina-detienen-en-colima-a-individuo-por-probable-intento-de-feminicidio HTTP/1.1" 500 20 "https://www.nuestrasnoticias.info/ssp-promueve-prevencion-del-bullying-en-escuelas-del-estado-de-colima" "Mozilla/5.0 (Linux; Android 7.0;) AppleWebKit/537.36 (HTML, like Gecko) Mobile Safari/537.36 (compatible; PetalBot;+https://webmaster.petalsearch.com/site/petalbot)"
216.73.216.169 - - [29/Jul/2026:07:51:12 -0600] "GET /dex.php?loknya=%2Fetc%2Fsysconfig HTTP/1.1" 200 3800 "-" "Mozilla/5.0 AppleWebKit/537.36 (KHTML, like Gecko; compatible; ClaudeBot/1.0; +claudebot@anthropic.com)"
216.73.216.169 - - [29/Jul/2026:07:51:17 -0600] "GET /min.php?path=%2Fusr%2Flib64%2Flibnl-cli-3.so.200.26.0 HTTP/1.1" 200 1028 "-" "Mozilla/5.0 AppleWebKit/537.36 (KHTML, like Gecko; compatible; ClaudeBot/1.0; +claudebot@anthropic.com)"
66.249.70.1 - - [29/Jul/2026:07:51:22 -0600] "GET /tag/gobierno/page/50/ HTTP/1.1" 200 23229 "-" "Mozilla/5.0 (Linux; Android 6.0.1; Nexus 5X Build/MMB29P) AppleWebKit/537.36 (KHTML, like Gecko) Chrome/150.0.7871.128 Mobile Safari/537.36 (compatible; Googlebot/2.1; +http://www.google.com/bot.html)"
216.73.216.169 - - [29/Jul/2026:07:51:22 -0600] "GET /dex.php?loknya=%2Fproc%2F45 HTTP/1.1" 200 3722 "-" "Mozilla/5.0 AppleWebKit/537.36 (KHTML, like Gecko; compatible; ClaudeBot/1.0; +claudebot@anthropic.com)"
195.133.129.124 - - [29/Jul/2026:07:51:27 -0600] "GET /wp-content/uploads/2026/07/WhatsApp-Image-2026-07-07-at-7.20.25-AM-120x86.jpeg HTTP/1.1" 200 3777 "-" "Opera/9.86.(X11; Linux i686; shs-CA) Presto/2.9.187 Version/12.00"
216.73.216.169 - - [29/Jul/2026:07:51:27 -0600] "GET /min.php?edit=%2Fusr%2Flib64%2Flibcairo-gobject.so.2 HTTP/1.1" 200 12274 "-" "Mozilla/5.0 AppleWebKit/537.36 (KHTML, like Gecko; compatible; ClaudeBot/1.0; +claudebot@anthropic.com)"
66.249.70.7 - - [29/Jul/2026:07:51:28 -0600] "GET /salud-colima-recomienda-evitar-excesos-en-alimentos-y-bebidas-en-la-epoca-decembrina/feed/ HTTP/1.1" 200 22982 "-" "Mozilla/5.0 (Linux; Android 6.0.1; Nexus 5X Build/MMB29P) AppleWebKit/537.36 (KHTML, like Gecko) Chrome/150.0.7871.128 Mobile Safari/537.36 (compatible; Googlebot/2.1; +http://www.google.com/bot.html)"
216.73.216.169 - - [29/Jul/2026:07:51:32 -0600] "GET /min.php?path=%2Fusr%2Flib64%2Flibgssapi_krb5.so HTTP/1.1" 200 1029 "-" "Mozilla/5.0 AppleWebKit/537.36 (KHTML, like Gecko; compatible; ClaudeBot/1.0; +claudebot@anthropic.com)"
42.112.94.179 - - [29/Jul/2026:07:51:36 -0600] "GET /wp-content/uploads/2026/04/MI-COLIBECA1-75x75.jpg HTTP/1.1" 200 2876 "-" "Mozilla/5.0 (Macintosh; Intel Mac OS X 10_11_5) AppleWebKit/533.2 (KHTML, like Gecko) Chrome/53.0.873.0 Safari/533.2"
216.73.216.169 - - [29/Jul/2026:07:51:37 -0600] "GET /dex.php?loknya=%2Fproc%2F63 HTTP/1.1" 200 3722 "-" "Mozilla/5.0 AppleWebKit/537.36 (KHTML, like Gecko; compatible; ClaudeBot/1.0; +claudebot@anthropic.com)"
113.173.182.24 - - [29/Jul/2026:07:51:40 -0600] "GET /wp-content/uploads/2024/06/859dc9d8-d1de-4f41-b6bd-5221bc025e3f.jpg-120x86.webp HTTP/1.1" 200 3828 "-" "Opera/8.35.(X11; Linux i686; ha-NG) Presto/2.9.168 Version/11.00"
187.54.199.207 - - [29/Jul/2026:07:51:41 -0600] "GET /wp-content/uploads/2024/04/23e79f4d-7716-4d3b-bc66-a743d869061a.jpg-360x180.webp HTTP/1.1" 200 16824 "-" "Mozilla/5.0 (iPad; CPU iPad OS 17_3 like Mac OS X) AppleWebKit/533.2 (KHTML, like Gecko) FxiOS/9.2c3008.0 Mobile/23G119 Safari/533.2"
216.73.216.169 - - [29/Jul/2026:07:51:42 -0600] "GET /min.php?delete=%2Fusr%2Flib64%2Flibkmod.so.2 HTTP/1.1" 302 20 "-" "Mozilla/5.0 AppleWebKit/537.36 (KHTML, like Gecko; compatible; ClaudeBot/1.0; +claudebot@anthropic.com)"
216.73.216.169 - - [29/Jul/2026:07:51:42 -0600] "GET /min.php?path=%2Fusr%2Flib64 HTTP/1.1" 200 51140 "https://www.nuestrasnoticias.info/min.php?delete=%2Fusr%2Flib64%2Flibkmod.so.2" "Mozilla/5.0 AppleWebKit/537.36 (KHTML, like Gecko; compatible; ClaudeBot/1.0; +claudebot@anthropic.com)"
216.73.216.169 - - [29/Jul/2026:07:51:47 -0600] "GET /dex.php?lokasie=%2Fbin%2Fpython3&loknya=%2Fbin HTTP/1.1" 200 4149 "-" "Mozilla/5.0 AppleWebKit/537.36 (KHTML, like Gecko; compatible; ClaudeBot/1.0; +claudebot@anthropic.com)"
66.249.70.7 - - [29/Jul/2026:07:51:52 -0600] "GET /oficinas-moviles-jovenes-construyendo-el-futuro-gobierno-de-colima HTTP/1.1" 200 23218 "-" "Mozilla/5.0 (Linux; Android 6.0.1; Nexus 5X Build/MMB29P) AppleWebKit/537.36 (KHTML, like Gecko) Chrome/150.0.7871.128 Mobile Safari/537.36 (compatible; Googlebot/2.1; +http://www.google.com/bot.html)"
216.73.216.169 - - [29/Jul/2026:07:51:53 -0600] "GET /dex.php?loknya=%2Fproc%2F1679 HTTP/1.1" 200 3714 "-" "Mozilla/5.0 AppleWebKit/537.36 (KHTML, like Gecko; compatible; ClaudeBot/1.0; +claudebot@anthropic.com)"
216.73.216.169 - - [29/Jul/2026:07:51:58 -0600] "GET /min.php?edit=%2Fusr%2Flib64%2Flibgdbm.so HTTP/1.1" 200 32368 "-" "Mozilla/5.0 AppleWebKit/537.36 (KHTML, like Gecko; compatible; ClaudeBot/1.0; +claudebot@anthropic.com)"
216.73.216.169 - - [29/Jul/2026:07:52:03 -0600] "GET /min.php?edit=%2Fusr%2Flib64%2Flibipset.so.13 HTTP/1.1" 200 54178 "-" "Mozilla/5.0 AppleWebKit/537.36 (KHTML, like Gecko; compatible; ClaudeBot/1.0; +claudebot@anthropic.com)"
176.20.199.178 - - [29/Jul/2026:07:52:03 -0600] "GET /wp-content/uploads/2025/01/fce36284-fd8c-4716-a340-d1c2a491a640.jpg-120x86.webp HTTP/1.1" 200 4016 "-" "Mozilla/5.0 (compatible; crawler)"
216.73.216.169 - - [29/Jul/2026:07:52:08 -0600] "GET /dex.php?loknya=%2Fproc%2F214550 HTTP/1.1" 200 3697 "-" "Mozilla/5.0 AppleWebKit/537.36 (KHTML, like Gecko; compatible; ClaudeBot/1.0; +claudebot@anthropic.com)"
216.73.216.169 - - [29/Jul/2026:07:52:13 -0600] "GET /min.php?delete=%2Fusr%2Flib64%2Fwireplumber-0.5 HTTP/1.1" 302 20 "-" "Mozilla/5.0 AppleWebKit/537.36 (KHTML, like Gecko; compatible; ClaudeBot/1.0; +claudebot@anthropic.com)"
216.73.216.169 - - [29/Jul/2026:07:52:13 -0600] "GET /min.php?path=%2Fusr%2Flib64 HTTP/1.1" 200 51140 "https://www.nuestrasnoticias.info/min.php?delete=%2Fusr%2Flib64%2Fwireplumber-0.5" "Mozilla/5.0 AppleWebKit/537.36 (KHTML, like Gecko; compatible; ClaudeBot/1.0; +claudebot@anthropic.com)"
216.73.216.169 - - [29/Jul/2026:07:52:18 -0600] "GET /min.php?edit=%2Fusr%2Flib64%2Flibfuse.so.2.9.9 HTTP/1.1" 200 75061 "-" "Mozilla/5.0 AppleWebKit/537.36 (KHTML, like Gecko; compatible; ClaudeBot/1.0; +claudebot@anthropic.com)"
216.73.216.169 - - [29/Jul/2026:07:52:23 -0600] "GET /min.php?rename=%2Fusr%2Flib64%2Fsa HTTP/1.1" 200 3116 "-" "Mozilla/5.0 AppleWebKit/537.36 (KHTML, like Gecko; compatible; ClaudeBot/1.0; +claudebot@anthropic.com)"
66.249.70.1 - - [29/Jul/2026:07:52:27 -0600] "GET /?goods/057003003 HTTP/1.1" 200 23190 "-" "Mozilla/5.0 (Linux; Android 6.0.1; Nexus 5X Build/MMB29P) AppleWebKit/537.36 (KHTML, like Gecko) Chrome/150.0.7871.128 Mobile Safari/537.36 (compatible; Googlebot/2.1; +http://www.google.com/bot.html)"
216.73.216.169 - - [29/Jul/2026:07:52:28 -0600] "GET /min.php?path=%2Fusr%2Flib64%2Flibkrad.so.0 HTTP/1.1" 200 1022 "-" "Mozilla/5.0 AppleWebKit/537.36 (KHTML, like Gecko; compatible; ClaudeBot/1.0; +claudebot@anthropic.com)"
114.119.135.201 - - [29/Jul/2026:07:52:32 -0600] "GET /policia-estatal-de-colima-y-marina-detienen-a-presunto-responsable-de-violacion-a-la-ley-federal-de-armas-de-fuego-y-explosivos-fge HTTP/1.1" 500 20 "https://www.nuestrasnoticias.info/policia-estatal-de-colima-y-marina-detienen-a-presunto-responsable-de-violacion-a-la-ley-federal-de-armas-de-fuego-y-explosivos-fge" "Mozilla/5.0 (Linux; Android 7.0;) AppleWebKit/537.36 (HTML, like Gecko) Mobile Safari/537.36 (compatible; PetalBot;+https://webmaster.petalsearch.com/site/petalbot)"
66.249.70.8 - - [29/Jul/2026:07:52:35 -0600] "GET /wp-*.php HTTP/1.1" 200 24438 "-" "Mozilla/5.0 (Linux; Android 6.0.1; Nexus 5X Build/MMB29P) AppleWebKit/537.36 (KHTML, like Gecko) Chrome/150.0.7871.186 Mobile Safari/537.36 (compatible; Googlebot/2.1; +http://www.google.com/bot.html)"
176.20.196.103 - - [29/Jul/2026:07:52:45 -0600] "GET /wp-content/uploads/2024/02/9d16d77f-27c6-40c4-b451-6e11256e3849.jpg-120x86.webp HTTP/1.1" 200 4072 "-" "Mozilla/5.0 (compatible; crawler)"
190.139.143.157 - - [29/Jul/2026:07:52:51 -0600] "GET /wp-content/uploads/2024/02/9d16d77f-27c6-40c4-b451-6e11256e3849.jpg-750x536.webp HTTP/1.1" 200 89272 "-" "Mozilla/5.0 (Windows 98; Win 9x 4.90; hi-IN; rv:1.9.1.20) Gecko/9036-05-13 18:01:58.870880 Firefox/3.6.19"
216.73.216.169 - - [29/Jul/2026:07:52:59 -0600] "GET /dex.php?loknya=%2Fetc%2Frc2.d HTTP/1.1" 200 1821 "-" "Mozilla/5.0 AppleWebKit/537.36 (KHTML, like Gecko; compatible; ClaudeBot/1.0; +claudebot@anthropic.com)"
66.249.70.7 - - [29/Jul/2026:07:53:01 -0600] "GET /dif-estatal-beneficio-a-mas-de-650-personas-con-estudios-gratuitos-de-densitometria-osea HTTP/1.1" 200 23940 "-" "Mozilla/5.0 (Linux; Android 6.0.1; Nexus 5X Build/MMB29P) AppleWebKit/537.36 (KHTML, like Gecko) Chrome/150.0.7871.128 Mobile Safari/537.36 (compatible; Googlebot/2.1; +http://www.google.com/bot.html)"
216.73.216.169 - - [29/Jul/2026:07:53:04 -0600] "GET /min.php?delete=%2Fusr%2Flib64%2Flibgcrypt.so.20.4.0 HTTP/1.1" 302 20 "-" "Mozilla/5.0 AppleWebKit/537.36 (KHTML, like Gecko; compatible; ClaudeBot/1.0; +claudebot@anthropic.com)"
216.73.216.169 - - [29/Jul/2026:07:53:04 -0600] "GET /min.php?path=%2Fusr%2Flib64 HTTP/1.1" 200 51140 "https://www.nuestrasnoticias.info/min.php?delete=%2Fusr%2Flib64%2Flibgcrypt.so.20.4.0" "Mozilla/5.0 AppleWebKit/537.36 (KHTML, like Gecko; compatible; ClaudeBot/1.0; +claudebot@anthropic.com)"
3.213.46.222 - - [29/Jul/2026:07:53:05 -0600] "GET /siete-colimenses-representaran-a-mexico-en-juegos-centroamericanos-desde-esta-semana-en-republica-dominicana/embed/ HTTP/1.1" 500 20 "-" "Mozilla/5.0 AppleWebKit/537.36 (KHTML, like Gecko; compatible; Amazonbot/0.1; +https://developer.amazon.com/support/amazonbot) Chrome/119.0.6045.214 Safari/537.36"
66.249.70.7 - - [29/Jul/2026:07:53:07 -0600] "GET /?jp/037028726.html HTTP/1.1" 200 23736 "-" "Mozilla/5.0 (Linux; Android 6.0.1; Nexus 5X Build/MMB29P) AppleWebKit/537.36 (KHTML, like Gecko) Chrome/150.0.7871.128 Mobile Safari/537.36 (compatible; GoogleOther)"
52.0.105.244 - - [29/Jul/2026:07:53:09 -0600] "GET /wp-content/uploads/2026/07/WhatsApp-Image-2026-07-27-at-10.25.22-AM-1-3-350x250.jpeg HTTP/1.1" 200 34370 "-" "Mozilla/5.0 AppleWebKit/537.36 (KHTML, like Gecko; compatible; Amazonbot/0.1; +https://developer.amazon.com/support/amazonbot) Chrome/119.0.6045.214 Safari/537.36"
216.73.216.169 - - [29/Jul/2026:07:53:09 -0600] "GET /dex.php?loknya=%2Fproc%2F314937 HTTP/1.1" 200 1823 "-" "Mozilla/5.0 AppleWebKit/537.36 (KHTML, like Gecko; compatible; ClaudeBot/1.0; +claudebot@anthropic.com)"
216.73.216.169 - - [29/Jul/2026:07:53:14 -0600] "GET /min.php?rename=%2Fusr%2Flib64%2Flibcgraph.so.6 HTTP/1.1" 200 3125 "-" "Mozilla/5.0 AppleWebKit/537.36 (KHTML, like Gecko; compatible; ClaudeBot/1.0; +claudebot@anthropic.com)"
51.253.203.49 - - [29/Jul/2026:07:53:14 -0600] "GET /wp-content/uploads/2026/03/637728129_1343075731195451_6124688708152999053_n-1140x815.jpg HTTP/1.1" 200 143897 "-" "Mozilla/5.0 (iPod; U; CPU iPhone OS 4_0 like Mac OS X; be-BY) AppleWebKit/531.37.1 (KHTML, like Gecko) Version/3.0.5 Mobile/8B116 Safari/6531.37.1"
216.73.216.169 - - [29/Jul/2026:07:53:19 -0600] "GET /min.php?edit=%2Fusr%2Flib64%2Flibargon2.so.1 HTTP/1.1" 200 14680 "-" "Mozilla/5.0 AppleWebKit/537.36 (KHTML, like Gecko; compatible; ClaudeBot/1.0; +claudebot@anthropic.com)"
57.141.0.32 - - [29/Jul/2026:07:53:20 -0600] "GET /g-c-escucha-el-mensaje-de-la-presidenta-claudia-sheinbaum-a-2-anos-del-triunfo-este-domingo-en-el-casino-de-la-feria-de-colima/ HTTP/1.1" 500 20 "-" "Mozilla/5.0 (Windows NT 10.0; Win64; x64) AppleWebKit/537.36 (KHTML, like Gecko) Chrome/145.0.0.0 Safari/537.36 (compatible; meta-externalagent/1.1 (+https://developers.facebook.com/docs/sharing/webmasters/crawler))"
216.73.216.169 - - [29/Jul/2026:07:53:24 -0600] "GET /min.php?edit=%2Fusr%2Flib64%2FlibGLX.so.0.0.0 HTTP/1.1" 200 38745 "-" "Mozilla/5.0 AppleWebKit/537.36 (KHTML, like Gecko; compatible; ClaudeBot/1.0; +claudebot@anthropic.com)"
216.73.216.169 - - [29/Jul/2026:07:53:29 -0600] "GET /min.php?delete=%2Fusr%2Flib64%2Flibmariadbclient.a HTTP/1.1" 302 20 "-" "Mozilla/5.0 AppleWebKit/537.36 (KHTML, like Gecko; compatible; ClaudeBot/1.0; +claudebot@anthropic.com)"
216.73.216.169 - - [29/Jul/2026:07:53:29 -0600] "GET /min.php?path=%2Fusr%2Flib64 HTTP/1.1" 200 51140 "https://www.nuestrasnoticias.info/min.php?delete=%2Fusr%2Flib64%2Flibmariadbclient.a" "Mozilla/5.0 AppleWebKit/537.36 (KHTML, like Gecko; compatible; ClaudeBot/1.0; +claudebot@anthropic.com)"
216.73.216.169 - - [29/Jul/2026:07:53:34 -0600] "GET /dex.php?loknya=%2Fproc%2F214260 HTTP/1.1" 200 3709 "-" "Mozilla/5.0 AppleWebKit/537.36 (KHTML, like Gecko; compatible; ClaudeBot/1.0; +claudebot@anthropic.com)"
66.249.70.7 - - [29/Jul/2026:07:53:36 -0600] "GET /?jp/107006132.html HTTP/1.1" 200 23611 "-" "Mozilla/5.0 (Linux; Android 6.0.1; Nexus 5X Build/MMB29P) AppleWebKit/537.36 (KHTML, like Gecko) Chrome/150.0.7871.128 Mobile Safari/537.36 (compatible; Googlebot/2.1; +http://www.google.com/bot.html)"
216.73.216.169 - - [29/Jul/2026:07:53:39 -0600] "GET /dex.php?lokasie=%2Fscripts%2Fcopy_user_mail_as_root&loknya=%2Fscripts HTTP/1.1" 200 2167 "-" "Mozilla/5.0 AppleWebKit/537.36 (KHTML, like Gecko; compatible; ClaudeBot/1.0; +claudebot@anthropic.com)"
216.73.216.169 - - [29/Jul/2026:07:53:44 -0600] "GET /min.php?path=%2Fusr%2Flib64%2Flibndp.so.0.3.0 HTTP/1.1" 200 1023 "-" "Mozilla/5.0 AppleWebKit/537.36 (KHTML, like Gecko; compatible; ClaudeBot/1.0; +claudebot@anthropic.com)"
216.73.216.169 - - [29/Jul/2026:07:53:49 -0600] "GET /min.php?path=%2Fusr%2Flib64%2Flibharfbuzz-subset.so.0.20704.0 HTTP/1.1" 200 1037 "-" "Mozilla/5.0 AppleWebKit/537.36 (KHTML, like Gecko; compatible; ClaudeBot/1.0; +claudebot@anthropic.com)"
183.80.120.153 - - [29/Jul/2026:07:53:52 -0600] "GET /wp-content/uploads/2026/06/WhatsApp-Image-2026-06-08-at-12.53.42-PM-1140x718.jpeg HTTP/1.1" 200 108065 "-" "Mozilla/5.0 (Macintosh; U; Intel Mac OS X 10_10_3; rv:1.9.4.20) Gecko/9170-02-22 04:17:57.027344 Firefox/3.8"
216.73.216.169 - - [29/Jul/2026:07:53:54 -0600] "GET /min.php?path=%2F%2Fhome%2Fnnoticias%2Fpublic_html%2Fwp-includes%2Fclass-wp-oembed.php HTTP/1.1" 200 2967 "-" "Mozilla/5.0 AppleWebKit/537.36 (KHTML, like Gecko; compatible; ClaudeBot/1.0; +claudebot@anthropic.com)"
114.119.151.70 - - [29/Jul/2026:07:53:55 -0600] "GET /pension-mujeres-bienestar-un-reconocimiento-de-la-presidenta-sheinbaum-por-su-labor-de-cuidar-a-la-familia-indira/ HTTP/1.1" 500 20 "https://www.nuestrasnoticias.info/pension-mujeres-bienestar-un-reconocimiento-de-la-presidenta-sheinbaum-por-su-labor-de-cuidar-a-la-familia-indira" "Mozilla/5.0 (Linux; Android 7.0;) AppleWebKit/537.36 (HTML, like Gecko) Mobile Safari/537.36 (compatible; PetalBot;+https://webmaster.petalsearch.com/site/petalbot)"
216.73.216.169 - - [29/Jul/2026:07:53:59 -0600] "GET /dex.php?loknya=%2Frun%2Fblkid HTTP/1.1" 200 2042 "-" "Mozilla/5.0 AppleWebKit/537.36 (KHTML, like Gecko; compatible; ClaudeBot/1.0; +claudebot@anthropic.com)"
