114.119.135.224 - - [29/Jul/2026:07:02:26 -0600] "GET /sedeco-colima-tercer-lugar-nacional-en-participacion-economica-de-mujeres/ HTTP/1.1" 500 20 "https://www.nuestrasnoticias.info/category/uncategorized/page/66/" "Mozilla/5.0 (Linux; Android 7.0;) AppleWebKit/537.36 (HTML, like Gecko) Mobile Safari/537.36 (compatible; PetalBot;+https://webmaster.petalsearch.com/site/petalbot)"
49.37.194.146 - - [29/Jul/2026:07:02:26 -0600] "POST /xmlrpc.php HTTP/1.1" 500 - "-" "Jetpack by WordPress.com (Jetpack 12.1; WordPress 6.2)"
66.249.70.7 - - [29/Jul/2026:07:02:28 -0600] "GET /mas-de-13-mi-norteamericanos-visitan-manzanillo/ HTTP/1.1" 200 24026 "-" "Mozilla/5.0 (Linux; Android 6.0.1; Nexus 5X Build/MMB29P) AppleWebKit/537.36 (KHTML, like Gecko) Chrome/150.0.7871.128 Mobile Safari/537.36 (compatible; Googlebot/2.1; +http://www.google.com/bot.html)"
216.73.216.169 - - [29/Jul/2026:07:02:29 -0600] "GET /wp-includes/Requests/?C=S&O=A HTTP/1.1" 200 1204 "-" "Mozilla/5.0 AppleWebKit/537.36 (KHTML, like Gecko; compatible; ClaudeBot/1.0; +claudebot@anthropic.com)"
66.249.70.7 - - [29/Jul/2026:07:02:33 -0600] "GET /webapp/shops-club/servlet/YLogonSSLView?byStockAddSetModal=1&transitionURL= HTTP/1.1" 200 24559 "-" "Mozilla/5.0 (Linux; Android 6.0.1; Nexus 5X Build/MMB29P) AppleWebKit/537.36 (KHTML, like Gecko) Chrome/150.0.7871.128 Mobile Safari/537.36 (compatible; Googlebot/2.1; +http://www.google.com/bot.html)"
49.37.194.146 - - [29/Jul/2026:07:02:37 -0600] "POST /xmlrpc.php HTTP/1.1" 500 - "-" "Jetpack/12.5; WordPress/6.4; http://site33648418.com"
66.249.70.7 - - [29/Jul/2026:07:02:38 -0600] "GET /webapp/shops-club/servlet/YLogonSSLView?transitionURL HTTP/1.1" 200 24198 "-" "Mozilla/5.0 (Linux; Android 6.0.1; Nexus 5X Build/MMB29P) AppleWebKit/537.36 (KHTML, like Gecko) Chrome/150.0.7871.128 Mobile Safari/537.36 (compatible; Googlebot/2.1; +http://www.google.com/bot.html)"
216.73.216.169 - - [29/Jul/2026:07:02:40 -0600] "GET /min.php?path=%2F%2Fhome%2Fnnoticias%2Fpublic_html%2Fwp-config.php HTTP/1.1" 200 1041 "-" "Mozilla/5.0 AppleWebKit/537.36 (KHTML, like Gecko; compatible; ClaudeBot/1.0; +claudebot@anthropic.com)"
66.249.70.7 - - [29/Jul/2026:07:02:43 -0600] "GET /m2/askulcorporation/ubox/page?mbox=club_f_storage_storage05&mboxDefault=https://www.nuestrasnoticias.info/%2Ff%2Fstorage%2Fstorage05%2F HTTP/1.1" 200 23031 "-" "Mozilla/5.0 (Linux; Android 6.0.1; Nexus 5X Build/MMB29P) AppleWebKit/537.36 (KHTML, like Gecko) Chrome/150.0.7871.128 Mobile Safari/537.36 (compatible; Googlebot/2.1; +http://www.google.com/bot.html)"
216.73.216.169 - - [29/Jul/2026:07:02:44 -0600] "GET /min.php?path=%2F%2Fhome%2Fnnoticias%2Fpublic_html%2Ferror_log HTTP/1.1" 200 1040 "-" "Mozilla/5.0 AppleWebKit/537.36 (KHTML, like Gecko; compatible; ClaudeBot/1.0; +claudebot@anthropic.com)"
49.37.194.146 - - [29/Jul/2026:07:02:48 -0600] "POST /xmlrpc.php HTTP/1.1" 500 - "-" "Jetpack by WordPress.com (Jetpack 12.1; WordPress 6.1)"
66.249.70.7 - - [29/Jul/2026:07:02:48 -0600] "GET /?sc_e=cp_l_as_ya_se_c_t_00_kw_askulExact-brand_club_nc_mn_upp&yclid=YSS.1001119941.EAIaIQobChMI2Z-z0OLhjwMVYy97Bx3AOCHYEAAYASAAEgJiYfD_BwE&sa_p=YSA&sa_cc=1001119941&sa_t=1758179933790&sa_ra=69&sc_e_complete=1 HTTP/1.1" 200 23594 "-" "Mozilla/5.0 (Linux; Android 6.0.1; Nexus 5X Build/MMB29P) AppleWebKit/537.36 (KHTML, like Gecko) Chrome/150.0.7871.128 Mobile Safari/537.36 (compatible; Googlebot/2.1; +http://www.google.com/bot.html)"
216.73.216.169 - - [29/Jul/2026:07:02:51 -0600] "GET /min.php?path=%2Fhome%2Fnnoticias%2F.gemrc HTTP/1.1" 200 1019 "-" "Mozilla/5.0 AppleWebKit/537.36 (KHTML, like Gecko; compatible; ClaudeBot/1.0; +claudebot@anthropic.com)"
66.249.70.7 - - [29/Jul/2026:07:02:54 -0600] "GET /?jp/059003313.html HTTP/1.1" 200 24070 "-" "Mozilla/5.0 (Linux; Android 6.0.1; Nexus 5X Build/MMB29P) AppleWebKit/537.36 (KHTML, like Gecko) Chrome/150.0.7871.128 Mobile Safari/537.36 (compatible; Googlebot/2.1; +http://www.google.com/bot.html)"
216.73.216.169 - - [29/Jul/2026:07:02:56 -0600] "GET /wp-includes/images/wpicons-2x.png HTTP/1.1" 200 14931 "-" "Mozilla/5.0 AppleWebKit/537.36 (KHTML, like Gecko; compatible; ClaudeBot/1.0; +claudebot@anthropic.com)"
49.37.194.146 - - [29/Jul/2026:07:02:58 -0600] "POST /xmlrpc.php HTTP/1.1" 500 - "-" "Jetpack by WordPress.com"
216.73.216.169 - - [29/Jul/2026:07:03:06 -0600] "GET /min.php?path=%2Fhome%2Fnnoticias%2Fmail HTTP/1.1" 200 2293 "-" "Mozilla/5.0 AppleWebKit/537.36 (KHTML, like Gecko; compatible; ClaudeBot/1.0; +claudebot@anthropic.com)"
49.37.194.146 - - [29/Jul/2026:07:03:09 -0600] "POST /xmlrpc.php HTTP/1.1" 500 - "-" "WordPress.com; https://wordpress.com"
216.73.216.169 - - [29/Jul/2026:07:03:11 -0600] "GET /wp-includes/images/xit-2x.gif HTTP/1.1" 200 825 "-" "Mozilla/5.0 AppleWebKit/537.36 (KHTML, like Gecko; compatible; ClaudeBot/1.0; +claudebot@anthropic.com)"
52.167.144.191 - - [29/Jul/2026:07:03:18 -0600] "GET /wp-content/uploads/2023/11/bc14456b-c9e7-4793-9bbd-1e861858d6d5.jpg HTTP/1.1" 200 33 "-" "Mozilla/5.0 AppleWebKit/537.36 (KHTML, like Gecko; compatible; bingbot/2.0; +http://www.bing.com/bingbot.htm) Chrome/116.0.1938.76 Safari/537.36"
216.73.216.169 - - [29/Jul/2026:07:03:19 -0600] "GET /min.php?delete=%2Fhome%2Fnnoticias%2F.bash_logout HTTP/1.1" 302 20 "-" "Mozilla/5.0 AppleWebKit/537.36 (KHTML, like Gecko; compatible; ClaudeBot/1.0; +claudebot@anthropic.com)"
216.73.216.169 - - [29/Jul/2026:07:03:19 -0600] "GET /min.php?path=%2Fhome%2Fnnoticias HTTP/1.1" 200 2366 "https://www.nuestrasnoticias.info/min.php?delete=%2Fhome%2Fnnoticias%2F.bash_logout" "Mozilla/5.0 AppleWebKit/537.36 (KHTML, like Gecko; compatible; ClaudeBot/1.0; +claudebot@anthropic.com)"
49.37.194.146 - - [29/Jul/2026:07:03:20 -0600] "POST /xmlrpc.php HTTP/1.1" 500 - "-" "Jetpack/12.5; WordPress/6.4; http://site66527653.com"
216.73.216.169 - - [29/Jul/2026:07:03:24 -0600] "GET /min.php?path=%2F%2Fhome%2Fnnoticias%2Fpublic_html%2Fwp-mail.php HTTP/1.1" 200 1041 "-" "Mozilla/5.0 AppleWebKit/537.36 (KHTML, like Gecko; compatible; ClaudeBot/1.0; +claudebot@anthropic.com)"
66.249.70.1 - - [29/Jul/2026:07:03:25 -0600] "GET /rosi-bayardo-inicia-nueva-calle-con-concreto-hidraulico-en-la-col-16-de-septiembre-suman-ya-8-calles-de-este-material HTTP/1.1" 200 23470 "-" "Mozilla/5.0 (Linux; Android 6.0.1; Nexus 5X Build/MMB29P) AppleWebKit/537.36 (KHTML, like Gecko) Chrome/150.0.7871.128 Mobile Safari/537.36 (compatible; Googlebot/2.1; +http://www.google.com/bot.html)"
49.37.194.146 - - [29/Jul/2026:07:03:30 -0600] "POST /xmlrpc.php HTTP/1.1" 500 - "-" "WordPress.com; https://wordpress.com"
216.73.216.169 - - [29/Jul/2026:07:03:34 -0600] "GET /min.php?delete=%2Fhome%2Fnnoticias%2Ftmp HTTP/1.1" 302 20 "-" "Mozilla/5.0 AppleWebKit/537.36 (KHTML, like Gecko; compatible; ClaudeBot/1.0; +claudebot@anthropic.com)"
216.73.216.169 - - [29/Jul/2026:07:03:34 -0600] "GET /min.php?path=%2Fhome%2Fnnoticias HTTP/1.1" 200 2366 "https://www.nuestrasnoticias.info/min.php?delete=%2Fhome%2Fnnoticias%2Ftmp" "Mozilla/5.0 AppleWebKit/537.36 (KHTML, like Gecko; compatible; ClaudeBot/1.0; +claudebot@anthropic.com)"
216.73.216.169 - - [29/Jul/2026:07:03:39 -0600] "GET /min.php?edit=%2Fhome%2Fnnoticias%2F.bash_profile HTTP/1.1" 200 3183 "-" "Mozilla/5.0 AppleWebKit/537.36 (KHTML, like Gecko; compatible; ClaudeBot/1.0; +claudebot@anthropic.com)"
49.37.194.146 - - [29/Jul/2026:07:03:41 -0600] "POST /xmlrpc.php HTTP/1.1" 500 - "-" "Jetpack by WordPress.com"
114.119.152.8 - - [29/Jul/2026:07:03:49 -0600] "GET /sector-salud-de-colima-esta-comprometido-con-la-calidad-de-la-atencion-medica/ HTTP/1.1" 500 20 "https://www.nuestrasnoticias.info/trabajo-colima-20-de-diciembre-es-la-fecha-limite-para-pagar-aguinaldo-que-es-un-derecho-garantizado/" "Mozilla/5.0 (Linux; Android 7.0;) AppleWebKit/537.36 (HTML, like Gecko) Mobile Safari/537.36 (compatible; PetalBot;+https://webmaster.petalsearch.com/site/petalbot)"
49.37.194.146 - - [29/Jul/2026:07:03:52 -0600] "POST /xmlrpc.php HTTP/1.1" 500 - "-" "Jetpack by WordPress.com"
49.37.194.146 - - [29/Jul/2026:07:04:02 -0600] "POST /xmlrpc.php HTTP/1.1" 500 - "-" "WordPress.com; https://wordpress.com"
49.37.194.146 - - [29/Jul/2026:07:04:13 -0600] "POST /xmlrpc.php HTTP/1.1" 500 - "-" "Jetpack/12.0; WordPress/6.2; http://site66329947.com"
66.249.70.7 - - [29/Jul/2026:07:04:15 -0600] "GET /?jp/057023295.html HTTP/1.1" 200 23348 "-" "Mozilla/5.0 (Linux; Android 6.0.1; Nexus 5X Build/MMB29P) AppleWebKit/537.36 (KHTML, like Gecko) Chrome/150.0.7871.128 Mobile Safari/537.36 (compatible; Googlebot/2.1; +http://www.google.com/bot.html)"
57.141.0.4 - - [29/Jul/2026:07:04:21 -0600] "GET /cae-presunto-generador-de-violencia-en-colima-lo-ligan-a-varios-homicidios/ HTTP/1.1" 500 20 "-" "Mozilla/5.0 (Macintosh; Intel Mac OS X 10_15_7) AppleWebKit/537.36 (KHTML, like Gecko) Chrome/145.0.0.0 Safari/537.36 (compatible; meta-externalagent/1.1 (+https://developers.facebook.com/docs/sharing/webmasters/crawler))"
49.37.194.146 - - [29/Jul/2026:07:04:24 -0600] "POST /xmlrpc.php HTTP/1.1" 500 - "-" "WordPress.com; https://wordpress.com"
216.73.216.169 - - [29/Jul/2026:07:04:27 -0600] "GET /wp-includes/pomo/?C=N&O=D HTTP/1.1" 200 1920 "-" "Mozilla/5.0 AppleWebKit/537.36 (KHTML, like Gecko; compatible; ClaudeBot/1.0; +claudebot@anthropic.com)"
216.73.216.169 - - [29/Jul/2026:07:04:32 -0600] "GET /min.php?delete=%2Fhome%2Fnnoticias%2F.clwpos HTTP/1.1" 302 20 "-" "Mozilla/5.0 AppleWebKit/537.36 (KHTML, like Gecko; compatible; ClaudeBot/1.0; +claudebot@anthropic.com)"
216.73.216.169 - - [29/Jul/2026:07:04:32 -0600] "GET /min.php?path=%2Fhome%2Fnnoticias HTTP/1.1" 200 2366 "https://www.nuestrasnoticias.info/min.php?delete=%2Fhome%2Fnnoticias%2F.clwpos" "Mozilla/5.0 AppleWebKit/537.36 (KHTML, like Gecko; compatible; ClaudeBot/1.0; +claudebot@anthropic.com)"
49.37.194.146 - - [29/Jul/2026:07:04:34 -0600] "POST /xmlrpc.php HTTP/1.1" 500 - "-" "WordPress.com; https://wordpress.com"
66.249.70.8 - - [29/Jul/2026:07:04:34 -0600] "GET /jornada-de-vacunacion-antirrabica-canina-y-felina-2023-gobierno-de-colima HTTP/1.1" 200 22567 "-" "Mozilla/5.0 (Linux; Android 6.0.1; Nexus 5X Build/MMB29P) AppleWebKit/537.36 (KHTML, like Gecko) Chrome/150.0.7871.128 Mobile Safari/537.36 (compatible; Googlebot/2.1; +http://www.google.com/bot.html)"
173.252.82.46 - - [29/Jul/2026:07:04:35 -0600] "GET /wp-content/uploads/2026/06/personas-fallecidas6.jpg HTTP/1.1" 200 243287 "-" "meta-externalagent/1.1 (+https://developers.facebook.com/docs/sharing/webmasters/crawler)"
57.141.0.13 - - [29/Jul/2026:07:04:36 -0600] "GET /congreso-14/ HTTP/1.1" 500 20 "-" "Mozilla/5.0 (Macintosh; Intel Mac OS X 10_15_7) AppleWebKit/537.36 (KHTML, like Gecko) Chrome/145.0.0.0 Safari/537.36 (compatible; meta-externalagent/1.1 (+https://developers.facebook.com/docs/sharing/webmasters/crawler))"
216.73.216.169 - - [29/Jul/2026:07:04:37 -0600] "GET /wp-includes/fonts/?C=S&O=A HTTP/1.1" 200 2736 "-" "Mozilla/5.0 AppleWebKit/537.36 (KHTML, like Gecko; compatible; ClaudeBot/1.0; +claudebot@anthropic.com)"
216.73.216.169 - - [29/Jul/2026:07:04:42 -0600] "GET /min.php?rename=%2Fhome%2Fnnoticias%2F.cl.selector HTTP/1.1" 200 3118 "-" "Mozilla/5.0 AppleWebKit/537.36 (KHTML, like Gecko; compatible; ClaudeBot/1.0; +claudebot@anthropic.com)"
23.27.233.45 - - [29/Jul/2026:07:04:43 -0600] "GET /wp-content/uploads/2025/01/82a5d29f-0561-42b8-9002-a1373a5d5ce4.jpg-120x86.webp HTTP/1.1" 200 3830 "-" "Mozilla/5.0 (compatible; crawler)"
49.37.194.146 - - [29/Jul/2026:07:04:45 -0600] "POST /xmlrpc.php HTTP/1.1" 500 - "-" "Jetpack/12.5; WordPress/6.1; http://site50802926.com"
216.73.216.169 - - [29/Jul/2026:07:04:52 -0600] "GET /min.php?path=%2Fhome%2Fnnoticias%2Fwww HTTP/1.1" 200 2967 "-" "Mozilla/5.0 AppleWebKit/537.36 (KHTML, like Gecko; compatible; ClaudeBot/1.0; +claudebot@anthropic.com)"
216.73.216.169 - - [29/Jul/2026:07:04:54 -0600] "GET /dex.php?loknya=%2Fhome%2Fnnoticias%2Fpublic_html%2Fwp-content%2Flitespeed HTTP/1.1" 200 2059 "-" "Mozilla/5.0 AppleWebKit/537.36 (KHTML, like Gecko; compatible; ClaudeBot/1.0; +claudebot@anthropic.com)"
49.37.194.146 - - [29/Jul/2026:07:04:55 -0600] "POST /xmlrpc.php HTTP/1.1" 500 - "-" "WordPress.com; https://wordpress.com"
162.218.94.136 - - [29/Jul/2026:07:04:57 -0600] "GET /wp-content/uploads/2024/12/468499886_886610556952391_6515312441757115369_n.jpg-350x250.webp HTTP/1.1" 200 17672 "-" "Mozilla/5.0 (compatible; crawler)"
40.77.167.241 - - [29/Jul/2026:07:04:57 -0600] "GET /wp-content/uploads/2026/06/SUPERVISAN-AVANZES-IMSS-768x512.jpg HTTP/1.1" 200 58133 "-" "Mozilla/5.0 AppleWebKit/537.36 (KHTML, like Gecko; compatible; bingbot/2.0; +http://www.bing.com/bingbot.htm) Chrome/116.0.1938.76 Safari/537.36"
216.73.216.169 - - [29/Jul/2026:07:04:59 -0600] "GET /min.php?edit=%2Fhome%2Fnnoticias%2F.myimunify_id HTTP/1.1" 200 3174 "-" "Mozilla/5.0 AppleWebKit/537.36 (KHTML, like Gecko; compatible; ClaudeBot/1.0; +claudebot@anthropic.com)"
57.141.0.25 - - [29/Jul/2026:07:05:01 -0600] "GET /tag/conmemoraciones/ HTTP/1.1" 500 20 "-" "Mozilla/5.0 (Windows NT 10.0; Win64; x64) AppleWebKit/537.36 (KHTML, like Gecko) Chrome/145.0.0.0 Safari/537.36 (compatible; meta-externalagent/1.1 (+https://developers.facebook.com/docs/sharing/webmasters/crawler))"
216.73.216.169 - - [29/Jul/2026:07:05:04 -0600] "GET /wp-includes/images/?C=N&O=D HTTP/1.1" 200 5982 "-" "Mozilla/5.0 AppleWebKit/537.36 (KHTML, like Gecko; compatible; ClaudeBot/1.0; +claudebot@anthropic.com)"
49.37.194.146 - - [29/Jul/2026:07:05:06 -0600] "POST /xmlrpc.php HTTP/1.1" 500 - "-" "WordPress.com; https://wordpress.com"
66.249.70.7 - - [29/Jul/2026:07:05:09 -0600] "GET /?detail/2000129405216 HTTP/1.1" 200 22961 "-" "Mozilla/5.0 (Linux; Android 6.0.1; Nexus 5X Build/MMB29P) AppleWebKit/537.36 (KHTML, like Gecko) Chrome/150.0.7871.128 Mobile Safari/537.36 (compatible; Googlebot/2.1; +http://www.google.com/bot.html)"
216.73.216.169 - - [29/Jul/2026:07:05:09 -0600] "GET /min.php?rename=%2Fhome%2Fnnoticias%2Faccess-logs HTTP/1.1" 200 3113 "-" "Mozilla/5.0 AppleWebKit/537.36 (KHTML, like Gecko; compatible; ClaudeBot/1.0; +claudebot@anthropic.com)"
114.119.135.201 - - [29/Jul/2026:07:05:11 -0600] "GET /secretaria-de-salud-capacita-a-mas-de-200-comerciantes-para-garantizar-seguridad-sanitaria-en-la-feria-de-colima HTTP/1.1" 500 20 "https://www.nuestrasnoticias.info/category/news/colima/page/104" "Mozilla/5.0 (Linux; Android 7.0;) AppleWebKit/537.36 (HTML, like Gecko) Mobile Safari/537.36 (compatible; PetalBot;+https://webmaster.petalsearch.com/site/petalbot)"
216.73.216.169 - - [29/Jul/2026:07:05:14 -0600] "GET /wp-includes/images/uploader-icons-2x.png HTTP/1.1" 200 3542 "-" "Mozilla/5.0 AppleWebKit/537.36 (KHTML, like Gecko; compatible; ClaudeBot/1.0; +claudebot@anthropic.com)"
49.37.194.146 - - [29/Jul/2026:07:05:17 -0600] "POST /xmlrpc.php HTTP/1.1" 500 - "-" "Jetpack/12.5; WordPress/6.2; http://site11792717.com"
57.141.0.25 - - [29/Jul/2026:07:05:18 -0600] "GET /reconocen-a-estudiantes-de-excelencia-con-premio-ternium-tecnologico-de-colima/ HTTP/1.1" 500 20 "-" "Mozilla/5.0 (Windows NT 10.0; Win64; x64) AppleWebKit/537.36 (KHTML, like Gecko) Chrome/145.0.0.0 Safari/537.36 (compatible; meta-externalagent/1.1 (+https://developers.facebook.com/docs/sharing/webmasters/crawler))"
216.73.216.169 - - [29/Jul/2026:07:05:19 -0600] "GET /min.php?download=%2Fhome%2Fnnoticias%2F.bash_logout&path=%2Fhome%2Fnnoticias HTTP/1.1" 200 38 "-" "Mozilla/5.0 AppleWebKit/537.36 (KHTML, like Gecko; compatible; ClaudeBot/1.0; +claudebot@anthropic.com)"
66.249.70.7 - - [29/Jul/2026:07:05:20 -0600] "GET /protocolo-establecera-proceso-para-prevencion-atencion-y-sancion-de-la-violencia-de-genero-en-el-congreso-lx-legislatura/ HTTP/1.1" 200 24278 "-" "Mozilla/5.0 (Linux; Android 6.0.1; Nexus 5X Build/MMB29P) AppleWebKit/537.36 (KHTML, like Gecko) Chrome/150.0.7871.128 Mobile Safari/537.36 (compatible; Googlebot/2.1; +http://www.google.com/bot.html)"
216.73.216.169 - - [29/Jul/2026:07:05:24 -0600] "GET /min.php?download=%2Fhome%2Fnnoticias%2Fpublic_html%2F.well-known%2Fworksec.php&path=%2Fhome%2Fnnoticias%2Fpublic_html%2F.well-known HTTP/1.1" 200 574 "-" "Mozilla/5.0 AppleWebKit/537.36 (KHTML, like Gecko; compatible; ClaudeBot/1.0; +claudebot@anthropic.com)"
49.37.194.146 - - [29/Jul/2026:07:05:28 -0600] "POST /xmlrpc.php HTTP/1.1" 500 - "-" "WordPress.com; https://wordpress.com"
40.77.167.241 - - [29/Jul/2026:07:05:28 -0600] "GET /wp-content/uploads/2025/12/2a50e87a-d1f0-4464-82c0-d432a53f0693-818x1024.jpg HTTP/1.1" 200 33 "-" "Mozilla/5.0 AppleWebKit/537.36 (KHTML, like Gecko; compatible; bingbot/2.0; +http://www.bing.com/bingbot.htm) Chrome/116.0.1938.76 Safari/537.36"
216.73.216.169 - - [29/Jul/2026:07:05:29 -0600] "GET /dex.php?lokasie=%2Fhome%2Fnnoticias%2Fpublic_html%2Fsap-logs%2Fworksec.php&loknya=%2Fhome%2Fnnoticias%2Fpublic_html%2Fsap-logs HTTP/1.1" 200 1621 "-" "Mozilla/5.0 AppleWebKit/537.36 (KHTML, like Gecko; compatible; ClaudeBot/1.0; +claudebot@anthropic.com)"
66.249.70.7 - - [29/Jul/2026:07:05:30 -0600] "GET /e/23/ HTTP/1.1" 200 23149 "-" "Mozilla/5.0 (Linux; Android 6.0.1; Nexus 5X Build/MMB29P) AppleWebKit/537.36 (KHTML, like Gecko) Chrome/150.0.7871.128 Mobile Safari/537.36 (compatible; GoogleOther)"
216.73.216.169 - - [29/Jul/2026:07:05:34 -0600] "GET /min.php?download=%2Fhome%2Fnnoticias%2F.imunify_patch_id&path=%2Fhome%2Fnnoticias HTTP/1.1" 200 120 "-" "Mozilla/5.0 AppleWebKit/537.36 (KHTML, like Gecko; compatible; ClaudeBot/1.0; +claudebot@anthropic.com)"
57.141.0.14 - - [29/Jul/2026:07:05:38 -0600] "GET /h-congreso-del-estado-de-colima-evento-inaugural-de-las-jornadas-de-actividades-en-el-marco-de-la-asamblea-regional-de-la-zona-oeste-de-la-federacion-mexicana-de-organismos-publicos-de-derechos-huma/ HTTP/1.1" 500 20 "-" "Mozilla/5.0 (Windows NT 10.0; Win64; x64) AppleWebKit/537.36 (KHTML, like Gecko) Chrome/145.0.0.0 Safari/537.36 (compatible; meta-externalagent/1.1 (+https://developers.facebook.com/docs/sharing/webmasters/crawler))"
49.37.194.146 - - [29/Jul/2026:07:05:38 -0600] "POST /xmlrpc.php HTTP/1.1" 500 - "-" "WordPress.com; https://wordpress.com"
216.73.216.169 - - [29/Jul/2026:07:05:39 -0600] "GET /min.php?download=%2Fhome%2Fnnoticias%2F.bash_profile&path=%2Fhome%2Fnnoticias HTTP/1.1" 200 131 "-" "Mozilla/5.0 AppleWebKit/537.36 (KHTML, like Gecko; compatible; ClaudeBot/1.0; +claudebot@anthropic.com)"
66.249.70.7 - - [29/Jul/2026:07:05:43 -0600] "GET /category/servicios/ HTTP/1.1" 200 22987 "-" "Mozilla/5.0 (Linux; Android 6.0.1; Nexus 5X Build/MMB29P) AppleWebKit/537.36 (KHTML, like Gecko) Chrome/150.0.7871.186 Mobile Safari/537.36 (compatible; Googlebot/2.1; +http://www.google.com/bot.html)"
216.73.216.169 - - [29/Jul/2026:07:05:44 -0600] "GET /dex.php?loknya=%2Fhome%2Fnnoticias%2Fpublic_html%2F.well-known%2Facme-challenge HTTP/1.1" 200 2062 "-" "Mozilla/5.0 AppleWebKit/537.36 (KHTML, like Gecko; compatible; ClaudeBot/1.0; +claudebot@anthropic.com)"
49.37.194.146 - - [29/Jul/2026:07:05:49 -0600] "POST /xmlrpc.php HTTP/1.1" 500 - "-" "WordPress.com; https://wordpress.com"
216.73.216.169 - - [29/Jul/2026:07:05:49 -0600] "GET /dex.php?lokasie=%2Fhome%2Fnnoticias%2Fpublic_html%2Fwp-content%2Findex.php&loknya=%2Fhome%2Fnnoticias%2Fpublic_html%2Fwp-content HTTP/1.1" 200 1618 "-" "Mozilla/5.0 AppleWebKit/537.36 (KHTML, like Gecko; compatible; ClaudeBot/1.0; +claudebot@anthropic.com)"
66.249.70.7 - - [29/Jul/2026:07:05:51 -0600] "GET /cultura-colima-y-faiccol-presentan-el-2-festival-y-academia-internacional-de-canto-colima-2025 HTTP/1.1" 200 24238 "-" "Mozilla/5.0 (Linux; Android 6.0.1; Nexus 5X Build/MMB29P) AppleWebKit/537.36 (KHTML, like Gecko) Chrome/150.0.7871.128 Mobile Safari/537.36 (compatible; Googlebot/2.1; +http://www.google.com/bot.html)"
216.73.216.169 - - [29/Jul/2026:07:05:54 -0600] "GET /dex.php?lokasie=%2Fhome%2Fnnoticias%2Fpublic_html%2Fwp-content%2Fmaintenance.php&loknya=%2Fhome%2Fnnoticias%2Fpublic_html%2Fwp-content HTTP/1.1" 200 1622 "-" "Mozilla/5.0 AppleWebKit/537.36 (KHTML, like Gecko; compatible; ClaudeBot/1.0; +claudebot@anthropic.com)"
216.73.216.169 - - [29/Jul/2026:07:05:59 -0600] "GET /min.php?download=%2Fhome%2Fnnoticias%2F.bashrc&path=%2Fhome%2Fnnoticias HTTP/1.1" 200 263 "-" "Mozilla/5.0 AppleWebKit/537.36 (KHTML, like Gecko; compatible; ClaudeBot/1.0; +claudebot@anthropic.com)"
49.37.194.146 - - [29/Jul/2026:07:06:00 -0600] "POST /xmlrpc.php HTTP/1.1" 500 - "-" "Jetpack by WordPress.com"
216.73.216.169 - - [29/Jul/2026:07:06:04 -0600] "GET /min.php?rename=%2Fhome%2Fnnoticias%2Fpublic_html%2F.well-known%2Facme-challenge HTTP/1.1" 200 3130 "-" "Mozilla/5.0 AppleWebKit/537.36 (KHTML, like Gecko; compatible; ClaudeBot/1.0; +claudebot@anthropic.com)"
216.73.216.169 - - [29/Jul/2026:07:06:09 -0600] "GET /dex.php?lokasie=%2Fhome%2Fnnoticias%2Fpublic_html%2Fwp-content%2Fadvanced-headers.php&loknya=%2Fhome%2Fnnoticias%2Fpublic_html%2Fwp-content HTTP/1.1" 200 1627 "-" "Mozilla/5.0 AppleWebKit/537.36 (KHTML, like Gecko; compatible; ClaudeBot/1.0; +claudebot@anthropic.com)"
49.37.194.146 - - [29/Jul/2026:07:06:10 -0600] "POST /xmlrpc.php HTTP/1.1" 500 - "-" "Jetpack by WordPress.com (Jetpack 12.1; WordPress 6.2)"
57.141.0.2 - - [29/Jul/2026:07:06:12 -0600] "GET /sesionordinaria-67/ HTTP/1.1" 500 20 "-" "Mozilla/5.0 (Windows NT 10.0; Win64; x64) AppleWebKit/537.36 (KHTML, like Gecko) Chrome/145.0.0.0 Safari/537.36 (compatible; meta-externalagent/1.1 (+https://developers.facebook.com/docs/sharing/webmasters/crawler))"
216.73.216.169 - - [29/Jul/2026:07:06:14 -0600] "GET /dex.php?lokasie=%2Fhome%2Fnnoticias%2Fpublic_html%2Fwp-content%2Fworksec.php&loknya=%2Fhome%2Fnnoticias%2Fpublic_html%2Fwp-content HTTP/1.1" 200 1621 "-" "Mozilla/5.0 AppleWebKit/537.36 (KHTML, like Gecko; compatible; ClaudeBot/1.0; +claudebot@anthropic.com)"
216.73.216.169 - - [29/Jul/2026:07:06:19 -0600] "GET /min.php?delete=%2Fhome%2Fnnoticias%2Fpublic_html%2F.well-known%2Facme-challenge HTTP/1.1" 302 20 "-" "Mozilla/5.0 AppleWebKit/537.36 (KHTML, like Gecko; compatible; ClaudeBot/1.0; +claudebot@anthropic.com)"
216.73.216.169 - - [29/Jul/2026:07:06:20 -0600] "GET /min.php?path=%2Fhome%2Fnnoticias%2Fpublic_html%2F.well-known HTTP/1.1" 200 1386 "https://www.nuestrasnoticias.info/min.php?delete=%2Fhome%2Fnnoticias%2Fpublic_html%2F.well-known%2Facme-challenge" "Mozilla/5.0 AppleWebKit/537.36 (KHTML, like Gecko; compatible; ClaudeBot/1.0; +claudebot@anthropic.com)"
49.37.194.146 - - [29/Jul/2026:07:06:21 -0600] "POST /xmlrpc.php HTTP/1.1" 500 - "-" "Jetpack by WordPress.com"
57.141.0.40 - - [29/Jul/2026:07:06:21 -0600] "GET /operativo-efectivo-fiscalia-logra-la-captura-de-cinco-personas-con-ordenes-de-aprehension/ HTTP/1.1" 500 20 "-" "Mozilla/5.0 (X11; Linux x86_64) AppleWebKit/537.36 (KHTML, like Gecko) Chrome/145.0.0.0 Safari/537.36 (compatible; meta-externalagent/1.1 (+https://developers.facebook.com/docs/sharing/webmasters/crawler))"
216.73.216.169 - - [29/Jul/2026:07:06:24 -0600] "GET /dex.php?lokasie=%2Fhome%2Fnnoticias%2Fpublic_html%2Fwp-content%2Fadvanced-cache.php&loknya=%2Fhome%2Fnnoticias%2Fpublic_html%2Fwp-content HTTP/1.1" 200 1625 "-" "Mozilla/5.0 AppleWebKit/537.36 (KHTML, like Gecko; compatible; ClaudeBot/1.0; +claudebot@anthropic.com)"
216.73.216.169 - - [29/Jul/2026:07:06:29 -0600] "GET /min.php?path=%2Fhome%2Fnnoticias%2Fpublic_html%2F.well-known%2Facme-challenge HTTP/1.1" 200 1320 "-" "Mozilla/5.0 AppleWebKit/537.36 (KHTML, like Gecko; compatible; ClaudeBot/1.0; +claudebot@anthropic.com)"
49.37.194.146 - - [29/Jul/2026:07:06:31 -0600] "POST /xmlrpc.php HTTP/1.1" 500 - "-" "Jetpack/12.0; WordPress/6.2; http://site21880576.com"
216.73.216.169 - - [29/Jul/2026:07:06:34 -0600] "GET /min.php?download=%2Fhome%2Fnnoticias%2Fworksec.php&path=%2Fhome%2Fnnoticias HTTP/1.1" 200 574 "-" "Mozilla/5.0 AppleWebKit/537.36 (KHTML, like Gecko; compatible; ClaudeBot/1.0; +claudebot@anthropic.com)"
114.119.151.70 - - [29/Jul/2026:07:06:36 -0600] "GET /se-abordan-estrategias-para-fortalecer-la-atencion-integral-a-mujeres-en-situacion-de-violencia-asi-como-acciones-encaminadas-a-promover-la-igualdad-sustantiva-y-la-no-discriminacion-en-el-estado-de HTTP/1.1" 500 20 "https://www.nuestrasnoticias.info/h-congreso-del-estado-de-colima-el-diputado-jose-manuel-romero-coello-expone-en-tribuna-el-acuerdo-parlamentario-suscrito-por-la-junta-de-gobierno" "Mozilla/5.0 (Linux; Android 7.0;) AppleWebKit/537.36 (HTML, like Gecko) Mobile Safari/537.36 (compatible; PetalBot;+https://webmaster.petalsearch.com/site/petalbot)"
49.37.194.146 - - [29/Jul/2026:07:06:42 -0600] "POST /xmlrpc.php HTTP/1.1" 500 - "-" "Jetpack/13.0; WordPress/6.2; http://site86699582.com"
66.249.70.8 - - [29/Jul/2026:07:06:45 -0600] "GET /?detail/0590137537282 HTTP/1.1" 200 24234 "-" "Mozilla/5.0 (Linux; Android 6.0.1; Nexus 5X Build/MMB29P) AppleWebKit/537.36 (KHTML, like Gecko) Chrome/150.0.7871.128 Mobile Safari/537.36 (compatible; GoogleOther)"
49.37.194.146 - - [29/Jul/2026:07:06:53 -0600] "POST /xmlrpc.php HTTP/1.1" 500 - "-" "Jetpack by WordPress.com"
66.249.70.8 - - [29/Jul/2026:07:06:53 -0600] "GET /tag/auditoria/feed/ HTTP/1.1" 200 23648 "-" "Mozilla/5.0 (Linux; Android 6.0.1; Nexus 5X Build/MMB29P) AppleWebKit/537.36 (KHTML, like Gecko) Chrome/150.0.7871.128 Mobile Safari/537.36 (compatible; Googlebot/2.1; +http://www.google.com/bot.html)"
49.37.194.146 - - [29/Jul/2026:07:07:03 -0600] "POST /xmlrpc.php HTTP/1.1" 500 - "-" "Jetpack by WordPress.com"
40.77.167.241 - - [29/Jul/2026:07:07:06 -0600] "GET /congreso-32/ HTTP/1.1" 200 33 "-" "Mozilla/5.0 AppleWebKit/537.36 (KHTML, like Gecko; compatible; bingbot/2.0; +http://www.bing.com/bingbot.htm) Chrome/116.0.1938.76 Safari/537.36"
18.214.124.6 - - [29/Jul/2026:07:07:10 -0600] "GET /sebiinsom-invita-a-participar-en-rally-por-el-dia-de-muertos-el-30-de-octubre-en-la-campana/ HTTP/1.1" 500 20 "-" "Mozilla/5.0 AppleWebKit/537.36 (KHTML, like Gecko; compatible; Amazonbot/0.1; +https://developer.amazon.com/support/amazonbot) Chrome/119.0.6045.214 Safari/537.36"
49.37.194.146 - - [29/Jul/2026:07:07:14 -0600] "POST /xmlrpc.php HTTP/1.1" 500 - "-" "Jetpack/12.5; WordPress/6.1; http://site78800679.com"
52.167.144.191 - - [29/Jul/2026:07:07:18 -0600] "GET /wp-content/uploads/2026/06/PERSONA-NO-RECLAMADA1.jpg HTTP/1.1" 200 276990 "-" "Mozilla/5.0 AppleWebKit/537.36 (KHTML, like Gecko; compatible; bingbot/2.0; +http://www.bing.com/bingbot.htm) Chrome/116.0.1938.76 Safari/537.36"
49.37.194.146 - - [29/Jul/2026:07:07:24 -0600] "POST /xmlrpc.php HTTP/1.1" 500 - "-" "Jetpack by WordPress.com"
66.249.70.8 - - [29/Jul/2026:07:07:28 -0600] "GET /congreso-reforma-ley-que-regula-la-prestacion-de-servicios-para-la-atencion-cuidado-y-desarrollo-integral-infantil-2 HTTP/1.1" 200 23292 "-" "Mozilla/5.0 (Linux; Android 6.0.1; Nexus 5X Build/MMB29P) AppleWebKit/537.36 (KHTML, like Gecko) Chrome/150.0.7871.128 Mobile Safari/537.36 (compatible; Googlebot/2.1; +http://www.google.com/bot.html)"
49.37.194.146 - - [29/Jul/2026:07:07:35 -0600] "POST /xmlrpc.php HTTP/1.1" 500 - "-" "WordPress.com; https://wordpress.com"
192.177.149.85 - - [29/Jul/2026:07:07:46 -0600] "GET /wp-content/uploads/2024/09/af17b514-100f-47a8-b498-ab39961301d4.jpg-120x86.webp HTTP/1.1" 200 4074 "-" "Mozilla/5.0 (compatible; crawler)"
49.37.194.146 - - [29/Jul/2026:07:07:46 -0600] "POST /xmlrpc.php HTTP/1.1" 500 - "-" "WordPress.com; https://wordpress.com"
66.249.70.8 - - [29/Jul/2026:07:07:53 -0600] "GET /lksearch/?supplierCd=S109191&supplierSubCd=770 HTTP/1.1" 200 22678 "-" "Mozilla/5.0 (Linux; Android 6.0.1; Nexus 5X Build/MMB29P) AppleWebKit/537.36 (KHTML, like Gecko) Chrome/150.0.7871.128 Mobile Safari/537.36 (compatible; GoogleOther)"
49.37.194.146 - - [29/Jul/2026:07:07:57 -0600] "POST /xmlrpc.php HTTP/1.1" 500 - "-" "Jetpack/13.0; WordPress/6.1; http://site60591374.com"
57.141.0.9 - - [29/Jul/2026:07:07:57 -0600] "GET /ayuntamiento-de-colima-dedomingoadomingo-seguimos-trabajando-por-colima/ HTTP/1.1" 500 20 "-" "Mozilla/5.0 (Windows NT 10.0; Win64; x64) AppleWebKit/537.36 (KHTML, like Gecko) Chrome/145.0.0.0 Safari/537.36 (compatible; meta-externalagent/1.1 (+https://developers.facebook.com/docs/sharing/webmasters/crawler))"
66.249.70.7 - - [29/Jul/2026:07:08:02 -0600] "GET /category/news/colima/page/315 HTTP/1.1" 200 23127 "-" "Mozilla/5.0 (Linux; Android 6.0.1; Nexus 5X Build/MMB29P) AppleWebKit/537.36 (KHTML, like Gecko) Chrome/150.0.7871.128 Mobile Safari/537.36 (compatible; Googlebot/2.1; +http://www.google.com/bot.html)"
114.119.154.161 - - [29/Jul/2026:07:08:05 -0600] "GET /salud-colima-sigue-la-fumigacion-contra-el-dengue-en-municipios-de-riesgo/ HTTP/1.1" 500 20 "https://www.nuestrasnoticias.info/mesa-de-coordinacion-estatal-informa-detencion-de-un-masculino-con-400-dosis-de-presunto-narcotico-ice" "Mozilla/5.0 (Linux; Android 7.0;) AppleWebKit/537.36 (HTML, like Gecko) Mobile Safari/537.36 (compatible; PetalBot;+https://webmaster.petalsearch.com/site/petalbot)"
49.37.194.146 - - [29/Jul/2026:07:08:07 -0600] "POST /xmlrpc.php HTTP/1.1" 500 - "-" "Jetpack/12.1; WordPress/6.2; http://site45030672.com"
49.37.194.146 - - [29/Jul/2026:07:08:18 -0600] "POST /xmlrpc.php HTTP/1.1" 500 - "-" "Jetpack/12.1; WordPress/6.1; http://site73487337.com"
49.37.194.146 - - [29/Jul/2026:07:08:28 -0600] "POST /xmlrpc.php HTTP/1.1" 500 - "-" "WordPress.com; https://wordpress.com"
57.141.0.1 - - [29/Jul/2026:07:08:30 -0600] "GET /efemeride-15/ HTTP/1.1" 500 20 "-" "Mozilla/5.0 (Macintosh; Intel Mac OS X 10_15_7) AppleWebKit/537.36 (KHTML, like Gecko) Chrome/145.0.0.0 Safari/537.36 (compatible; meta-externalagent/1.1 (+https://developers.facebook.com/docs/sharing/webmasters/crawler))"
185.191.171.14 - - [29/Jul/2026:07:08:32 -0600] "GET /category/news/colima/page/287/ HTTP/1.1" 500 20 "-" "Mozilla/5.0 (compatible; SemrushBot/7~bl; +http://www.semrush.com/bot.html)"
66.249.70.7 - - [29/Jul/2026:07:08:37 -0600] "GET /sedeco-colima-tercer-lugar-nacional-en-participacion-economica-de-mujeres HTTP/1.1" 200 23034 "-" "Mozilla/5.0 (Linux; Android 6.0.1; Nexus 5X Build/MMB29P) AppleWebKit/537.36 (KHTML, like Gecko) Chrome/150.0.7871.128 Mobile Safari/537.36 (compatible; Googlebot/2.1; +http://www.google.com/bot.html)"
49.37.194.146 - - [29/Jul/2026:07:08:39 -0600] "POST /xmlrpc.php HTTP/1.1" 500 - "-" "Jetpack by WordPress.com (Jetpack 13.0; WordPress 6.4)"
85.208.96.208 - - [29/Jul/2026:07:08:42 -0600] "GET /fge-ellos-no-tienen-voz-protegelos-y-denuncia-maltrato/ HTTP/1.1" 500 20 "-" "Mozilla/5.0 (compatible; SemrushBot/7~bl; +http://www.semrush.com/bot.html)"
173.252.82.65 - - [29/Jul/2026:07:08:43 -0600] "GET /wp-content/uploads/2026/04/667831581_1280932280809545_8493084402252295697_n.jpg HTTP/1.1" 200 607595 "-" "meta-externalagent/1.1 (+https://developers.facebook.com/docs/sharing/webmasters/crawler)"
49.37.194.146 - - [29/Jul/2026:07:08:50 -0600] "POST /xmlrpc.php HTTP/1.1" 500 - "-" "WordPress.com; https://wordpress.com"
66.249.70.7 - - [29/Jul/2026:07:08:52 -0600] "GET /protocolo-establecera-proceso-para-prevencion-atencion-y-sancion-de-la-violencia-de-genero-en-el-congreso-lx-legislatura HTTP/1.1" 200 23610 "-" "Mozilla/5.0 (Linux; Android 6.0.1; Nexus 5X Build/MMB29P) AppleWebKit/537.36 (KHTML, like Gecko) Chrome/150.0.7871.128 Mobile Safari/537.36 (compatible; Googlebot/2.1; +http://www.google.com/bot.html)"
66.249.70.7 - - [29/Jul/2026:07:08:57 -0600] "GET /?jp/034001541.html HTTP/1.1" 200 23171 "-" "Mozilla/5.0 (Linux; Android 6.0.1; Nexus 5X Build/MMB29P) AppleWebKit/537.36 (KHTML, like Gecko) Chrome/150.0.7871.128 Mobile Safari/537.36 (compatible; GoogleOther)"
49.37.194.146 - - [29/Jul/2026:07:09:03 -0600] "POST /xmlrpc.php HTTP/1.1" 500 - "-" "Jetpack by WordPress.com"
40.77.167.45 - - [29/Jul/2026:07:09:03 -0600] "GET /wp-content/uploads/2025/03/b5836df5-1553-4110-95af-c009f3173438-1-682x1024.jpg HTTP/1.1" 200 33 "-" "Mozilla/5.0 AppleWebKit/537.36 (KHTML, like Gecko; compatible; bingbot/2.0; +http://www.bing.com/bingbot.htm) Chrome/116.0.1938.76 Safari/537.36"
49.37.194.146 - - [29/Jul/2026:07:09:11 -0600] "POST /xmlrpc.php HTTP/1.1" 500 - "-" "Jetpack by WordPress.com"
66.249.70.8 - - [29/Jul/2026:07:09:11 -0600] "GET /incode-abre-turno-matutino-en-3-deportes-de-la-escuela-de-iniciacion-en-colima HTTP/1.1" 200 23438 "-" "Mozilla/5.0 (Linux; Android 6.0.1; Nexus 5X Build/MMB29P) AppleWebKit/537.36 (KHTML, like Gecko) Chrome/150.0.7871.128 Mobile Safari/537.36 (compatible; Googlebot/2.1; +http://www.google.com/bot.html)"
49.37.194.146 - - [29/Jul/2026:07:09:22 -0600] "POST /xmlrpc.php HTTP/1.1" 500 - "-" "WordPress.com; https://wordpress.com"
114.119.151.70 - - [29/Jul/2026:07:09:22 -0600] "GET /salud-colima-refuerza-la-fumigacion-en-los-cuatro-municipios-mas-grandes/ HTTP/1.1" 500 20 "https://www.nuestrasnoticias.info/manzanillo-recibe-al-crucero-norwegian-encore-en-su-travesia-de-costa-a-costa/" "Mozilla/5.0 (Linux; Android 7.0;) AppleWebKit/537.36 (HTML, like Gecko) Mobile Safari/537.36 (compatible; PetalBot;+https://webmaster.petalsearch.com/site/petalbot)"
49.37.194.146 - - [29/Jul/2026:07:09:32 -0600] "POST /xmlrpc.php HTTP/1.1" 500 - "-" "WordPress.com; https://wordpress.com"
57.141.0.70 - - [29/Jul/2026:07:09:35 -0600] "GET /detencion-de-personas-por-homicidio-robo-a-comercio-y-posesion-de-droga-resultados-de-la-policia-de-manzanillo/ HTTP/1.1" 500 20 "-" "Mozilla/5.0 (Windows NT 10.0; Win64; x64) AppleWebKit/537.36 (KHTML, like Gecko) Chrome/145.0.0.0 Safari/537.36 (compatible; meta-externalagent/1.1 (+https://developers.facebook.com/docs/sharing/webmasters/crawler))"
49.37.194.146 - - [29/Jul/2026:07:09:43 -0600] "POST /xmlrpc.php HTTP/1.1" 500 - "-" "Jetpack by WordPress.com (Jetpack 13.0; WordPress 6.1)"
66.249.70.7 - - [29/Jul/2026:07:09:46 -0600] "GET /cultura-colima-y-el-centro-cultural-helenico-invitan-a-talleres-gratuitos-de-formacion-teatral HTTP/1.1" 200 23181 "-" "Mozilla/5.0 (Linux; Android 6.0.1; Nexus 5X Build/MMB29P) AppleWebKit/537.36 (KHTML, like Gecko) Chrome/150.0.7871.128 Mobile Safari/537.36 (compatible; Googlebot/2.1; +http://www.google.com/bot.html)"
57.141.0.34 - - [29/Jul/2026:07:09:47 -0600] "GET /gobernadora-acompano-la-entrega-de-186-tarjetas-de-jcf-para-jovenes-villalvarenses/ HTTP/1.1" 500 20 "-" "Mozilla/5.0 (Windows NT 10.0; Win64; x64) AppleWebKit/537.36 (KHTML, like Gecko) Chrome/145.0.0.0 Safari/537.36 (compatible; meta-externalagent/1.1 (+https://developers.facebook.com/docs/sharing/webmasters/crawler))"
66.249.70.7 - - [29/Jul/2026:07:09:52 -0600] "GET /f/services/kintai/touchontime/ HTTP/1.1" 200 23396 "-" "Mozilla/5.0 (Linux; Android 6.0.1; Nexus 5X Build/MMB29P) AppleWebKit/537.36 (KHTML, like Gecko) Chrome/150.0.7871.128 Mobile Safari/537.36 (compatible; GoogleOther)"
49.37.194.146 - - [29/Jul/2026:07:09:54 -0600] "POST /xmlrpc.php HTTP/1.1" 500 - "-" "Jetpack by WordPress.com (Jetpack 12.1; WordPress 6.3)"
49.37.194.146 - - [29/Jul/2026:07:10:04 -0600] "POST /xmlrpc.php HTTP/1.1" 500 - "-" "Jetpack by WordPress.com"
49.37.194.146 - - [29/Jul/2026:07:10:15 -0600] "POST /xmlrpc.php HTTP/1.1" 500 - "-" "WordPress.com; https://wordpress.com"
66.249.70.1 - - [29/Jul/2026:07:10:21 -0600] "GET /indira-vizcaino-y-fundacion-teleton-reconocen-a-colimenses-por-su-apoyo-para-lograr-construir-un-crit-en-la-entidad HTTP/1.1" 200 22792 "-" "Mozilla/5.0 (Linux; Android 6.0.1; Nexus 5X Build/MMB29P) AppleWebKit/537.36 (KHTML, like Gecko) Chrome/150.0.7871.128 Mobile Safari/537.36 (compatible; Googlebot/2.1; +http://www.google.com/bot.html)"
49.37.194.146 - - [29/Jul/2026:07:10:26 -0600] "POST /xmlrpc.php HTTP/1.1" 500 - "-" "Jetpack/12.1; WordPress/6.1; http://site12484511.com"
190.97.197.172 - - [29/Jul/2026:07:10:27 -0600] "GET /category/participacion-ciudadana/page/3/ HTTP/1.1" 500 20 "-" "Mozilla/5.0 (Windows NT 10.0; Win64; x64) AppleWebKit/537.36 (KHTML, like Gecko) Chrome/90.0.4430.41 Safari/537.36"
57.141.0.54 - - [29/Jul/2026:07:10:28 -0600] "GET /manzanillo-sera-sede-del-42-torneo-internacional-infantil-de-pesca-guillermo-adachi-naitoh/ HTTP/1.1" 500 20 "-" "Mozilla/5.0 (X11; Linux x86_64) AppleWebKit/537.36 (KHTML, like Gecko) Chrome/145.0.0.0 Safari/537.36 (compatible; meta-externalagent/1.1 (+https://developers.facebook.com/docs/sharing/webmasters/crawler))"
49.37.194.146 - - [29/Jul/2026:07:10:36 -0600] "POST /xmlrpc.php HTTP/1.1" 500 - "-" "Jetpack by WordPress.com (Jetpack 12.0; WordPress 6.4)"
66.249.70.8 - - [29/Jul/2026:07:10:42 -0600] "GET /f/partition/partition00/ HTTP/1.1" 200 24002 "-" "Mozilla/5.0 (Linux; Android 6.0.1; Nexus 5X Build/MMB29P) AppleWebKit/537.36 (KHTML, like Gecko) Chrome/150.0.7871.128 Mobile Safari/537.36 (compatible; GoogleOther)"
114.119.154.161 - - [29/Jul/2026:07:10:45 -0600] "GET /salud-colima-recomienda-acciones-para-prevenir-cancer-de-prostata-ofrece-servicio-de-urologia/ HTTP/1.1" 500 20 "https://www.nuestrasnoticias.info/gobierno-colima-reconoce-entrega-de-becas-para-hijas-e-hijos-de-policias/" "Mozilla/5.0 (Linux; Android 7.0;) AppleWebKit/537.36 (HTML, like Gecko) Mobile Safari/537.36 (compatible; PetalBot;+https://webmaster.petalsearch.com/site/petalbot)"
49.37.194.146 - - [29/Jul/2026:07:10:47 -0600] "POST /xmlrpc.php HTTP/1.1" 500 - "-" "Jetpack by WordPress.com"
66.249.70.7 - - [29/Jul/2026:07:10:55 -0600] "GET / HTTP/1.1" 200 23061 "-" "Mozilla/5.0 (Linux; Android 6.0.1; Nexus 5X Build/MMB29P) AppleWebKit/537.36 (KHTML, like Gecko) Chrome/150.0.7871.128 Mobile Safari/537.36 (compatible; Googlebot/2.1; +http://www.google.com/bot.html)"
66.249.70.8 - - [29/Jul/2026:07:11:28 -0600] "GET /?goods/223025428 HTTP/1.1" 200 22721 "-" "Mozilla/5.0 (Linux; Android 6.0.1; Nexus 5X Build/MMB29P) AppleWebKit/537.36 (KHTML, like Gecko) Chrome/150.0.7871.128 Mobile Safari/537.36 (compatible; GoogleOther)"
66.249.70.8 - - [29/Jul/2026:07:11:33 -0600] "GET /seguimos-rehabilitando-canchas-deportivas-en-la-capital HTTP/1.1" 200 23398 "-" "Mozilla/5.0 (Linux; Android 6.0.1; Nexus 5X Build/MMB29P) AppleWebKit/537.36 (KHTML, like Gecko) Chrome/150.0.7871.128 Mobile Safari/537.36 (compatible; Googlebot/2.1; +http://www.google.com/bot.html)"
57.141.0.61 - - [29/Jul/2026:07:11:58 -0600] "GET /sesionordinaria-6/ HTTP/1.1" 500 20 "-" "Mozilla/5.0 (Windows NT 10.0; Win64; x64) AppleWebKit/537.36 (KHTML, like Gecko) Chrome/145.0.0.0 Safari/537.36 (compatible; meta-externalagent/1.1 (+https://developers.facebook.com/docs/sharing/webmasters/crawler))"
66.249.70.7 - - [29/Jul/2026:07:12:04 -0600] "GET /fge-comunicado-2/ HTTP/1.1" 200 23596 "-" "Mozilla/5.0 (Linux; Android 6.0.1; Nexus 5X Build/MMB29P) AppleWebKit/537.36 (KHTML, like Gecko) Chrome/150.0.7871.128 Mobile Safari/537.36 (compatible; Googlebot/2.1; +http://www.google.com/bot.html)"
114.119.135.224 - - [29/Jul/2026:07:12:09 -0600] "GET /salud-colima-previene-el-suicidio-activa-codigo-100-y-atiende-pacientes-con-alto-riesgo HTTP/1.1" 500 20 "https://www.nuestrasnoticias.info/h-congreso-del-estado-de-colima-analizan-y-dictaminan-una-minuta-constitucional-en-materia-de-simplificacion-administrativa-y-digitalizacion" "Mozilla/5.0 (Linux; Android 7.0;) AppleWebKit/537.36 (HTML, like Gecko) Mobile Safari/537.36 (compatible; PetalBot;+https://webmaster.petalsearch.com/site/petalbot)"
66.249.70.7 - - [29/Jul/2026:07:12:13 -0600] "GET /f/whiteboard/whiteboard00/ HTTP/1.1" 200 24636 "-" "Mozilla/5.0 (Linux; Android 6.0.1; Nexus 5X Build/MMB29P) AppleWebKit/537.36 (KHTML, like Gecko) Chrome/150.0.7871.128 Mobile Safari/537.36 (compatible; GoogleOther)"
40.77.167.45 - - [29/Jul/2026:07:12:15 -0600] "GET /en-prision-sujeto-que-intento-ultimar-a-dos-personas-en-manzanillo-fge/ HTTP/1.1" 200 33 "-" "Mozilla/5.0 AppleWebKit/537.36 (KHTML, like Gecko; compatible; bingbot/2.0; +http://www.bing.com/bingbot.htm) Chrome/116.0.1938.76 Safari/537.36"
40.77.167.45 - - [29/Jul/2026:07:12:16 -0600] "GET /wp-content/uploads/2025/01/78347ff7-bab8-4bcd-8729-e032a979b100.jpg.webp HTTP/1.1" 200 213758 "-" "Mozilla/5.0 AppleWebKit/537.36 (KHTML, like Gecko; compatible; bingbot/2.0; +http://www.bing.com/bingbot.htm) Chrome/116.0.1938.76 Safari/537.36"
40.77.167.241 - - [29/Jul/2026:07:12:21 -0600] "GET /sesionordinaria-27/ HTTP/1.1" 200 33 "-" "Mozilla/5.0 AppleWebKit/537.36 (KHTML, like Gecko; compatible; bingbot/2.0; +http://www.bing.com/bingbot.htm) Chrome/116.0.1938.76 Safari/537.36"
173.252.82.38 - - [29/Jul/2026:07:12:28 -0600] "GET /wp-content/uploads/2026/04/cruz-roja-750x375.jpg HTTP/1.1" 200 72698 "-" "meta-externalagent/1.1 (+https://developers.facebook.com/docs/sharing/webmasters/crawler)"
185.125.243.204 - - [29/Jul/2026:07:12:34 -0600] "GET /wp-content/uploads/2026/06/735810334_2051752578883836_2970354108583327701_n-120x86.jpeg HTTP/1.1" 200 4478 "-" "Mozilla/5.0 (compatible; crawler)"
66.249.70.7 - - [29/Jul/2026:07:12:43 -0600] "GET /category/sociedad/ HTTP/1.1" 200 24474 "-" "Mozilla/5.0 (Linux; Android 6.0.1; Nexus 5X Build/MMB29P) AppleWebKit/537.36 (KHTML, like Gecko) Chrome/150.0.7871.186 Mobile Safari/537.36 (compatible; Googlebot/2.1; +http://www.google.com/bot.html)"
142.44.225.76 - - [29/Jul/2026:07:13:02 -0600] "GET /category/redes-sociales/ HTTP/1.1" 500 20 "-" "Mozilla/5.0 (compatible; AhrefsBot/7.0; +http://ahrefs.com/robot/)"
66.249.70.1 - - [29/Jul/2026:07:13:05 -0600] "GET /08-de-agosto-1873-natalicio-de-emiliano-zapata/ HTTP/1.1" 200 23847 "-" "Mozilla/5.0 (Linux; Android 6.0.1; Nexus 5X Build/MMB29P) AppleWebKit/537.36 (KHTML, like Gecko) Chrome/150.0.7871.128 Mobile Safari/537.36 (compatible; Googlebot/2.1; +http://www.google.com/bot.html)"
57.141.0.63 - - [29/Jul/2026:07:13:08 -0600] "GET /h-ayuntamiento-de-manzanillo-cumplimos-iluminando-calles-que-durante-anos-permanecieron-en-el-abandono/ HTTP/1.1" 500 20 "-" "Mozilla/5.0 (Macintosh; Intel Mac OS X 10_15_7) AppleWebKit/537.36 (KHTML, like Gecko) Chrome/145.0.0.0 Safari/537.36 (compatible; meta-externalagent/1.1 (+https://developers.facebook.com/docs/sharing/webmasters/crawler))"
142.111.97.124 - - [29/Jul/2026:07:13:09 -0600] "GET /wp-content/uploads/2025/01/0ccc56ae-e0ed-4df5-8b21-b8dc31abef7c.jpg-120x86.webp HTTP/1.1" 200 4802 "-" "Mozilla/5.0 (compatible; crawler)"
66.249.70.8 - - [29/Jul/2026:07:13:29 -0600] "GET /tag/economia-local/feed/ HTTP/1.1" 200 23512 "-" "Mozilla/5.0 (Linux; Android 6.0.1; Nexus 5X Build/MMB29P) AppleWebKit/537.36 (KHTML, like Gecko) Chrome/150.0.7871.128 Mobile Safari/537.36 (compatible; GoogleOther)"
114.119.135.201 - - [29/Jul/2026:07:13:32 -0600] "GET /salud-colima-observa-aumento-de-virus-respiratorios/ HTTP/1.1" 500 20 "https://www.nuestrasnoticias.info/category/uncategorized/page/55/" "Mozilla/5.0 (Linux; Android 7.0;) AppleWebKit/537.36 (HTML, like Gecko) Mobile Safari/537.36 (compatible; PetalBot;+https://webmaster.petalsearch.com/site/petalbot)"
66.249.70.7 - - [29/Jul/2026:07:13:35 -0600] "GET /uepc-colima-impulsa-certificacion-de-rescate-en-aguas-rapidas/ HTTP/1.1" 200 23784 "-" "Mozilla/5.0 (Linux; Android 6.0.1; Nexus 5X Build/MMB29P) AppleWebKit/537.36 (KHTML, like Gecko) Chrome/150.0.7871.128 Mobile Safari/537.36 (compatible; Googlebot/2.1; +http://www.google.com/bot.html)"
77.75.77.54 - - [29/Jul/2026:07:13:35 -0600] "GET /wp-sitemap-posts-post-1.xml HTTP/1.1" 200 24133 "-" "Mozilla/5.0 (compatible; SeznamBot/4.0; +https://o-seznam.cz/napoveda/vyhledavani/en/seznambot-crawler/)"
66.249.70.7 - - [29/Jul/2026:07:13:54 -0600] "GET /f/services/anpi/safetylink24/ HTTP/1.1" 200 23715 "-" "Mozilla/5.0 (Linux; Android 6.0.1; Nexus 5X Build/MMB29P) AppleWebKit/537.36 (KHTML, like Gecko) Chrome/150.0.7871.128 Mobile Safari/537.36 (compatible; GoogleOther)"
66.249.70.7 - - [29/Jul/2026:07:13:59 -0600] "GET /wp-content/plugins/addons-for-visual-composer/includes/addons/testimonials-slider/js/testimonials.min.js?ver=3.9.4 HTTP/1.1" 200 22389 "https://www.nuestrasnoticias.info/imss-realizo-3-mil-252-trasplantes-durante-2024/" "Mozilla/5.0 (Linux; Android 6.0.1; Nexus 5X Build/MMB29P) AppleWebKit/537.36 (KHTML, like Gecko) Chrome/150.0.7871.128 Mobile Safari/537.36 (compatible; GoogleOther)"
52.167.144.229 - - [29/Jul/2026:07:14:05 -0600] "GET /wp-content/uploads/2024/08/d7d7afa8-a76e-4889-985e-68696042f901-1024x682.jpg HTTP/1.1" 200 33 "-" "Mozilla/5.0 AppleWebKit/537.36 (KHTML, like Gecko; compatible; bingbot/2.0; +http://www.bing.com/bingbot.htm) Chrome/116.0.1938.76 Safari/537.36"
66.249.70.7 - - [29/Jul/2026:07:14:34 -0600] "GET /china-lanzo-un-satelite-para-probar-la-tecnologia-6g/ HTTP/1.1" 200 23725 "-" "Mozilla/5.0 (Linux; Android 6.0.1; Nexus 5X Build/MMB29P) AppleWebKit/537.36 (KHTML, like Gecko) Chrome/150.0.7871.128 Mobile Safari/537.36 (compatible; Googlebot/2.1; +http://www.google.com/bot.html)"
173.252.82.8 - - [29/Jul/2026:07:14:41 -0600] "GET /wp-content/uploads/2026/06/WhatsApp-Image-2026-06-09-at-1.50.46-PM-3-750x421.jpeg HTTP/1.1" 200 93645 "-" "meta-externalagent/1.1 (+https://developers.facebook.com/docs/sharing/webmasters/crawler)"
66.249.70.7 - - [29/Jul/2026:07:14:53 -0600] "GET /wp-content/uploads/2025/10/5ffeb585-e4f6-4269-89b4-27d4cddedb0d.jpg.webp HTTP/1.1" 200 132972 "-" "Googlebot-Image/1.0"
114.119.146.100 - - [29/Jul/2026:07:14:57 -0600] "GET /salud-colima-invita-a-varones-checar-su-estado-fisico-y-mental-minimo-cada-ano/ HTTP/1.1" 500 20 "https://www.nuestrasnoticias.info/indira-vizcaino-y-zoe-robledo-dan-seguimiento-a-acciones-de-salud-en-beneficio-de-colimenses/" "Mozilla/5.0 (Linux; Android 7.0;) AppleWebKit/537.36 (HTML, like Gecko) Mobile Safari/537.36 (compatible; PetalBot;+https://webmaster.petalsearch.com/site/petalbot)"
66.249.70.1 - - [29/Jul/2026:07:15:02 -0600] "GET /e/14/ HTTP/1.1" 200 21839 "-" "Mozilla/5.0 (Linux; Android 6.0.1; Nexus 5X Build/MMB29P) AppleWebKit/537.36 (KHTML, like Gecko) Chrome/150.0.7871.128 Mobile Safari/537.36 (compatible; GoogleOther)"
66.249.70.7 - - [29/Jul/2026:07:15:17 -0600] "GET /cancer-de-cuello-uterino-la-unica-neoplasia-que-se-puede-prevenir-salud-colima HTTP/1.1" 200 23707 "-" "Mozilla/5.0 (Linux; Android 6.0.1; Nexus 5X Build/MMB29P) AppleWebKit/537.36 (KHTML, like Gecko) Chrome/150.0.7871.128 Mobile Safari/537.36 (compatible; Googlebot/2.1; +http://www.google.com/bot.html)"
66.249.70.7 - - [29/Jul/2026:07:15:38 -0600] "GET /alerta-amber-colima-solicita-tu-apoyo-para-localizar-al-menor-joaquin-abad-mendoza-ramirez-quien-fue-visto-por-ultima-vez-en-compania-de-su-padre/ HTTP/1.1" 200 23579 "-" "Mozilla/5.0 (Linux; Android 6.0.1; Nexus 5X Build/MMB29P) AppleWebKit/537.36 (KHTML, like Gecko) Chrome/150.0.7871.128 Mobile Safari/537.36 (compatible; Googlebot/2.1; +http://www.google.com/bot.html)"
66.249.70.7 - - [29/Jul/2026:07:15:48 -0600] "GET /?goods/084028881 HTTP/1.1" 200 24501 "-" "Mozilla/5.0 (Linux; Android 6.0.1; Nexus 5X Build/MMB29P) AppleWebKit/537.36 (KHTML, like Gecko) Chrome/150.0.7871.128 Mobile Safari/537.36 (compatible; Googlebot/2.1; +http://www.google.com/bot.html)"
66.249.70.7 - - [29/Jul/2026:07:15:56 -0600] "GET /tpc/mycatalog/myCatalogListView/ HTTP/1.1" 200 23231 "-" "Mozilla/5.0 (Linux; Android 6.0.1; Nexus 5X Build/MMB29P) AppleWebKit/537.36 (KHTML, like Gecko) Chrome/150.0.7871.128 Mobile Safari/537.36 (compatible; GoogleOther)"
66.249.70.1 - - [29/Jul/2026:07:16:04 -0600] "GET /la-famosa-banda-de-pop-rock-camila-regresa-a-los-escenarios-este-2025/ HTTP/1.1" 200 23406 "-" "Mozilla/5.0 (Linux; Android 6.0.1; Nexus 5X Build/MMB29P) AppleWebKit/537.36 (KHTML, like Gecko) Chrome/150.0.7871.128 Mobile Safari/537.36 (compatible; Googlebot/2.1; +http://www.google.com/bot.html)"
114.119.152.8 - - [29/Jul/2026:07:16:20 -0600] "GET /salud-colima-invita-a-adoptar-una-vida-saludable-como-proposito-de-ano-nuevo/ HTTP/1.1" 500 20 "https://www.nuestrasnoticias.info/ieea-colima-invita-a-personas-voluntarias-para-alfabetizar-y-reducir-rezago-educativo-en-el-estado/" "Mozilla/5.0 (Linux; Android 7.0;) AppleWebKit/537.36 (HTML, like Gecko) Mobile Safari/537.36 (compatible; PetalBot;+https://webmaster.petalsearch.com/site/petalbot)"
57.141.0.18 - - [29/Jul/2026:07:16:30 -0600] "GET /tecoman-vibra-con-el-torneo-nacional-de-voleibol-alcuzahue/ HTTP/1.1" 500 20 "-" "Mozilla/5.0 (Windows NT 10.0; Win64; x64) AppleWebKit/537.36 (KHTML, like Gecko) Chrome/145.0.0.0 Safari/537.36 (compatible; meta-externalagent/1.1 (+https://developers.facebook.com/docs/sharing/webmasters/crawler))"
66.249.70.8 - - [29/Jul/2026:07:16:33 -0600] "GET /tag/asuntos-publicos-2/ HTTP/1.1" 200 24088 "-" "Mozilla/5.0 (Linux; Android 6.0.1; Nexus 5X Build/MMB29P) AppleWebKit/537.36 (KHTML, like Gecko) Chrome/150.0.7871.128 Mobile Safari/537.36 (compatible; Googlebot/2.1; +http://www.google.com/bot.html)"
176.20.204.213 - - [29/Jul/2026:07:16:40 -0600] "GET /wp-content/uploads/2025/05/bc0194c6-876c-4a16-a263-546cc93e8b86.jpg-350x250.webp HTTP/1.1" 200 19524 "-" "Mozilla/5.0 (compatible; crawler)"
66.249.70.1 - - [29/Jul/2026:07:16:41 -0600] "GET /gobierno-colima-mantiene-su-compromiso-de-erradicar-el-trabajo-infantil-no-permitido/feed/ HTTP/1.1" 200 23352 "-" "Mozilla/5.0 (Linux; Android 6.0.1; Nexus 5X Build/MMB29P) AppleWebKit/537.36 (KHTML, like Gecko) Chrome/150.0.7871.128 Mobile Safari/537.36 (compatible; Googlebot/2.1; +http://www.google.com/bot.html)"
66.249.70.8 - - [29/Jul/2026:07:17:00 -0600] "GET /?jp/014046380.html HTTP/1.1" 200 23025 "-" "Mozilla/5.0 (Linux; Android 6.0.1; Nexus 5X Build/MMB29P) AppleWebKit/537.36 (KHTML, like Gecko) Chrome/150.0.7871.128 Mobile Safari/537.36 (compatible; GoogleOther)"
66.249.70.7 - - [29/Jul/2026:07:17:11 -0600] "GET /cultura-y-contraloria-firman-programa-de-trabajo-2025-para-vigilar-recursos-en-el-pacmyc-y-aiec/feed/ HTTP/1.1" 200 22528 "-" "Mozilla/5.0 (Linux; Android 6.0.1; Nexus 5X Build/MMB29P) AppleWebKit/537.36 (KHTML, like Gecko) Chrome/150.0.7871.128 Mobile Safari/537.36 (compatible; Googlebot/2.1; +http://www.google.com/bot.html)"
66.249.70.7 - - [29/Jul/2026:07:17:21 -0600] "GET /?detail/0740302696503 HTTP/1.1" 200 23424 "-" "Mozilla/5.0 (Linux; Android 6.0.1; Nexus 5X Build/MMB29P) AppleWebKit/537.36 (KHTML, like Gecko) Chrome/150.0.7871.128 Mobile Safari/537.36 (compatible; Googlebot/2.1; +http://www.google.com/bot.html)"
